{"id":2597,"date":"2025-03-21T10:10:00","date_gmt":"2025-03-21T09:10:00","guid":{"rendered":"https:\/\/www.jeunessesmusicales.be\/brabantwallon\/?page_id=2597"},"modified":"2026-04-20T14:39:01","modified_gmt":"2026-04-20T12:39:01","slug":"tableau-des-stages","status":"publish","type":"page","link":"https:\/\/www.jeunessesmusicales.be\/brabantwallon\/tableau-des-stages\/","title":{"rendered":"Stages de Printemps et d&rsquo;Et\u00e9 2026"},"content":{"rendered":"<h1><\/h1>\n<p><a rel=\"fancybox[2597]\" href=\"https:\/\/www.jeunessesmusicales.be\/brabantwallon\/wp-content\/uploads\/sites\/8\/2026\/03\/generated-image-1-1.png\" class=\"fancybox\"><img loading=\"lazy\" decoding=\"async\" class=\"alignnone size-medium wp-image-2846\" src=\"https:\/\/www.jeunessesmusicales.be\/brabantwallon\/wp-content\/uploads\/sites\/8\/2026\/03\/generated-image-1-1-201x300.png\" alt=\"\" width=\"201\" height=\"300\" srcset=\"https:\/\/www.jeunessesmusicales.be\/brabantwallon\/wp-content\/uploads\/sites\/8\/2026\/03\/generated-image-1-1-201x300.png 201w, https:\/\/www.jeunessesmusicales.be\/brabantwallon\/wp-content\/uploads\/sites\/8\/2026\/03\/generated-image-1-1-687x1024.png 687w, https:\/\/www.jeunessesmusicales.be\/brabantwallon\/wp-content\/uploads\/sites\/8\/2026\/03\/generated-image-1-1.png 848w\" sizes=\"auto, (max-width: 201px) 100vw, 201px\" \/><\/a><\/p>\n<h1><strong><span style=\"color: #ef3740;\">Stages de P\u00e2ques en mai !<\/span><\/strong><\/h1>\n<h2 style=\"font-weight: 400;\"><span style=\"color: #ef3740;\"><u>\u00e0 Rixensart, du 27 au 30 avril 2026, de 9h \u00e0 16h<\/u><\/span><\/h2>\n<p style=\"font-weight: 400;\"><u>\u00a0<\/u><\/p>\n<p style=\"font-weight: 400;\"><strong><span style=\"color: #ef3740;\">2607\u00a0\u00a0\u00a0\u00a0\u00a0\u00a0\u00a0\u00a0\u00a0 Petits contes et grandes histoires &#8211; Pour les \u00a02,5 \u00e0 4 ans ( COMPLET \u00a0 ! )<\/span><\/strong><\/p>\n<p style=\"font-weight: 400;\">Un stage qui balance entre musique et comptines, et m\u00eale les explorations sonores avec les jeux de couleurs ; apr\u00e8s-midi tout en douceur et temps de repos.<\/p>\n<p style=\"font-weight: 400;\"><strong>\u00a0\u00a0\u00a0\u00a0\u00a0\u00a0\u00a0\u00a0\u00a0\u00a0\u00a0\u00a0\u00a0\u00a0\u00a0\u00a0\u00a0 <\/strong><\/p>\n<p style=\"font-weight: 400;\"><strong>105\u20ac <\/strong><\/p>\n<p style=\"font-weight: 400;\"><strong>\u00a0<\/strong><strong><span style=\"color: #ef3740;\">2608\u00a0\u00a0\u00a0\u00a0\u00a0\u00a0\u00a0\u00a0\u00a0 Contes, musiques et ritournelles\u2026 &#8211; Pour les enfants de 4 \u00e0 8 ans (COMPLET ! )<\/span><\/strong><\/p>\n<p style=\"font-weight: 400;\"><strong>\u00a0<\/strong>De l\u2019eau et des couleurs, du mouvement et des ambiances, des danses et des chants. Un voyage dans l&rsquo;imaginaire o\u00f9 musique, art et r\u00eaverie s\u2019entrem\u00ealent <strong>\u00a0 \u00a0 \u00a0 \u00a0 \u00a0 \u00a0 \u00a0<\/strong><strong>\u00a0\u00a0\u00a0\u00a0\u00a0\u00a0\u00a0\u00a0 <\/strong><\/p>\n<p style=\"font-weight: 400;\"><strong>105\u20ac <\/strong><\/p>\n<h2 style=\"font-weight: 400;\"><span style=\"color: #ef3740;\"><u>\u00e0 Rixensart, <\/u><\/span><u style=\"color: #ef3740;\">du 4 au 8 mai 2026<\/u><span style=\"color: #ef3740;\"><u>, de 9h \u00e0 16h<\/u><\/span><\/h2>\n<p style=\"font-weight: 400;\"><strong><span style=\"color: #ef3740;\">2609\u00a0\u00a0\u00a0\u00a0\u00a0\u00a0\u00a0\u00a0\u00a0 Les petits sons du printemps ! \u00a0 \u00a0 \u00a0 \u00a0 \u00a0Pour les 2,5 \u00e0 4 ans<\/span><\/strong><\/p>\n<p style=\"font-weight: 400;\"><strong>\u00a0<\/strong>\u00c7a fait bzzz, plic-ploc, flap-flap, pic\u00a0! pic\u00a0!,\u2026 les entends-tu ces petits bruits qui tourbillonnent dans la douceur du printemps\u00a0? Une semaine \u00e0 se laisser porter par des sonorit\u00e9s parfum\u00e9es au c\u0153ur de la nature en \u00e9veil\u00a0; apr\u00e8s-midi tout en douceur et temps de repos.<\/p>\n<p style=\"font-weight: 400;\"><strong>130\u20ac <\/strong><\/p>\n<p style=\"font-weight: 400;\"><strong>\u00a0<\/strong><\/p>\n<p style=\"font-weight: 400;\"><strong><span style=\"color: #ef3740;\">2610 \u00a0\u00a0\u00a0\u00a0\u00a0\u00a0\u00a0\u00a0 Les d\u00e9tectives Nature &#8211; Pour les \u00a04 \u00e0 6 ans (COMPLET ! )<\/span><\/strong><\/p>\n<p style=\"font-weight: 400;\">Mais qui est pass\u00e9 par l\u00e0\u00a0? Les\u00a0animaux qui nous entourent sont nombreux mais ne se montrent pas souvent. Cependant, ils laissent des traces de leur passage, certaines plus visibles ou sonores que d\u2019autres. Empreintes de pas ou sonores, restes de nourriture, nids et terriers, crottes, ou leur chant \u2026 \u00e0 qui appartiennent-ils\u00a0? Partons \u00e0 la d\u00e9couverte de ces diff\u00e9rents indices et menons notre enqu\u00eate comme de vrais pisteurs. Pr\u00eats \u00e0 relever le d\u00e9fi\u00a0?!<\/p>\n<p style=\"font-weight: 400;\"><strong>En partenariat avec La Le\u00e7on Verte<\/strong><\/p>\n<p style=\"font-weight: 400;\"><strong>140\u20ac<\/strong><\/p>\n<p style=\"font-weight: 400;\"><strong>\u00a0<\/strong><\/p>\n<p style=\"font-weight: 400;\"><strong><span style=\"color: #ef3740;\">2611 \u00a0\u00a0\u00a0\u00a0\u00a0\u00a0\u00a0\u00a0 Krav Maga &#8211; \u00a0Pour les \u00a06 \u00e0 8 ans<\/span><\/strong><\/p>\n<p style=\"font-weight: 400;\">Ludique et non violent, le Krav Maga est centr\u00e9 sur la confiance en soi, le respect, la gestion des \u00e9motions<\/p>\n<p style=\"font-weight: 400;\">! Venez apprendre quelques gestes simples pour se d\u00e9fendre ou d\u00e9fendre un camarade\u2026 en musique, bien entendu !<\/p>\n<p style=\"font-weight: 400;\"><strong>\u00a0<\/strong><strong>Pour les enfants de 6 \u00e0 8 ans <\/strong><\/p>\n<p style=\"font-weight: 400;\"><strong>130\u20ac<\/strong><\/p>\n<h1 style=\"font-weight: 400;\"><span style=\"color: #ef3740;\">Stages d\u2019Et\u00e9 2026\u00a0A RIXENSART<\/span><\/h1>\n<h4 style=\"font-weight: 400;\">de 9h \u00e0 16h,\u00a0(garderie tous les jours \u00e0 partir de 8h et jusqu\u2019\u00e0 17h \u2013 <strong><u>sauf le vendredi<\/u><\/strong> jusqu\u2019\u00e0 16h30)<\/h4>\n<h2 style=\"font-weight: 400;\"><span style=\"color: #ef3740;\"><strong>\u00a0<\/strong><u>du 6 au 10 juillet 2026<\/u><\/span><\/h2>\n<p style=\"font-weight: 400;\"><strong><span style=\"color: #ef3740;\">2612\u00a0\u00a0\u00a0\u00a0\u00a0\u00a0\u00a0\u00a0\u00a0 Comme un arbre \u00a0&#8211; Pour les enfants de 2,5 \u00e0 4 ans<\/span><\/strong><\/p>\n<p style=\"font-weight: 400;\">Comptines rythm\u00e9es, exploration d&rsquo;instruments doux (maracas, balafon, tambourins)\u2026Venez partager des moments magiques qui d\u00e9veloppent la cr\u00e9ativit\u00e9, le sens du rythme et la coordination, pour une immersion sensorielle pleine de rires !<\/p>\n<p style=\"font-weight: 400;\">Apr\u00e8s-midi tout en douceur et temps de repos.<strong>\u00a0\u00a0\u00a0\u00a0\u00a0\u00a0\u00a0\u00a0\u00a0\u00a0\u00a0\u00a0\u00a0\u00a0\u00a0\u00a0\u00a0<\/strong><\/p>\n<p style=\"font-weight: 400;\"><strong>130\u20ac <\/strong><\/p>\n<p style=\"font-weight: 400;\"><span style=\"color: #ef3740;\"><strong>2613 \u00a0\u00a0\u00a0\u00a0\u00a0\u00a0\u00a0\u00a0 Musique et Photos &#8212; Pour les enfants de 4 \u00e0 8 ans par groupes d\u2019\u00e2ges (COMPLET ! ) <\/strong><\/span><\/p>\n<p style=\"font-weight: 400;\">Fabriquons notre appareil photo ! Chasse aux tr\u00e9sors photographique\u00a0Magie du Polaro\u00efd\u00a0! D\u00e9couvrons le cyanotype\u00a0! Et pour finir en beaut\u00e9, exposons nos chefs d\u2019\u0153uvres\u00a0! Toujours en musique, \u00e9videmment<\/p>\n<p style=\"font-weight: 400; text-align: right;\"><strong>En partenariat avec \u00a0\u00a0<a href=\"https:\/\/maisonmoucha.com\/\">Maison Moucha<\/a><\/strong><\/p>\n<p style=\"font-weight: 400;\"><strong>140\u20ac<\/strong><\/p>\n<p style=\"font-weight: 400;\"><strong>\u00a0<\/strong><strong>\u00a0<\/strong><\/p>\n<h2 style=\"font-weight: 400;\"><span style=\"color: #ef3740;\"><u>du 13 au 17 juillet 2026<\/u><\/span><\/h2>\n<p style=\"font-weight: 400;\"><span style=\"color: #ef3740;\"><strong>2614\u00a0\u00a0\u00a0\u00a0\u00a0\u00a0\u00a0\u00a0\u00a0 Raconte encore ! &#8211; Pour les enfants de 2,5 \u00e0 4 ans (RESTE 3 PLACES !)<\/strong><\/span><\/p>\n<p style=\"font-weight: 400;\">Une semaine au fil des mots et des sons, entre histoires et chansons, jeux dans\u00e9s et promenades cont\u00e9es ; apr\u00e8s-midi tout en douceur et temps de repos<\/p>\n<p style=\"font-weight: 400; text-align: left;\"><strong>130\u20ac <\/strong><\/p>\n<p style=\"font-weight: 400;\"><span style=\"color: #ef3740;\"><strong>N\u00b0 2615 \u00a0 \u00a0\u00a0Mini d\u00e9couvreurs de musiques &#8211; Pour les enfants de 4 et 5 ans &#8211; (COMPLET !!!)<\/strong><\/span><\/p>\n<p style=\"font-weight: 400;\">Aux c\u00f4t\u00e9s de ton nouvel ami Jack le Croco, tu r\u00e9aliseras des d\u00e9couvertes musicales et scientifiques exceptionnelles ! Tu exploreras le royaume fascinant des animaux, tu d\u00e9couvriras la pression de l\u2019air en faisant d\u00e9coller une fus\u00e9e et tu utiliseras m\u00eame les pouvoirs du magn\u00e9tisme pour sauver l\u2019\u00eele de Potamour. En cours de route, tu cr\u00e9eras aussi des messages cod\u00e9s \u00e0 l\u2019aide de peinture thermochromique. Enfin, muni de ta loupe, tu utiliseras tes connaissances scientifiques pour mener une chasse au tr\u00e9sor palpitante !<\/p>\n<p style=\"font-weight: 400; text-align: right;\"><strong>En partenariat avec <a href=\"https:\/\/www.capsciences.be\/themes-stages-de-vacances\/\">CapSciences.be<\/a><\/strong><\/p>\n<p style=\"font-weight: 400;\"><strong>140\u20ac<\/strong><\/p>\n<p style=\"font-weight: 400;\"><span style=\"color: #ef3740;\"><strong>N\u00b0 2616 \u00a0\u00a0\u00a0\u00a0\u00a0D\u00e9collage imm\u00e9diat ! \u00a0&#8211; Pour les enfants de 6 \u00e0 8 ans (COMPLET !!!)<\/strong><\/span><\/p>\n<p style=\"font-weight: 400;\">Pr\u00eats pour de nouvelles aventures a\u00e9riennes et musicales ? Au cours de ce voyage, viens exp\u00e9rimenter diff\u00e9rentes techniques de d\u00e9collage et te familiariser avec des notions de physique \u00e9l\u00e9mentaire. Construction d\u2019un mini parachute, propulsion d\u2019une fus\u00e9e par r\u00e9action chimique, danses et chansons, cr\u00e9ation de catapultes et arbal\u00e8tes miniatures, ou encore un spectaculaire d\u00e9collage de fus\u00e9e \u00e0 eau. Pr\u00eats \u00e0 garder le rythme\u00a0?<\/p>\n<p style=\"font-weight: 400; text-align: right;\"><strong>En partenariat avec<\/strong> <a href=\"https:\/\/www.capsciences.be\/themes-stages-de-vacances\/\">CapSciences.be<\/a><\/p>\n<p style=\"font-weight: 400;\"><strong>140\u20ac<\/strong><\/p>\n<p style=\"font-weight: 400;\"><strong><span style=\"color: #ef3740;\">2617\u00a0\u00a0\u00a0\u00a0\u00a0\u00a0\u00a0\u00a0\u00a0 Patchwork artistique et musical au Mus\u00e9e L \u00a0&#8211; \u00a0\u00a0 Pour les enfants de 7 \u00e0 12 ans<\/span><\/strong><\/p>\n<p style=\"font-weight: 400;\">Cet \u00e9t\u00e9, les Jeunesses musicales du Brabant wallon et le Mus\u00e9e L rempilent pour une semaine riche en d\u00e9couvertes tous azimuts\u00a0! \u00c0 chaque journ\u00e9e, sa th\u00e9matique et son univers\u2026 pour encore plus de plaisir et d\u2019amusement. De la nature au fantastique en passant par l\u2019exploration des mati\u00e8res et bien d\u2019autres surprises, viens te plonger dans les incroyables collections du mus\u00e9e gr\u00e2ce \u00e0 une s\u00e9rie de jeux, d\u2019activit\u00e9s musicales et d\u2019ateliers cr\u00e9atifs.<\/p>\n<p style=\"font-weight: 400; text-align: right;\"><strong>En partenariat avec le <\/strong><a href=\"https:\/\/museel.be\/fr\/evenement\/stage\/patchwork-artistique-et-musical-au-musee-l\"><strong>Mus\u00e9e L<\/strong><\/a><\/p>\n<p style=\"font-weight: 400;\"><strong>\u00a0 \u00a0 \u00a0 \u00a0 \u00a0 \u00a0 \u00a0 \u00a0<\/strong><\/p>\n<p style=\"font-weight: 400;\"><strong>130\u20ac <\/strong><\/p>\n<h2 style=\"font-weight: 400;\"><span style=\"color: #ef3740;\"><u>du 20 au 24 juillet 2026<\/u><\/span><\/h2>\n<p style=\"font-weight: 400;\"><span style=\"color: #ef3740;\"><strong>2618\u00a0\u00a0\u00a0\u00a0\u00a0\u00a0\u00a0\u00a0\u00a0 Les petits sons de l\u2019\u00e9t\u00e9 \u00a0&#8211; Pour les enfants de 2,5 \u00e0 4 ans<\/strong><\/span><\/p>\n<p style=\"font-weight: 400;\">\u00c7a fait bzzz, plic-ploc, flap-flap, pic\u00a0! pic\u00a0!,\u2026 les entends-tu ces petits bruits qui tourbillonnent dans la chaleur de l\u2019\u00e9t\u00e9\u00a0? Une semaine \u00e0 se laisser porter par des sonorit\u00e9s parfum\u00e9es au c\u0153ur de la nature\u00a0! Apr\u00e8s-midi tout en douceur et temps de repos.<\/p>\n<p style=\"font-weight: 400;\"><strong>105\u20ac <\/strong><\/p>\n<p style=\"font-weight: 400;\"><strong>\u00a0<span style=\"color: #ef3740;\">2619 \u00a0\u00a0\u00a0\u00a0\u00a0\u00a0\u00a0\u00a0 Au bord du Mississippi ! \u00a0&#8211; \u00a0Pour les enfants de 4 \u00e0 8 ans par groupes d\u2019\u00e2ges ( COMPLET ! liste d&rsquo;attente !)<\/span><\/strong><\/p>\n<p style=\"font-weight: 400;\">Un petit plongeon dans le fleuve mythique du jazz ? Oh oui !!! Et surtout un bon bain de musique jazz, blues, swing, dixieland pour nous faire bouger, d\u00e9couvrir des sonorit\u00e9s \u00e9tonnantes, jouer avec les rythmes, passer du bon temps \u00e0 chanter des Wap doo wap et des Cha bada bada !!! \u00a0 \u00a0Take the A train ? All aboard !!!<\/p>\n<p style=\"font-weight: 400;\"><strong>105\u20ac <\/strong><\/p>\n<h2 style=\"font-weight: 400;\"><span style=\"color: #ef3740;\"><u>du 27 au 31 juillet 2026<\/u><\/span><\/h2>\n<p style=\"font-weight: 400;\"><strong><span style=\"color: #ef3740;\">2620\u00a0\u00a0\u00a0\u00a0\u00a0\u00a0\u00a0\u00a0\u00a0 La musique de la for\u00eat \u00a0&#8211; Pour les enfants de 2,5 \u00e0 4 ans (reste 3 places !)<\/span><\/strong><\/p>\n<p style=\"font-weight: 400;\">Les arbres qui chantent, Les oiseaux musiciens, La rivi\u00e8re qui danse, Le vent qui chuchote\u00a0! Viens \u00e9couter, ressentir et jouer avec les sons de la nature\u00a0!<\/p>\n<p style=\"font-weight: 400;\">Apr\u00e8s-midi tout en douceur et temps de repos.<\/p>\n<p style=\"font-weight: 400;\"><strong>130\u20ac <\/strong><\/p>\n<p style=\"font-weight: 400;\"><strong><span style=\"color: #ef3740;\">2621\u00a0\u00a0\u00a0\u00a0\u00a0\u00a0\u00a0\u00a0\u00a0 Les d\u00e9tectives Nature \u00a0&#8211; Pour les enfants de 4 \u00e0 8 ans par groupes d\u2019\u00e2ges (COMPLET !)<\/span><\/strong><\/p>\n<div>\u00c9coute ! La for\u00eat et la prairie s\u2019\u00e9veillent&#8230;<br \/>\nErnest le pivert nous emm\u00e8ne \u00e0 la d\u00e9couverte des secrets des oiseaux.<br \/>\nEntre jeux, histoires et chansons, nos sens s\u2019ouvrent, notre imagination s\u2019envole.<\/div>\n<div>Partons \u00e0 l&rsquo;aventure et cr\u00e9ons nos propres symphonies avec les oiseaux<\/div>\n<p style=\"font-weight: 400; text-align: right;\"><strong>En partenariat avec <\/strong><a href=\"https:\/\/www.leconverte.org\/\"><strong>La Le\u00e7on Verte<\/strong><\/a><\/p>\n<p style=\"font-weight: 400;\"><strong>140\u20ac<\/strong><\/p>\n<p>&nbsp;<\/p>\n<p style=\"font-weight: 400;\"><a href=\"https:\/\/www.jeunessesmusicales.be\/brabantwallon\/infos-pratiques\/\">INFOS PRATIQUES (CLIC ! )<\/a><\/p>\n<p style=\"font-weight: 400;\">INFOS ET INSCRIPTIONS\u00a0:<\/p>\n<p style=\"font-weight: 400;\"><a href=\"mailto:stages.bw@jeunessesmusicales.be\">stages.bw@jeunessesmusicales.be<\/a><\/p>\n<p style=\"font-weight: 400;\">0470 46 36 79 ou\u00a002 653 36 11<\/p>\n<p>&nbsp;<\/p>\n<h2 style=\"font-weight: 400;\"><span style=\"color: #ef3740;\">Ateliers Parent-b\u00e9b\u00e9<\/span><\/h2>\n<p style=\"font-weight: 400;\"><a rel=\"fancybox[2597]\" href=\"https:\/\/www.jeunessesmusicales.be\/brabantwallon\/wp-content\/uploads\/sites\/8\/2024\/08\/Ateliers-parent-bebe-1.png\" class=\"fancybox\"><img loading=\"lazy\" decoding=\"async\" class=\"alignnone size-medium wp-image-2468\" src=\"https:\/\/www.jeunessesmusicales.be\/brabantwallon\/wp-content\/uploads\/sites\/8\/2024\/08\/Ateliers-parent-bebe-1-300x300.png\" alt=\"\" width=\"300\" height=\"300\" srcset=\"https:\/\/www.jeunessesmusicales.be\/brabantwallon\/wp-content\/uploads\/sites\/8\/2024\/08\/Ateliers-parent-bebe-1-300x300.png 300w, https:\/\/www.jeunessesmusicales.be\/brabantwallon\/wp-content\/uploads\/sites\/8\/2024\/08\/Ateliers-parent-bebe-1-1024x1024.png 1024w, https:\/\/www.jeunessesmusicales.be\/brabantwallon\/wp-content\/uploads\/sites\/8\/2024\/08\/Ateliers-parent-bebe-1-150x150.png 150w, https:\/\/www.jeunessesmusicales.be\/brabantwallon\/wp-content\/uploads\/sites\/8\/2024\/08\/Ateliers-parent-bebe-1-768x768.png 768w, https:\/\/www.jeunessesmusicales.be\/brabantwallon\/wp-content\/uploads\/sites\/8\/2024\/08\/Ateliers-parent-bebe-1-105x105.png 105w, https:\/\/www.jeunessesmusicales.be\/brabantwallon\/wp-content\/uploads\/sites\/8\/2024\/08\/Ateliers-parent-bebe-1-200x200.png 200w, https:\/\/www.jeunessesmusicales.be\/brabantwallon\/wp-content\/uploads\/sites\/8\/2024\/08\/Ateliers-parent-bebe-1.png 1080w\" sizes=\"auto, (max-width: 300px) 100vw, 300px\" \/><\/a><\/p>\n<p style=\"font-weight: 400;\"><strong>Ateliers permanents pour enfants de 0 \u00e0 3 ans accompagn\u00e9s.<\/strong><\/p>\n<p style=\"font-weight: 400;\">Moments musicaux et racont\u00e9s\u00a0: \u00e0 partir de livres, de jeux de nourrice, enfantines, chansons et comptines, pas, rondes et danses, et par le toucher et l\u2019exploration libre d\u2019instruments de percussion, ces ateliers proposent aux plus petits et aux adultes qui les accompagnent un moment partag\u00e9 de d\u00e9couvertes sensorielles et d\u2019\u00e9panouissement artistique.<\/p>\n<p style=\"font-weight: 400;\">Les mercredis de 9h30 \u00e0 10h30 ET de 10h 30 \u00e0 11h30 \u00e0 partir du 24 septembre 2025 \u00e0 la biblioth\u00e8que De Troyer.<\/p>\n<p style=\"font-weight: 400;\">Dans les Biblioth\u00e8ques Communales de Genval et de De Troyer (Rixensart) une semaine sur deux en alternance.<\/p>\n<p style=\"font-weight: 400;\">Prix: 90\u20ac\/10 s\u00e9ances, valables 4 mois \u00e0 dater de la premi\u00e8re pr\u00e9sence.<\/p>\n<p style=\"font-weight: 400;\">Votre carte vous donne acc\u00e8s aux deux biblioth\u00e8ques.<\/p>\n<p style=\"font-weight: 400;\">Infos et r\u00e9servations\u00a0: 02\/ 653 36 11 ou\u00a00470\/463679<\/p>\n<p style=\"font-weight: 400;\">stages.bw@jeunessesmusicales.be<\/p>\n<p style=\"font-weight: 400;\"><strong>Agenda<\/strong><\/p>\n<p style=\"font-weight: 400;\"><a href=\"https:\/\/www.jeunessesmusicales.be\/brabantwallon\/wp-content\/uploads\/sites\/8\/2025\/08\/Calendrier-ateliers-MMBB-Genval-Rixensart-25-26.pdf\">Calendrier ateliers MMBB Genval Rixensart 25-26<\/a><\/p>\n<p style=\"font-weight: 400;\">Attention, pas d\u2019ateliers pendant les cong\u00e9s scolaires<\/p>\n<h2><strong style=\"font-size: 24px;\">Atelier parent-b\u00e9b\u00e9 \u00e0 Braine-L\u2019-Alleud<\/strong><\/h2>\n<p>Les vendredis \u00e0 la Biblioth\u00e8que de Braine-L\u2019-Alleud\u00a0\u00e0 9h30 et 10h30<\/p>\n<p>Inscriptions \u00e0 la biblioth\u00e8que au 02\/854 05 50 et bibliotheque@braine-lalleud.be<\/p>\n","protected":false},"excerpt":{"rendered":"<p>Stages de P\u00e2ques en mai ! \u00e0 Rixensart, du 27 au 30 avril 2026, de 9h \u00e0 16h \u00a0 2607\u00a0\u00a0\u00a0\u00a0\u00a0\u00a0\u00a0\u00a0\u00a0 &hellip; <a href=\"https:\/\/www.jeunessesmusicales.be\/brabantwallon\/tableau-des-stages\/\" class=\"more-link\">Continue reading <span class=\"screen-reader-text\">Stages de Printemps et d&rsquo;Et\u00e9 2026<\/span><\/a><\/p>\n","protected":false},"author":28,"featured_media":0,"parent":0,"menu_order":0,"comment_status":"closed","ping_status":"closed","template":"","meta":{"_acf_changed":false,"footnotes":""},"class_list":["post-2597","page","type-page","status-publish","hentry"],"acf":[],"_links":{"self":[{"href":"https:\/\/www.jeunessesmusicales.be\/brabantwallon\/wp-json\/wp\/v2\/pages\/2597","targetHints":{"allow":["GET"]}}],"collection":[{"href":"https:\/\/www.jeunessesmusicales.be\/brabantwallon\/wp-json\/wp\/v2\/pages"}],"about":[{"href":"https:\/\/www.jeunessesmusicales.be\/brabantwallon\/wp-json\/wp\/v2\/types\/page"}],"author":[{"embeddable":true,"href":"https:\/\/www.jeunessesmusicales.be\/brabantwallon\/wp-json\/wp\/v2\/users\/28"}],"replies":[{"embeddable":true,"href":"https:\/\/www.jeunessesmusicales.be\/brabantwallon\/wp-json\/wp\/v2\/comments?post=2597"}],"version-history":[{"count":98,"href":"https:\/\/www.jeunessesmusicales.be\/brabantwallon\/wp-json\/wp\/v2\/pages\/2597\/revisions"}],"predecessor-version":[{"id":2861,"href":"https:\/\/www.jeunessesmusicales.be\/brabantwallon\/wp-json\/wp\/v2\/pages\/2597\/revisions\/2861"}],"wp:attachment":[{"href":"https:\/\/www.jeunessesmusicales.be\/brabantwallon\/wp-json\/wp\/v2\/media?parent=2597"}],"curies":[{"name":"wp","href":"https:\/\/api.w.org\/{rel}","templated":true}]}}