{"id":39,"date":"2015-11-03T14:18:56","date_gmt":"2015-11-03T13:18:56","guid":{"rendered":"http:\/\/www.jeunessesmusicales.be\/brabantwallon\/?page_id=39"},"modified":"2025-09-09T12:21:18","modified_gmt":"2025-09-09T10:21:18","slug":"concerts-publics","status":"publish","type":"page","link":"https:\/\/www.jeunessesmusicales.be\/brabantwallon\/activites-tous-publics\/concerts-publics\/","title":{"rendered":"Concerts publics"},"content":{"rendered":"<h1><strong>Ne manquez pas la F\u00eate de la Musique de Rixensart\u00a0<\/strong><\/h1>\n<h2>Rendez-vous le 21 juin \u00e0 la Maison Communale de Rixensart<\/h2>\n<h2>De 14h30 \u00e0 minuit<\/h2>\n<p>Au programme : concerts, village musical, animations pour toute la famille, bar, food trucks\u00a0<span class=\"html-span xexx8yu x4uap5 x18d9i69 xkhd6sd x1hl2dhg x16tdsg8 x1vvkbs x3nfvp2 x1j61x8r x1fcty0u xdj266r xat24cr xgzva0m xhhsvwb xxymvpz xlup9mm x1kky2od\"><img loading=\"lazy\" decoding=\"async\" class=\"xz74otr x168nmei x13lgxp2 x5pf9jr xo71vjh\" src=\"https:\/\/static.xx.fbcdn.net\/images\/emoji.php\/v9\/t9f\/2\/16\/1f60b.png\" alt=\"\" width=\"16\" height=\"16\" \/><\/span><\/p>\n<div class=\"x11i5rnm xat24cr x1mh8g0r x1vvkbs xtlvy1s\">l y en aura pour tous les go\u00fbts, tous les \u00e2ges et tous les styles !<br class=\"html-br\" \/>Infos pratiques \u00e0 suivre&#8230;\u00a0<span class=\"html-span xexx8yu x4uap5 x18d9i69 xkhd6sd x1hl2dhg x16tdsg8 x1vvkbs x3nfvp2 x1j61x8r x1fcty0u xdj266r xat24cr xgzva0m xhhsvwb xxymvpz xlup9mm x1kky2od\"><img loading=\"lazy\" decoding=\"async\" class=\"xz74otr x168nmei x13lgxp2 x5pf9jr xo71vjh\" src=\"https:\/\/static.xx.fbcdn.net\/images\/emoji.php\/v9\/t67\/2\/16\/1f440.png\" alt=\"\" width=\"16\" height=\"16\" \/><\/span><\/div>\n<div><\/div>\n<div><\/div>\n<div class=\"x11i5rnm xat24cr x1mh8g0r x1vvkbs xtlvy1s\">Un \u00e9v\u00e9nement organis\u00e9 en partenariat avec la Commune de Rixensart, le collectif CultuRix, le Centre culturel de Rixensart, la Maison des Jeunes et de la Culture de Rixensart, le R\u00e9seau des Biblioth\u00e8ques de Rixensart, l&rsquo;Acad\u00e9mie de Rixensart, les Jeunesses Musicales du Brabant Wallon, le label Cypr\u00e8s, le Rideau Rouge, le Conseil de la Musique et la F\u00e9d\u00e9ration Wallonie-Bruxelles.<\/div>\n<div><\/div>\n<p><a rel=\"fancybox[39]\" href=\"https:\/\/www.jeunessesmusicales.be\/brabantwallon\/wp-content\/uploads\/sites\/8\/2025\/05\/affiche-FDM-25.jpeg\" class=\"fancybox\"><img loading=\"lazy\" decoding=\"async\" class=\"alignnone wp-image-2686\" src=\"https:\/\/www.jeunessesmusicales.be\/brabantwallon\/wp-content\/uploads\/sites\/8\/2025\/05\/affiche-FDM-25-212x300.jpeg\" alt=\"\" width=\"339\" height=\"480\" srcset=\"https:\/\/www.jeunessesmusicales.be\/brabantwallon\/wp-content\/uploads\/sites\/8\/2025\/05\/affiche-FDM-25-212x300.jpeg 212w, https:\/\/www.jeunessesmusicales.be\/brabantwallon\/wp-content\/uploads\/sites\/8\/2025\/05\/affiche-FDM-25-722x1024.jpeg 722w, https:\/\/www.jeunessesmusicales.be\/brabantwallon\/wp-content\/uploads\/sites\/8\/2025\/05\/affiche-FDM-25-768x1089.jpeg 768w, https:\/\/www.jeunessesmusicales.be\/brabantwallon\/wp-content\/uploads\/sites\/8\/2025\/05\/affiche-FDM-25-74x105.jpeg 74w, https:\/\/www.jeunessesmusicales.be\/brabantwallon\/wp-content\/uploads\/sites\/8\/2025\/05\/affiche-FDM-25.jpeg 875w\" sizes=\"auto, (max-width: 339px) 100vw, 339px\" \/><\/a><\/p>\n<p>&nbsp;<\/p>\n","protected":false},"excerpt":{"rendered":"<p>Ne manquez pas la F\u00eate de la Musique de Rixensart\u00a0 Rendez-vous le 21 juin \u00e0 la Maison Communale de Rixensart &hellip; <a href=\"https:\/\/www.jeunessesmusicales.be\/brabantwallon\/activites-tous-publics\/concerts-publics\/\" class=\"more-link\">Continue reading <span class=\"screen-reader-text\">Concerts publics<\/span><\/a><\/p>\n","protected":false},"author":9,"featured_media":992,"parent":33,"menu_order":0,"comment_status":"closed","ping_status":"closed","template":"","meta":{"_acf_changed":false,"footnotes":""},"class_list":["post-39","page","type-page","status-publish","has-post-thumbnail","hentry"],"acf":[],"_links":{"self":[{"href":"https:\/\/www.jeunessesmusicales.be\/brabantwallon\/wp-json\/wp\/v2\/pages\/39","targetHints":{"allow":["GET"]}}],"collection":[{"href":"https:\/\/www.jeunessesmusicales.be\/brabantwallon\/wp-json\/wp\/v2\/pages"}],"about":[{"href":"https:\/\/www.jeunessesmusicales.be\/brabantwallon\/wp-json\/wp\/v2\/types\/page"}],"author":[{"embeddable":true,"href":"https:\/\/www.jeunessesmusicales.be\/brabantwallon\/wp-json\/wp\/v2\/users\/9"}],"replies":[{"embeddable":true,"href":"https:\/\/www.jeunessesmusicales.be\/brabantwallon\/wp-json\/wp\/v2\/comments?post=39"}],"version-history":[{"count":76,"href":"https:\/\/www.jeunessesmusicales.be\/brabantwallon\/wp-json\/wp\/v2\/pages\/39\/revisions"}],"predecessor-version":[{"id":2688,"href":"https:\/\/www.jeunessesmusicales.be\/brabantwallon\/wp-json\/wp\/v2\/pages\/39\/revisions\/2688"}],"up":[{"embeddable":true,"href":"https:\/\/www.jeunessesmusicales.be\/brabantwallon\/wp-json\/wp\/v2\/pages\/33"}],"wp:featuredmedia":[{"embeddable":true,"href":"https:\/\/www.jeunessesmusicales.be\/brabantwallon\/wp-json\/wp\/v2\/media\/992"}],"wp:attachment":[{"href":"https:\/\/www.jeunessesmusicales.be\/brabantwallon\/wp-json\/wp\/v2\/media?parent=39"}],"curies":[{"name":"wp","href":"https:\/\/api.w.org\/{rel}","templated":true}]}}

<h1><strong>Ne manquez pas la Fête de la Musique de Rixensart </strong></h1>
<h2>Rendez-vous le 21 juin à la Maison Communale de Rixensart</h2>
<h2>De 14h30 à minuit</h2>
<p>Au programme : concerts, village musical, animations pour toute la famille, bar, food trucks <span class="html-span xexx8yu x4uap5 x18d9i69 xkhd6sd x1hl2dhg x16tdsg8 x1vvkbs x3nfvp2 x1j61x8r x1fcty0u xdj266r xat24cr xgzva0m xhhsvwb xxymvpz xlup9mm x1kky2od"><img loading="lazy" decoding="async" class="xz74otr x168nmei x13lgxp2 x5pf9jr xo71vjh" src="https://static.xx.fbcdn.net/images/emoji.php/v9/t9f/2/16/1f60b.png" alt="" width="16" height="16" /></span></p>
<div class="x11i5rnm xat24cr x1mh8g0r x1vvkbs xtlvy1s">l y en aura pour tous les goûts, tous les âges et tous les styles !<br class="html-br" />Infos pratiques à suivre&#8230; <span class="html-span xexx8yu x4uap5 x18d9i69 xkhd6sd x1hl2dhg x16tdsg8 x1vvkbs x3nfvp2 x1j61x8r x1fcty0u xdj266r xat24cr xgzva0m xhhsvwb xxymvpz xlup9mm x1kky2od"><img loading="lazy" decoding="async" class="xz74otr x168nmei x13lgxp2 x5pf9jr xo71vjh" src="https://static.xx.fbcdn.net/images/emoji.php/v9/t67/2/16/1f440.png" alt="" width="16" height="16" /></span></div>
<div></div>
<div></div>
<div class="x11i5rnm xat24cr x1mh8g0r x1vvkbs xtlvy1s">Un événement organisé en partenariat avec la Commune de Rixensart, le collectif CultuRix, le Centre culturel de Rixensart, la Maison des Jeunes et de la Culture de Rixensart, le Réseau des Bibliothèques de Rixensart, l&rsquo;Académie de Rixensart, les Jeunesses Musicales du Brabant Wallon, le label Cyprès, le Rideau Rouge, le Conseil de la Musique et la Fédération Wallonie-Bruxelles.</div>
<div></div>
<p><a rel="fancybox[39]" href="https://www.jeunessesmusicales.be/brabantwallon/wp-content/uploads/sites/8/2025/05/affiche-FDM-25.jpeg" class="fancybox"><img loading="lazy" decoding="async" class="alignnone wp-image-2686" src="https://www.jeunessesmusicales.be/brabantwallon/wp-content/uploads/sites/8/2025/05/affiche-FDM-25-212x300.jpeg" alt="" width="339" height="480" srcset="https://www.jeunessesmusicales.be/brabantwallon/wp-content/uploads/sites/8/2025/05/affiche-FDM-25-212x300.jpeg 212w, https://www.jeunessesmusicales.be/brabantwallon/wp-content/uploads/sites/8/2025/05/affiche-FDM-25-722x1024.jpeg 722w, https://www.jeunessesmusicales.be/brabantwallon/wp-content/uploads/sites/8/2025/05/affiche-FDM-25-768x1089.jpeg 768w, https://www.jeunessesmusicales.be/brabantwallon/wp-content/uploads/sites/8/2025/05/affiche-FDM-25-74x105.jpeg 74w, https://www.jeunessesmusicales.be/brabantwallon/wp-content/uploads/sites/8/2025/05/affiche-FDM-25.jpeg 875w" sizes="auto, (max-width: 339px) 100vw, 339px" /></a></p>
<p>&nbsp;</p>

<p>Ne manquez pas la Fête de la Musique de Rixensart  Rendez-vous le 21 juin à la Maison Communale de Rixensart &hellip; <a href="https://www.jeunessesmusicales.be/brabantwallon/activites-tous-publics/concerts-publics/" class="more-link">Continue reading <span class="screen-reader-text">Concerts publics</span></a></p>
