{"id":43,"date":"2015-11-03T14:19:29","date_gmt":"2015-11-03T13:19:29","guid":{"rendered":"http:\/\/www.jeunessesmusicales.be\/brabantwallon\/?page_id=43"},"modified":"2026-04-20T12:29:17","modified_gmt":"2026-04-20T10:29:17","slug":"ateliers-a-lecole","status":"publish","type":"page","link":"https:\/\/www.jeunessesmusicales.be\/brabantwallon\/ateliers-a-lecole\/","title":{"rendered":"Ateliers \u00e0 l&rsquo;\u00e9cole 2,5 \u00e0 12 ans\/ 12 \u00e0 18 ans"},"content":{"rendered":"<h1 style=\"text-align: center;\"><span style=\"color: #2d353a;\"><strong>Nous sommes heureux de vous pr\u00e9senter nos brochures d&rsquo;ateliers musicaux 25-26<\/strong><\/span><\/h1>\n<p><a rel=\"fancybox[43]\" href=\"https:\/\/www.jeunessesmusicales.be\/brabantwallon\/wp-content\/uploads\/sites\/8\/2025\/05\/brochure-ateliers-25-26-1.png\" class=\"fancybox\"><img loading=\"lazy\" decoding=\"async\" class=\"alignnone size-medium wp-image-2671\" src=\"https:\/\/www.jeunessesmusicales.be\/brabantwallon\/wp-content\/uploads\/sites\/8\/2025\/05\/brochure-ateliers-25-26-1-212x300.png\" alt=\"\" width=\"212\" height=\"300\" srcset=\"https:\/\/www.jeunessesmusicales.be\/brabantwallon\/wp-content\/uploads\/sites\/8\/2025\/05\/brochure-ateliers-25-26-1-212x300.png 212w, https:\/\/www.jeunessesmusicales.be\/brabantwallon\/wp-content\/uploads\/sites\/8\/2025\/05\/brochure-ateliers-25-26-1-724x1024.png 724w, https:\/\/www.jeunessesmusicales.be\/brabantwallon\/wp-content\/uploads\/sites\/8\/2025\/05\/brochure-ateliers-25-26-1-768x1087.png 768w, https:\/\/www.jeunessesmusicales.be\/brabantwallon\/wp-content\/uploads\/sites\/8\/2025\/05\/brochure-ateliers-25-26-1-1086x1536.png 1086w, https:\/\/www.jeunessesmusicales.be\/brabantwallon\/wp-content\/uploads\/sites\/8\/2025\/05\/brochure-ateliers-25-26-1-74x105.png 74w, https:\/\/www.jeunessesmusicales.be\/brabantwallon\/wp-content\/uploads\/sites\/8\/2025\/05\/brochure-ateliers-25-26-1.png 1357w\" sizes=\"auto, (max-width: 212px) 100vw, 212px\" \/><\/a><\/p>\n<h2><strong>Ateliers pour les enfants de 2,5 ans \u00e0 12 ans<\/strong><\/h2>\n<p>La musique constitue un outil irrempla\u00e7able dans l\u2019\u00e9ducation de l\u2019enfant\u00a0: elle favorise son \u00e9panouissement global en d\u00e9veloppant aussi bien sa <strong>sensibilit\u00e9\u00a0<\/strong>que la <strong>perception\u00a0<\/strong>qu\u2019il a de lui-m\u00eame, sa <strong>capacit\u00e9 de concentration<\/strong>, sa <strong>sociabilit\u00e9<\/strong>, son habilit\u00e9 <strong>psychomotrice<\/strong>, sa <strong>cr\u00e9ativit\u00e9<\/strong>, sa <strong>confiance\u00a0<\/strong>en lui, son <strong>sens critique<\/strong>, dans un esprit positif et non normatif. Elle favorise \u00e9galement la coop\u00e9ration, l\u2019entraide et le rapport constructif aux autres.<\/p>\n<p>C\u2019est pourquoi nous pensons que\u00a0<strong>la pratique musicale doit occuper une place essentielle en classe\u00a0<\/strong>et apporte ouverture, \u00e9quilibre et bonheur aux enfants.<\/p>\n<div class=\"page\" title=\"Page 3\">\n<div class=\"section\">\n<div class=\"layoutArea\">\n<div class=\"column\">\n<p>En lien e\u0301troit avec les attentes du <strong>Parcours d\u2019E\u0301ducation Culturelle et\u00a0Artistique<\/strong>, ou <strong>PECA<\/strong>, nos ateliers musicaux visent a\u0300 permettre a\u0300 chaque enfant l\u2019expe\u0301rience culturelle au travers de la de\u0301couverte, de la pratique et de la rencontre.<\/p>\n<\/div>\n<\/div>\n<\/div>\n<\/div>\n<p>Dans cette brochure, nous vous proposons divers outils qui vous permettront de partager une exp\u00e9rience musicale avec vos \u00e9l\u00e8ves.<\/p>\n<p><!--more--><\/p>\n<p>T\u00e9l\u00e9chargez notre brochure d&rsquo;ateliers ou consultez la en ligne : <a href=\"https:\/\/www.jeunessesmusicales.be\/brabantwallon\/wp-content\/uploads\/sites\/8\/2025\/05\/Brochure-Ateliers-25-26.pdf\">Brochure d&rsquo;ateliers 25-26<\/a><\/p>\n<p>Pour commander : <a href=\"https:\/\/www.jeunessesmusicales.be\/brabantwallon\/wp-content\/uploads\/sites\/8\/2025\/05\/BC-Ateliers-25-26-1.xlsx\">Bon de Commande Ateliers 25-26<\/a><\/p>\n<p>Infos: 02\/653 36 11 ou <a href=\"mailto:jmbw@jeunessesmusicales.be\">jmbw@jeunessesmusicales.be<\/a><\/p>\n","protected":false},"excerpt":{"rendered":"<p>Nous sommes heureux de vous pr\u00e9senter nos brochures d&rsquo;ateliers musicaux 25-26 Ateliers pour les enfants de 2,5 ans \u00e0 12 &hellip; <a href=\"https:\/\/www.jeunessesmusicales.be\/brabantwallon\/ateliers-a-lecole\/\" class=\"more-link\">Continue reading <span class=\"screen-reader-text\">Ateliers \u00e0 l&rsquo;\u00e9cole 2,5 \u00e0 12 ans\/ 12 \u00e0 18 ans<\/span><\/a><\/p>\n","protected":false},"author":9,"featured_media":2670,"parent":0,"menu_order":0,"comment_status":"closed","ping_status":"closed","template":"","meta":{"_acf_changed":false,"footnotes":""},"class_list":["post-43","page","type-page","status-publish","has-post-thumbnail","hentry"],"acf":[],"_links":{"self":[{"href":"https:\/\/www.jeunessesmusicales.be\/brabantwallon\/wp-json\/wp\/v2\/pages\/43","targetHints":{"allow":["GET"]}}],"collection":[{"href":"https:\/\/www.jeunessesmusicales.be\/brabantwallon\/wp-json\/wp\/v2\/pages"}],"about":[{"href":"https:\/\/www.jeunessesmusicales.be\/brabantwallon\/wp-json\/wp\/v2\/types\/page"}],"author":[{"embeddable":true,"href":"https:\/\/www.jeunessesmusicales.be\/brabantwallon\/wp-json\/wp\/v2\/users\/9"}],"replies":[{"embeddable":true,"href":"https:\/\/www.jeunessesmusicales.be\/brabantwallon\/wp-json\/wp\/v2\/comments?post=43"}],"version-history":[{"count":77,"href":"https:\/\/www.jeunessesmusicales.be\/brabantwallon\/wp-json\/wp\/v2\/pages\/43\/revisions"}],"predecessor-version":[{"id":2859,"href":"https:\/\/www.jeunessesmusicales.be\/brabantwallon\/wp-json\/wp\/v2\/pages\/43\/revisions\/2859"}],"wp:featuredmedia":[{"embeddable":true,"href":"https:\/\/www.jeunessesmusicales.be\/brabantwallon\/wp-json\/wp\/v2\/media\/2670"}],"wp:attachment":[{"href":"https:\/\/www.jeunessesmusicales.be\/brabantwallon\/wp-json\/wp\/v2\/media?parent=43"}],"curies":[{"name":"wp","href":"https:\/\/api.w.org\/{rel}","templated":true}]}}

Ateliers à l&rsquo;école 2,5 à 12 ans/ 12 à 18 ans

<h1 style="text-align: center;"><span style="color: #2d353a;"><strong>Nous sommes heureux de vous présenter nos brochures d&rsquo;ateliers musicaux 25-26</strong></span></h1>
<p><a rel="fancybox[43]" href="https://www.jeunessesmusicales.be/brabantwallon/wp-content/uploads/sites/8/2025/05/brochure-ateliers-25-26-1.png" class="fancybox"><img loading="lazy" decoding="async" class="alignnone size-medium wp-image-2671" src="https://www.jeunessesmusicales.be/brabantwallon/wp-content/uploads/sites/8/2025/05/brochure-ateliers-25-26-1-212x300.png" alt="" width="212" height="300" srcset="https://www.jeunessesmusicales.be/brabantwallon/wp-content/uploads/sites/8/2025/05/brochure-ateliers-25-26-1-212x300.png 212w, https://www.jeunessesmusicales.be/brabantwallon/wp-content/uploads/sites/8/2025/05/brochure-ateliers-25-26-1-724x1024.png 724w, https://www.jeunessesmusicales.be/brabantwallon/wp-content/uploads/sites/8/2025/05/brochure-ateliers-25-26-1-768x1087.png 768w, https://www.jeunessesmusicales.be/brabantwallon/wp-content/uploads/sites/8/2025/05/brochure-ateliers-25-26-1-1086x1536.png 1086w, https://www.jeunessesmusicales.be/brabantwallon/wp-content/uploads/sites/8/2025/05/brochure-ateliers-25-26-1-74x105.png 74w, https://www.jeunessesmusicales.be/brabantwallon/wp-content/uploads/sites/8/2025/05/brochure-ateliers-25-26-1.png 1357w" sizes="auto, (max-width: 212px) 100vw, 212px" /></a></p>
<h2><strong>Ateliers pour les enfants de 2,5 ans à 12 ans</strong></h2>
<p>La musique constitue un outil irremplaçable dans l’éducation de l’enfant : elle favorise son épanouissement global en développant aussi bien sa <strong>sensibilité </strong>que la <strong>perception </strong>qu’il a de lui-même, sa <strong>capacité de concentration</strong>, sa <strong>sociabilité</strong>, son habilité <strong>psychomotrice</strong>, sa <strong>créativité</strong>, sa <strong>confiance </strong>en lui, son <strong>sens critique</strong>, dans un esprit positif et non normatif. Elle favorise également la coopération, l’entraide et le rapport constructif aux autres.</p>
<p>C’est pourquoi nous pensons que <strong>la pratique musicale doit occuper une place essentielle en classe </strong>et apporte ouverture, équilibre et bonheur aux enfants.</p>
<div class="page" title="Page 3">
<div class="section">
<div class="layoutArea">
<div class="column">
<p>En lien étroit avec les attentes du <strong>Parcours d’Éducation Culturelle et Artistique</strong>, ou <strong>PECA</strong>, nos ateliers musicaux visent à permettre à chaque enfant l’expérience culturelle au travers de la découverte, de la pratique et de la rencontre.</p>
</div>
</div>
</div>
</div>
<p>Dans cette brochure, nous vous proposons divers outils qui vous permettront de partager une expérience musicale avec vos élèves.</p>
<p><!--more--></p>
<p>Téléchargez notre brochure d&rsquo;ateliers ou consultez la en ligne : <a href="https://www.jeunessesmusicales.be/brabantwallon/wp-content/uploads/sites/8/2025/05/Brochure-Ateliers-25-26.pdf">Brochure d&rsquo;ateliers 25-26</a></p>
<p>Pour commander : <a href="https://www.jeunessesmusicales.be/brabantwallon/wp-content/uploads/sites/8/2025/05/BC-Ateliers-25-26-1.xlsx">Bon de Commande Ateliers 25-26</a></p>
<p>Infos: 02/653 36 11 ou <a href="mailto:jmbw@jeunessesmusicales.be">jmbw@jeunessesmusicales.be</a></p>

<p>Nous sommes heureux de vous présenter nos brochures d&rsquo;ateliers musicaux 25-26 Ateliers pour les enfants de 2,5 ans à 12 &hellip; <a href="https://www.jeunessesmusicales.be/brabantwallon/ateliers-a-lecole/" class="more-link">Continue reading <span class="screen-reader-text">Ateliers à l&rsquo;école 2,5 à 12 ans/ 12 à 18 ans</span></a></p>
