{"id":45,"date":"2015-11-03T14:19:54","date_gmt":"2015-11-03T13:19:54","guid":{"rendered":"http:\/\/www.jeunessesmusicales.be\/brabantwallon\/?page_id=45"},"modified":"2025-05-20T14:15:10","modified_gmt":"2025-05-20T12:15:10","slug":"catalogue-concerts-25-26","status":"publish","type":"page","link":"https:\/\/www.jeunessesmusicales.be\/brabantwallon\/catalogue-concerts-25-26\/","title":{"rendered":"Catalogue Concerts 25-26"},"content":{"rendered":"<h1>D\u00e9couvrez notre nouvelle programmation 25-26!<\/h1>\n<p>Chaque saison, la F\u00e9d\u00e9ration des Jeunesses Musicales Wallonie-Bruxelles propose un programme de plus de 50 projets musicaux de Belgique et de l\u2019\u00e9tranger, mettant ainsi \u00e0 la disposition des acteurs des terrains scolaire, extra-scolaire et culturel souhaitant \u00e9laborer une programmation jeune public au sein de leur institution, des ressources artistiques et p\u00e9dagogiques de qualit\u00e9, diversifi\u00e9es, \u00e2prement s\u00e9lectionn\u00e9es et adapt\u00e9es \u00e0 leurs besoins.<\/p>\n<h2><a href=\"https:\/\/jeunessesmusicales.be\/wp-content\/uploads\/2024\/04\/JM_Brochure_2024-2025.pdf\">T\u00e9l\u00e9charger la brochure 25-26 en pdf<\/a><\/h2>\n<p>Cette brochure ne proc\u00e8de en rien d\u2019une d\u00e9marche d\u2019agence d\u2019artistes, mais constitue l\u2019\u00e9l\u00e9ment d\u2019une action culturelle, \u00e9ducative et citoyenne que les Jeunesses Musicales veulent accessible au plus grand nombre, souple, mobile, avec un minimum de contraintes techniques et au meilleur tarif.<\/p>\n<p><a rel=\"fancybox[45]\" href=\"https:\/\/jeunessesmusicales.be\/wp-content\/uploads\/2025\/04\/JM_Brochure_2025-2026.pdf\"><img loading=\"lazy\" decoding=\"async\" class=\"alignnone size-medium wp-image-2658\" src=\"https:\/\/www.jeunessesmusicales.be\/brabantwallon\/wp-content\/uploads\/sites\/8\/2023\/04\/bannercpsaison2526-1-300x117.png\" alt=\"\" width=\"300\" height=\"117\" \/ class=\"fancybox\" srcset=\"https:\/\/www.jeunessesmusicales.be\/brabantwallon\/wp-content\/uploads\/sites\/8\/2023\/04\/bannercpsaison2526-1-300x117.png 300w, https:\/\/www.jeunessesmusicales.be\/brabantwallon\/wp-content\/uploads\/sites\/8\/2023\/04\/bannercpsaison2526-1-1024x399.png 1024w, https:\/\/www.jeunessesmusicales.be\/brabantwallon\/wp-content\/uploads\/sites\/8\/2023\/04\/bannercpsaison2526-1-768x299.png 768w, https:\/\/www.jeunessesmusicales.be\/brabantwallon\/wp-content\/uploads\/sites\/8\/2023\/04\/bannercpsaison2526-1-150x58.png 150w, https:\/\/www.jeunessesmusicales.be\/brabantwallon\/wp-content\/uploads\/sites\/8\/2023\/04\/bannercpsaison2526-1.png 1200w\" sizes=\"auto, (max-width: 300px) 100vw, 300px\" \/><\/a><\/p>\n<h2><a href=\"https:\/\/jeunessesmusicales.be\/blog\/category\/artistes\/saisons\/saison-25-26\/\">Pour consulter le catalogue en ligne, cliquez ici<\/a><\/h2>\n<p>N&rsquo;h\u00e9sitez pas \u00e0 nous contacter! Nous sommes \u00e0 votre disposition pour un conseil, un accompagnement personnalis\u00e9 afin de choisir LE spectacle qui enchantera vos \u00e9l\u00e8ves.<\/p>\n<p>\u260e\u00a002\/653.36.11<\/p>\n<p>j.mulders@jeunessesmusicales.be<\/p>\n<p>Pour t\u00e9l\u00e9charger le bon de commande: <a href=\"https:\/\/www.jeunessesmusicales.be\/brabantwallon\/wp-content\/uploads\/sites\/8\/2023\/07\/BC-Concerts-mail.xls\">Bon de commande Concerts 23-24<\/a><\/p>\n<div id=\"ConnectiveDocSignExtentionInstalled\" data-extension-version=\"1.0.4\"><\/div>\n<div id=\"ConnectiveDocSignExtentionInstalled\" data-extension-version=\"1.0.4\"><\/div>\n","protected":false},"excerpt":{"rendered":"<p>D\u00e9couvrez notre nouvelle programmation 25-26! Chaque saison, la F\u00e9d\u00e9ration des Jeunesses Musicales Wallonie-Bruxelles propose un programme de plus de 50 &hellip; <a href=\"https:\/\/www.jeunessesmusicales.be\/brabantwallon\/catalogue-concerts-25-26\/\" class=\"more-link\">Continue reading <span class=\"screen-reader-text\">Catalogue Concerts 25-26<\/span><\/a><\/p>\n","protected":false},"author":9,"featured_media":0,"parent":0,"menu_order":0,"comment_status":"closed","ping_status":"closed","template":"","meta":{"_acf_changed":false,"footnotes":""},"class_list":["post-45","page","type-page","status-publish","hentry"],"acf":[],"_links":{"self":[{"href":"https:\/\/www.jeunessesmusicales.be\/brabantwallon\/wp-json\/wp\/v2\/pages\/45","targetHints":{"allow":["GET"]}}],"collection":[{"href":"https:\/\/www.jeunessesmusicales.be\/brabantwallon\/wp-json\/wp\/v2\/pages"}],"about":[{"href":"https:\/\/www.jeunessesmusicales.be\/brabantwallon\/wp-json\/wp\/v2\/types\/page"}],"author":[{"embeddable":true,"href":"https:\/\/www.jeunessesmusicales.be\/brabantwallon\/wp-json\/wp\/v2\/users\/9"}],"replies":[{"embeddable":true,"href":"https:\/\/www.jeunessesmusicales.be\/brabantwallon\/wp-json\/wp\/v2\/comments?post=45"}],"version-history":[{"count":28,"href":"https:\/\/www.jeunessesmusicales.be\/brabantwallon\/wp-json\/wp\/v2\/pages\/45\/revisions"}],"predecessor-version":[{"id":1761,"href":"https:\/\/www.jeunessesmusicales.be\/brabantwallon\/wp-json\/wp\/v2\/pages\/45\/revisions\/1761"}],"wp:attachment":[{"href":"https:\/\/www.jeunessesmusicales.be\/brabantwallon\/wp-json\/wp\/v2\/media?parent=45"}],"curies":[{"name":"wp","href":"https:\/\/api.w.org\/{rel}","templated":true}]}}

<h1>Découvrez notre nouvelle programmation 25-26!</h1>
<p>Chaque saison, la Fédération des Jeunesses Musicales Wallonie-Bruxelles propose un programme de plus de 50 projets musicaux de Belgique et de l’étranger, mettant ainsi à la disposition des acteurs des terrains scolaire, extra-scolaire et culturel souhaitant élaborer une programmation jeune public au sein de leur institution, des ressources artistiques et pédagogiques de qualité, diversifiées, âprement sélectionnées et adaptées à leurs besoins.</p>
<h2><a href="https://jeunessesmusicales.be/wp-content/uploads/2024/04/JM_Brochure_2024-2025.pdf">Télécharger la brochure 25-26 en pdf</a></h2>
<p>Cette brochure ne procède en rien d’une démarche d’agence d’artistes, mais constitue l’élément d’une action culturelle, éducative et citoyenne que les Jeunesses Musicales veulent accessible au plus grand nombre, souple, mobile, avec un minimum de contraintes techniques et au meilleur tarif.</p>
<p><a rel="fancybox[45]" href="https://jeunessesmusicales.be/wp-content/uploads/2025/04/JM_Brochure_2025-2026.pdf"><img loading="lazy" decoding="async" class="alignnone size-medium wp-image-2658" src="https://www.jeunessesmusicales.be/brabantwallon/wp-content/uploads/sites/8/2023/04/bannercpsaison2526-1-300x117.png" alt="" width="300" height="117" / class="fancybox" srcset="https://www.jeunessesmusicales.be/brabantwallon/wp-content/uploads/sites/8/2023/04/bannercpsaison2526-1-300x117.png 300w, https://www.jeunessesmusicales.be/brabantwallon/wp-content/uploads/sites/8/2023/04/bannercpsaison2526-1-1024x399.png 1024w, https://www.jeunessesmusicales.be/brabantwallon/wp-content/uploads/sites/8/2023/04/bannercpsaison2526-1-768x299.png 768w, https://www.jeunessesmusicales.be/brabantwallon/wp-content/uploads/sites/8/2023/04/bannercpsaison2526-1-150x58.png 150w, https://www.jeunessesmusicales.be/brabantwallon/wp-content/uploads/sites/8/2023/04/bannercpsaison2526-1.png 1200w" sizes="auto, (max-width: 300px) 100vw, 300px" /></a></p>
<h2><a href="https://jeunessesmusicales.be/blog/category/artistes/saisons/saison-25-26/">Pour consulter le catalogue en ligne, cliquez ici</a></h2>
<p>N&rsquo;hésitez pas à nous contacter! Nous sommes à votre disposition pour un conseil, un accompagnement personnalisé afin de choisir LE spectacle qui enchantera vos élèves.</p>
<p>☎ 02/653.36.11</p>
<p>j.mulders@jeunessesmusicales.be</p>
<p>Pour télécharger le bon de commande: <a href="https://www.jeunessesmusicales.be/brabantwallon/wp-content/uploads/sites/8/2023/07/BC-Concerts-mail.xls">Bon de commande Concerts 23-24</a></p>
<div id="ConnectiveDocSignExtentionInstalled" data-extension-version="1.0.4"></div>
<div id="ConnectiveDocSignExtentionInstalled" data-extension-version="1.0.4"></div>

<p>Découvrez notre nouvelle programmation 25-26! Chaque saison, la Fédération des Jeunesses Musicales Wallonie-Bruxelles propose un programme de plus de 50 &hellip; <a href="https://www.jeunessesmusicales.be/brabantwallon/catalogue-concerts-25-26/" class="more-link">Continue reading <span class="screen-reader-text">Catalogue Concerts 25-26</span></a></p>
