{"id":587,"date":"2016-12-13T14:43:38","date_gmt":"2016-12-13T13:43:38","guid":{"rendered":"http:\/\/www.jeunessesmusicales.be\/brabantwallon\/activites-tous-publics\/concerts-publics-copy\/"},"modified":"2025-09-09T12:22:28","modified_gmt":"2025-09-09T10:22:28","slug":"concerts-publics-copy","status":"publish","type":"page","link":"https:\/\/www.jeunessesmusicales.be\/brabantwallon\/activites-tous-publics\/concerts-publics-copy\/","title":{"rendered":"Concerts publics OPE"},"content":{"rendered":"<h1><span style=\"color: #ef3740;\">En raison de la pand\u00e9mie de coronavirus, toutes nos activit\u00e9s sont suspendues jusqu\u2019au 3 avril.<\/span><\/h1>\n<h2>L&rsquo;orchestre \u00e0 la port\u00e9e des enfants<\/h2>\n<h1>15 Mars &#8211; 15H<\/h1>\n<h1>Centre Culturel d&rsquo;Ottignies<\/h1>\n<h2>Les Trois Mousquetaires-Alexandre Dumas<\/h2>\n<p><a rel=\"fancybox[587]\" href=\"https:\/\/www.jeunessesmusicales.be\/brabantwallon\/wp-content\/uploads\/sites\/8\/2020\/03\/OPE-2020-3M-A3.jpg\" class=\"fancybox\"><img loading=\"lazy\" decoding=\"async\" class=\"alignnone wp-image-1388\" src=\"https:\/\/www.jeunessesmusicales.be\/brabantwallon\/wp-content\/uploads\/sites\/8\/2020\/03\/OPE-2020-3M-A3-212x300.jpg\" alt=\"\" width=\"335\" height=\"474\" srcset=\"https:\/\/www.jeunessesmusicales.be\/brabantwallon\/wp-content\/uploads\/sites\/8\/2020\/03\/OPE-2020-3M-A3-212x300.jpg 212w, https:\/\/www.jeunessesmusicales.be\/brabantwallon\/wp-content\/uploads\/sites\/8\/2020\/03\/OPE-2020-3M-A3-768x1086.jpg 768w, https:\/\/www.jeunessesmusicales.be\/brabantwallon\/wp-content\/uploads\/sites\/8\/2020\/03\/OPE-2020-3M-A3-724x1024.jpg 724w, https:\/\/www.jeunessesmusicales.be\/brabantwallon\/wp-content\/uploads\/sites\/8\/2020\/03\/OPE-2020-3M-A3-74x105.jpg 74w, https:\/\/www.jeunessesmusicales.be\/brabantwallon\/wp-content\/uploads\/sites\/8\/2020\/03\/OPE-2020-3M-A3.jpg 1358w\" sizes=\"auto, (max-width: 335px) 100vw, 335px\" \/><\/a><\/p>\n<p>Enfourchez vos montures, d\u00e9gainez vos \u00e9p\u00e9es, et tentez, comme d\u2019Artagnan, d\u2019entrer dans le corps des mousquetaires du roi Louis XIII ! Sur votre route,\u00a0 vous rencontrerez Porthos et Aramis, deux guerriers hors-pair mais qui manquent cruellement de motivation&#8230;!\u00a0 A 3, ils vous embarqueront dans leurs aventures plus dr\u00f4les les unes que les autres et vous am\u00e8neront \u00e0 repenser la condition de soldat&#8230; Un pour tous, tous pour un !<\/p>\n<p><span lang=\"FR\" xml:lang=\"FR\">Avec une mise en sc\u00e8ne et une sc\u00e9nographie originales, les spectacles de <i>L\u2019Orchestre \u00e0 la Port\u00e9e des Enfants <\/i>sont pr\u00e9sent\u00e9s par un ou plusieurs com\u00e9diens de renom, avec la complicit\u00e9 de l\u2019Orchestre Philharmonique Royal de Li\u00e8ge et proposent au jeune public de d\u00e9couvrir en famille des \u0153uvres du r\u00e9pertoire symphonique.<\/span><\/p>\n<p><strong><span lang=\"FR\" xml:lang=\"FR\">Orchestre Philharmonique Royal de Li\u00e8ge\u00a0 <\/span><\/strong><\/p>\n<p><em><strong><span lang=\"FR\" xml:lang=\"FR\">Direction<\/span><\/strong><\/em><span lang=\"FR\" xml:lang=\"FR\"> Victor Jacob<\/span><br \/>\n<b><i><span lang=\"FR\" xml:lang=\"FR\">Mise en sc\u00e8ne<\/span><\/i><\/b><span lang=\"FR\" xml:lang=\"FR\"> Emmanuel Guillaume<\/span><br \/>\n<strong><em>Assistante \u00e0 la mise en sc\u00e8ne<\/em><\/strong> Ninon Perez<br \/>\n<b><i><span lang=\"FR\" xml:lang=\"FR\">Sc\u00e9nographie<\/span><\/i><\/b><span lang=\"FR\" xml:lang=\"FR\"> Satu Peltoniemi<\/span><br \/>\n<em><strong>Adaptation<\/strong><\/em> Camille Voglaire<br \/>\n<b><i><span lang=\"FR\" xml:lang=\"FR\">Com\u00e9diens<\/span><\/i><\/b> Louise Jacob, Emilie Guillaume, Sacha Fritschk\u00e9,\u00a0 Benjamin Torrini, Colin Javeau<br \/>\n<b><i><span lang=\"FR\" xml:lang=\"FR\">Coproduction<\/span><\/i><\/b><span lang=\"FR\" xml:lang=\"FR\"> Jeunesses Musicales de Bruxelles et de Li\u00e8ge et Orchestre Philharmonique Royal de Li\u00e8ge.<\/span><\/p>\n<p><span lang=\"FR\" xml:lang=\"FR\">Prix : adultes : 15 \u20ac<\/span><span lang=\"FR\" xml:lang=\"FR\"> | enfants : 13 \u20ac <\/span><\/p>\n<p><a href=\"https:\/\/shop.utick.be\/?pos=OTTIGNIESLLN\">Billetterie aupr\u00e8s du CC d&rsquo;Ottignies: cliquez ici!<\/a><\/p>\n","protected":false},"excerpt":{"rendered":"<p>En raison de la pand\u00e9mie de coronavirus, toutes nos activit\u00e9s sont suspendues jusqu\u2019au 3 avril. L&rsquo;orchestre \u00e0 la port\u00e9e des &hellip; <a href=\"https:\/\/www.jeunessesmusicales.be\/brabantwallon\/activites-tous-publics\/concerts-publics-copy\/\" class=\"more-link\">Continue reading <span class=\"screen-reader-text\">Concerts publics OPE<\/span><\/a><\/p>\n","protected":false},"author":9,"featured_media":580,"parent":33,"menu_order":0,"comment_status":"closed","ping_status":"closed","template":"","meta":{"_acf_changed":false,"footnotes":""},"class_list":["post-587","page","type-page","status-publish","has-post-thumbnail","hentry"],"acf":[],"_links":{"self":[{"href":"https:\/\/www.jeunessesmusicales.be\/brabantwallon\/wp-json\/wp\/v2\/pages\/587","targetHints":{"allow":["GET"]}}],"collection":[{"href":"https:\/\/www.jeunessesmusicales.be\/brabantwallon\/wp-json\/wp\/v2\/pages"}],"about":[{"href":"https:\/\/www.jeunessesmusicales.be\/brabantwallon\/wp-json\/wp\/v2\/types\/page"}],"author":[{"embeddable":true,"href":"https:\/\/www.jeunessesmusicales.be\/brabantwallon\/wp-json\/wp\/v2\/users\/9"}],"replies":[{"embeddable":true,"href":"https:\/\/www.jeunessesmusicales.be\/brabantwallon\/wp-json\/wp\/v2\/comments?post=587"}],"version-history":[{"count":7,"href":"https:\/\/www.jeunessesmusicales.be\/brabantwallon\/wp-json\/wp\/v2\/pages\/587\/revisions"}],"predecessor-version":[{"id":2741,"href":"https:\/\/www.jeunessesmusicales.be\/brabantwallon\/wp-json\/wp\/v2\/pages\/587\/revisions\/2741"}],"up":[{"embeddable":true,"href":"https:\/\/www.jeunessesmusicales.be\/brabantwallon\/wp-json\/wp\/v2\/pages\/33"}],"wp:featuredmedia":[{"embeddable":true,"href":"https:\/\/www.jeunessesmusicales.be\/brabantwallon\/wp-json\/wp\/v2\/media\/580"}],"wp:attachment":[{"href":"https:\/\/www.jeunessesmusicales.be\/brabantwallon\/wp-json\/wp\/v2\/media?parent=587"}],"curies":[{"name":"wp","href":"https:\/\/api.w.org\/{rel}","templated":true}]}}