{"id":61,"date":"2025-08-26T12:21:34","date_gmt":"2025-08-26T10:21:34","guid":{"rendered":"http:\/\/www.jeunessesmusicales.be\/brabantwallon\/?page_id=61"},"modified":"2025-12-11T11:16:04","modified_gmt":"2025-12-11T10:16:04","slug":"infos-pratiques","status":"publish","type":"page","link":"https:\/\/www.jeunessesmusicales.be\/brabantwallon\/infos-pratiques\/","title":{"rendered":"Infos pratiques stages"},"content":{"rendered":"<p><span style=\"text-decoration: underline;\">Pour inscrire votre enfant<\/span>, le plus simple est de nous envoyer un mail \u00e0 stages.bw@jeunessesmusicales.be reprenant toutes ses coordonn\u00e9es :<\/p>\n<p>nom :<span class=\"Apple-converted-space\">\u00a0<\/span><\/p>\n<p>pr\u00e9nom :<span class=\"Apple-converted-space\">\u00a0<\/span><\/p>\n<p>date de naissance :<span class=\"Apple-converted-space\">\u00a0<\/span><\/p>\n<p>N\u00b0 NISS :<\/p>\n<p>adresse :<\/p>\n<p>n\u00b0 auquel nous pouvons vous joindre durant les heures de bureaux :<\/p>\n<p>Pr\u00e9nom, nom et n\u00b0 NISS de la qui a l\u2019enfant fiscalement \u00e0 charge:<\/p>\n<p>et de valider cette inscription par votre paiement lorsque nous vous aurons confirm\u00e9 la disponibilit\u00e9. \u00a0Un mail de confirmation ( <span style=\"color: #ef3740;\">\u00e0 lire attentivement !<\/span>) reprenant tous les d\u00e9tails pratiques<span class=\"Apple-converted-space\">\u00a0 <\/span>vous parviendra quelques jours avant le stage.<span class=\"Apple-converted-space\">\u00a0<\/span><\/p>\n<p><span style=\"text-decoration: underline;\">En pratique :<\/span><\/p>\n<p>Les enfants sont v\u00eatus de tenues\u00a0pratiques, souples, de chaussures faciles \u00e0 enfiler (si possible pas de lacets et\/ou que les enfants savent mettre seuls) et adapt\u00e9es \u00e0 la m\u00e9t\u00e9o du jour.<\/p>\n<p>Ils apportent \u00e9galement leur pique-nique, des collations (<span style=\"text-decoration: underline;\">au moins 2<\/span>) et des boissons en suffisance. Nous donnons \u00e9videmment de l&rsquo;eau si n\u00e9cessaire.<\/p>\n<p>Les enfants de 2,5 \u00e0 4 ans ne doivent pas \u00eatre absolument \u00ab propres \u00bb, nous mettrons sans aucun probl\u00e8me un lange pour la sieste ou pendant la matin\u00e9e ! Il vous suffit de les apporter dans un sac \u00e0 son nom, avec le \u00ab mat\u00e9riel \u00bb de sieste (couverture, doudou, tute \u00e9ventuelle, \u2026) et le rappeler \u00e0 la personne responsable sur place le 1er jour !\u00a0\u00a0Il y a \u00e9galement un petit pot \u00e0 disposition \u00e0 proximit\u00e9 de la classe pour aider ceux qui sont \u00ab en transition \u00bb \u00a0ou qui seraient intimid\u00e9s par les toilettes normales.<\/p>\n<p>Pour la sieste des plus jeunes, les enfants peuvent apporter doudous, couverture, coussin, tutes et langes, si n\u00e9cessaire (<span style=\"text-decoration: underline;\"><strong><span style=\"color: #ef3740; text-decoration: underline;\">dans un sac avec le nom de votre enfant \u00e9crit visiblement sur le sac<\/span><\/strong><\/span>)<\/p>\n<p>\u00c0\u00a0l\u2019occasion de ce stage, nous serons vraisemblablement amen\u00e9s \u00e0 faire des photos, afin de les utiliser dans nos publications et dans la communication promotionnelle de nos activit\u00e9s musicales.<\/p>\n<p>Ces photos ne seront en aucun cas c\u00e9d\u00e9es \u00e0 d&rsquo;autres associations ou soci\u00e9t\u00e9s, et ne seront utilis\u00e9es que dans le cadre des activit\u00e9s des Jeunesses Musicales.<\/p>\n<p>Les enfants pour lesquels nous n&rsquo;aurons pas re\u00e7u de refus formel de votre part AVANT LE DEBUT DU STAGE sont susceptibles de figurer sur nos publications.<\/p>\n<p>Une attestation de participation pour votre mutuelle vous sera remise \u00e0 la fin du stage<span class=\"Apple-converted-space\">\u00a0 <\/span>.<\/p>\n<p>Pour l\u2019attestation fiscale revenus 2025\/d\u00e9claration en 2026, un formulaire en ligne \u00e0 compl\u00e9ter vous parviendra \u00e9galement \u00e0 la fin du stage. Les frais de garde seront automatiquement encod\u00e9s dans votre d\u00e9claration simplifi\u00e9e.<\/p>\n","protected":false},"excerpt":{"rendered":"<p>Pour inscrire votre enfant, le plus simple est de nous envoyer un mail \u00e0 stages.bw@jeunessesmusicales.be reprenant toutes ses coordonn\u00e9es : &hellip; <a href=\"https:\/\/www.jeunessesmusicales.be\/brabantwallon\/infos-pratiques\/\" class=\"more-link\">Continue reading <span class=\"screen-reader-text\">Infos pratiques stages<\/span><\/a><\/p>\n","protected":false},"author":9,"featured_media":0,"parent":0,"menu_order":0,"comment_status":"closed","ping_status":"closed","template":"","meta":{"_acf_changed":false,"footnotes":""},"class_list":["post-61","page","type-page","status-publish","hentry"],"acf":[],"_links":{"self":[{"href":"https:\/\/www.jeunessesmusicales.be\/brabantwallon\/wp-json\/wp\/v2\/pages\/61","targetHints":{"allow":["GET"]}}],"collection":[{"href":"https:\/\/www.jeunessesmusicales.be\/brabantwallon\/wp-json\/wp\/v2\/pages"}],"about":[{"href":"https:\/\/www.jeunessesmusicales.be\/brabantwallon\/wp-json\/wp\/v2\/types\/page"}],"author":[{"embeddable":true,"href":"https:\/\/www.jeunessesmusicales.be\/brabantwallon\/wp-json\/wp\/v2\/users\/9"}],"replies":[{"embeddable":true,"href":"https:\/\/www.jeunessesmusicales.be\/brabantwallon\/wp-json\/wp\/v2\/comments?post=61"}],"version-history":[{"count":6,"href":"https:\/\/www.jeunessesmusicales.be\/brabantwallon\/wp-json\/wp\/v2\/pages\/61\/revisions"}],"predecessor-version":[{"id":2785,"href":"https:\/\/www.jeunessesmusicales.be\/brabantwallon\/wp-json\/wp\/v2\/pages\/61\/revisions\/2785"}],"wp:attachment":[{"href":"https:\/\/www.jeunessesmusicales.be\/brabantwallon\/wp-json\/wp\/v2\/media?parent=61"}],"curies":[{"name":"wp","href":"https:\/\/api.w.org\/{rel}","templated":true}]}}