{"id":890,"date":"2018-01-22T10:16:02","date_gmt":"2018-01-22T09:16:02","guid":{"rendered":"https:\/\/www.jeunessesmusicales.be\/brabantwallon\/?page_id=890"},"modified":"2025-09-09T12:20:32","modified_gmt":"2025-09-09T10:20:32","slug":"a-la-chapelle-musicale-reine-elisabeth","status":"publish","type":"page","link":"https:\/\/www.jeunessesmusicales.be\/brabantwallon\/a-la-chapelle-musicale-reine-elisabeth\/","title":{"rendered":"Reine Elisabeth Chapelle Musicale"},"content":{"rendered":"<p>De nouveaux \u00e9v\u00e9nements sont en pr\u00e9paration.<\/p>\n","protected":false},"excerpt":{"rendered":"<p>De nouveaux \u00e9v\u00e9nements sont en pr\u00e9paration.<\/p>\n","protected":false},"author":6,"featured_media":0,"parent":0,"menu_order":0,"comment_status":"closed","ping_status":"closed","template":"","meta":{"_acf_changed":false,"footnotes":""},"class_list":["post-890","page","type-page","status-publish","hentry"],"acf":[],"_links":{"self":[{"href":"https:\/\/www.jeunessesmusicales.be\/brabantwallon\/wp-json\/wp\/v2\/pages\/890","targetHints":{"allow":["GET"]}}],"collection":[{"href":"https:\/\/www.jeunessesmusicales.be\/brabantwallon\/wp-json\/wp\/v2\/pages"}],"about":[{"href":"https:\/\/www.jeunessesmusicales.be\/brabantwallon\/wp-json\/wp\/v2\/types\/page"}],"author":[{"embeddable":true,"href":"https:\/\/www.jeunessesmusicales.be\/brabantwallon\/wp-json\/wp\/v2\/users\/6"}],"replies":[{"embeddable":true,"href":"https:\/\/www.jeunessesmusicales.be\/brabantwallon\/wp-json\/wp\/v2\/comments?post=890"}],"version-history":[{"count":23,"href":"https:\/\/www.jeunessesmusicales.be\/brabantwallon\/wp-json\/wp\/v2\/pages\/890\/revisions"}],"predecessor-version":[{"id":2739,"href":"https:\/\/www.jeunessesmusicales.be\/brabantwallon\/wp-json\/wp\/v2\/pages\/890\/revisions\/2739"}],"wp:attachment":[{"href":"https:\/\/www.jeunessesmusicales.be\/brabantwallon\/wp-json\/wp\/v2\/media?parent=890"}],"curies":[{"name":"wp","href":"https:\/\/api.w.org\/{rel}","templated":true}]}}