{"id":11331,"date":"2025-09-04T16:44:37","date_gmt":"2025-09-04T14:44:37","guid":{"rendered":"https:\/\/www.jeunessesmusicales.be\/bruxelles\/?page_id=11331"},"modified":"2025-11-25T14:25:00","modified_gmt":"2025-11-25T13:25:00","slug":"petites-notes-en-famille-ateliers-parents-enfants-wolubilis-0-5-ans","status":"publish","type":"page","link":"https:\/\/www.jeunessesmusicales.be\/bruxelles\/petites-notes-en-famille-ateliers-parents-enfants-wolubilis-0-5-ans\/","title":{"rendered":"Petites notes en famille, ateliers parents-enfants @Wolubilis (0-5 ans)"},"content":{"rendered":"<p style=\"text-align: justify;\"><a rel=\"fancybox[11331]\" href=\"https:\/\/www.jeunessesmusicales.be\/bruxelles\/wp-content\/uploads\/sites\/7\/2025\/08\/notes-en-famille.jpg\" class=\"fancybox\"><img loading=\"lazy\" decoding=\"async\" class=\"alignleft wp-image-11727 size-full\" src=\"https:\/\/www.jeunessesmusicales.be\/bruxelles\/wp-content\/uploads\/sites\/7\/2025\/08\/notes-en-famille.jpg\" alt=\"\" width=\"300\" height=\"200\" srcset=\"https:\/\/www.jeunessesmusicales.be\/bruxelles\/wp-content\/uploads\/sites\/7\/2025\/08\/notes-en-famille.jpg 300w, https:\/\/www.jeunessesmusicales.be\/bruxelles\/wp-content\/uploads\/sites\/7\/2025\/08\/notes-en-famille-150x100.jpg 150w\" sizes=\"auto, (max-width: 300px) 100vw, 300px\" \/><\/a><\/p>\n<p>Chaque semaine, ces ateliers tout en douceur invitent petits et grands \u00e0 partager un instant privil\u00e9gi\u00e9. Comptines, jeux rythmiques, exploration sonore avec de petits instruments et temps de relaxation \u00e9veillent les sens tout en renfor\u00e7ant les liens. Une belle parenth\u00e8se musicale pour grandir ensemble et cr\u00e9er de joyeux souvenirs.<\/p>\n<p><span style=\"color: #ef3740;\">Musicienne intervenante<\/span> :\u00a0Sophia Hauseux<\/p>\n<table style=\"border-collapse: collapse; width: 100%; height: 43px;\">\n<tbody>\n<tr style=\"height: 43px;\">\n<td style=\"width: 575px; height: 43px; border-color: #ee4000; border-style: solid;\">\n<h5 class=\"p1\" style=\"text-align: center;\"><span style=\"color: #ef3740;\"><strong>INFOS PRATIQUES<\/strong><br \/>\n<\/span><\/h5>\n<p style=\"text-align: justify; padding-left: 40px;\"><span style=\"color: #ef3740;\">PUBLIC<br \/>\n<\/span>Parents et enfants de 0 \u00e0 5 ans (1 accompagnant par enfant)<\/p>\n<p style=\"text-align: justify; padding-left: 40px;\"><span style=\"color: #ef3740;\">DATE<br \/>\n<\/span>Chaque samedi matin du 04\/10\/2025 au 20\/06\/2026 hors vacances scolaires.<\/p>\n<p style=\"text-align: justify; padding-left: 40px;\"><span style=\"color: #ef3740;\">HORAIRES<\/span><br \/>\nDe 9h \u00e0 10h : Parent-b\u00e9b\u00e9 de 0 \u00e0 18 mois<br \/>\nDe 10h00 \u00e0 11h00 : Parent-b\u00e9b\u00e9 de 18 \u00e0 36 mois<br \/>\nDe 11h00 \u00e0 12h00 : Parent-enfant de 3 \u00e0 5 ans<\/p>\n<p style=\"text-align: justify; padding-left: 40px;\"><span style=\"color: #ef3740;\">TARIFS<\/span><strong><br \/>\n<\/strong>Ann\u00e9e compl\u00e8te : 300 \u20ac<\/p>\n<p style=\"text-align: justify; padding-left: 40px;\"><span style=\"color: #ef3740;\">R\u00c9SERVATIONS : <a href=\"https:\/\/www.wolubilis.be\/type\/a-faire\/ateliers\/\">Cliquez ICI<\/a><br \/>\n<\/span><\/p>\n<p style=\"padding-left: 40px;\"><span style=\"color: #ef3740;\">ADRESSE<\/span><strong><br \/>\n<\/strong>Les Ateliers de Wolubilis<br \/>\nAtelier Th\u00e9\u00e2tre, Rue Lola Bobesco 11, 2e \u00e9tage, 1200 Woluwe-Saint-Lambert<\/p>\n<\/td>\n<\/tr>\n<\/tbody>\n<\/table>\n<p style=\"text-align: right;\">En partenariat avec :<\/p>\n<p><a rel=\"fancybox[11331]\" href=\"https:\/\/www.jeunessesmusicales.be\/bruxelles\/wp-content\/uploads\/sites\/7\/2025\/03\/Logo-Kidzik-nouille.png\" target=\"_blank\" rel=\"noopener\" class=\"fancybox\"><img loading=\"lazy\" decoding=\"async\" class=\"wp-image-11279 alignright\" src=\"https:\/\/www.jeunessesmusicales.be\/bruxelles\/wp-content\/uploads\/sites\/7\/2025\/03\/Logo-Kidzik-nouille-300x300.png\" alt=\"\" width=\"145\" height=\"145\" data-pagespeed-url-hash=\"2587197555\" \/><\/a><\/p>\n<p style=\"text-align: center;\"><a rel=\"fancybox[11331]\" href=\"https:\/\/www.jeunessesmusicales.be\/bruxelles\/wp-content\/uploads\/sites\/7\/2023\/07\/Espace_Magh_logo-removebg-preview.png\" class=\"fancybox\"><img loading=\"lazy\" decoding=\"async\" class=\" wp-image-10043 alignright\" src=\"https:\/\/www.jeunessesmusicales.be\/bruxelles\/wp-content\/uploads\/sites\/7\/2023\/07\/Espace_Magh_logo-removebg-preview.png\" alt=\"\" width=\"124\" height=\"124\" srcset=\"https:\/\/www.jeunessesmusicales.be\/bruxelles\/wp-content\/uploads\/sites\/7\/2023\/07\/Espace_Magh_logo-removebg-preview.png 224w, https:\/\/www.jeunessesmusicales.be\/bruxelles\/wp-content\/uploads\/sites\/7\/2023\/07\/Espace_Magh_logo-removebg-preview-150x150.png 150w, https:\/\/www.jeunessesmusicales.be\/bruxelles\/wp-content\/uploads\/sites\/7\/2023\/07\/Espace_Magh_logo-removebg-preview-105x105.png 105w, https:\/\/www.jeunessesmusicales.be\/bruxelles\/wp-content\/uploads\/sites\/7\/2023\/07\/Espace_Magh_logo-removebg-preview-200x200.png 200w\" sizes=\"auto, (max-width: 124px) 100vw, 124px\" \/><\/a><\/p>\n","protected":false},"excerpt":{"rendered":"<p>Chaque semaine, ces ateliers tout en douceur invitent petits et grands \u00e0 partager un instant privil\u00e9gi\u00e9. Comptines, jeux rythmiques, exploration &hellip; <a href=\"https:\/\/www.jeunessesmusicales.be\/bruxelles\/petites-notes-en-famille-ateliers-parents-enfants-wolubilis-0-5-ans\/\" class=\"more-link\">Continue reading <span class=\"screen-reader-text\">Petites notes en famille, ateliers parents-enfants @Wolubilis (0-5 ans)<\/span><\/a><\/p>\n","protected":false},"author":38,"featured_media":0,"parent":0,"menu_order":0,"comment_status":"closed","ping_status":"closed","template":"","meta":{"_acf_changed":false,"footnotes":""},"class_list":["post-11331","page","type-page","status-publish","hentry"],"acf":[],"aioseo_notices":[],"_links":{"self":[{"href":"https:\/\/www.jeunessesmusicales.be\/bruxelles\/wp-json\/wp\/v2\/pages\/11331","targetHints":{"allow":["GET"]}}],"collection":[{"href":"https:\/\/www.jeunessesmusicales.be\/bruxelles\/wp-json\/wp\/v2\/pages"}],"about":[{"href":"https:\/\/www.jeunessesmusicales.be\/bruxelles\/wp-json\/wp\/v2\/types\/page"}],"author":[{"embeddable":true,"href":"https:\/\/www.jeunessesmusicales.be\/bruxelles\/wp-json\/wp\/v2\/users\/38"}],"replies":[{"embeddable":true,"href":"https:\/\/www.jeunessesmusicales.be\/bruxelles\/wp-json\/wp\/v2\/comments?post=11331"}],"version-history":[{"count":12,"href":"https:\/\/www.jeunessesmusicales.be\/bruxelles\/wp-json\/wp\/v2\/pages\/11331\/revisions"}],"predecessor-version":[{"id":12113,"href":"https:\/\/www.jeunessesmusicales.be\/bruxelles\/wp-json\/wp\/v2\/pages\/11331\/revisions\/12113"}],"wp:attachment":[{"href":"https:\/\/www.jeunessesmusicales.be\/bruxelles\/wp-json\/wp\/v2\/media?parent=11331"}],"curies":[{"name":"wp","href":"https:\/\/api.w.org\/{rel}","templated":true}]}}