{"id":4465,"date":"2023-07-12T14:20:07","date_gmt":"2023-07-12T12:20:07","guid":{"rendered":"https:\/\/www.jeunessesmusicales.be\/bruxelles\/sorties-scolaires-petit-theatre-mercelis-copy\/"},"modified":"2025-08-26T16:29:56","modified_gmt":"2025-08-26T14:29:56","slug":"flagey","status":"publish","type":"page","link":"https:\/\/www.jeunessesmusicales.be\/bruxelles\/concerts\/flagey\/","title":{"rendered":"Concerts en famille @Flagey"},"content":{"rendered":"<p style=\"text-align: justify;\">Chaque ann\u00e9e, le partenariat entre les Jeunesses Musicales de Bruxelles et Flagey est renouvel\u00e9 autour de la programmation d\u2019une s\u00e9rie de concerts et spectacles destin\u00e9s au public familial.<\/p>\n<p style=\"text-align: justify;\">Pour la saison 2025-26, les Jeunesses Musicales s&rsquo;associent \u00e0 Flagey pour proposer 8 concerts accessibles \u00e0 des enfants d\u2019\u00e2ges vari\u00e9s et permettant de d\u00e9couvrir une grande diversit\u00e9 de styles musicaux mais aussi de disciplines artistiques.<\/p>\n<p>&nbsp;<\/p>\n<p style=\"text-align: left;\"><strong>Ce lieu embl\u00e9matique de Bruxelles accueillera ainsi cette ann\u00e9e :<\/strong><\/p>\n<p><a rel=\"fancybox[4465]\" href=\"https:\/\/www.jeunessesmusicales.be\/bruxelles\/zuraburu-la-txalaparta-europalia-espana-flagey\/\" target=\"_blank\" rel=\"noopener\"><img loading=\"lazy\" decoding=\"async\" class=\"alignnone wp-image-11514 size-full\" src=\"https:\/\/www.jeunessesmusicales.be\/bruxelles\/wp-content\/uploads\/sites\/7\/2025\/08\/Zuraburu-illustration-public.png\" alt=\"\" width=\"300\" height=\"271\" \/ class=\"fancybox\" srcset=\"https:\/\/www.jeunessesmusicales.be\/bruxelles\/wp-content\/uploads\/sites\/7\/2025\/08\/Zuraburu-illustration-public.png 300w, https:\/\/www.jeunessesmusicales.be\/bruxelles\/wp-content\/uploads\/sites\/7\/2025\/08\/Zuraburu-illustration-public-116x105.png 116w\" sizes=\"auto, (max-width: 300px) 100vw, 300px\" \/><\/a><a rel=\"fancybox[4465]\" href=\"https:\/\/www.jeunessesmusicales.be\/bruxelles\/85-ans-des-jeunesses-musicales-ode-aux-lendemains-flagey\/\" target=\"_blank\" rel=\"noopener\">\u00a0 \u00a0 \u00a0<img loading=\"lazy\" decoding=\"async\" class=\"wp-image-11877 size-full alignnone\" src=\"https:\/\/www.jeunessesmusicales.be\/bruxelles\/wp-content\/uploads\/sites\/7\/2025\/08\/Ode-aux-lendemains-public.png\" alt=\"\" width=\"300\" height=\"271\" \/ class=\"fancybox\" srcset=\"https:\/\/www.jeunessesmusicales.be\/bruxelles\/wp-content\/uploads\/sites\/7\/2025\/08\/Ode-aux-lendemains-public.png 300w, https:\/\/www.jeunessesmusicales.be\/bruxelles\/wp-content\/uploads\/sites\/7\/2025\/08\/Ode-aux-lendemains-public-116x105.png 116w\" sizes=\"auto, (max-width: 300px) 100vw, 300px\" \/><\/a><\/p>\n<p><a rel=\"fancybox[4465]\" href=\"https:\/\/www.jeunessesmusicales.be\/bruxelles\/les-grandes-moustaches-musiques-bavardes-flagey\/\" target=\"_blank\" rel=\"noopener\"><img loading=\"lazy\" decoding=\"async\" class=\"alignnone wp-image-11543 size-full\" src=\"https:\/\/www.jeunessesmusicales.be\/bruxelles\/wp-content\/uploads\/sites\/7\/2025\/08\/Grandes-moustaches-public.png\" alt=\"\" width=\"300\" height=\"271\" \/ class=\"fancybox\" srcset=\"https:\/\/www.jeunessesmusicales.be\/bruxelles\/wp-content\/uploads\/sites\/7\/2025\/08\/Grandes-moustaches-public.png 300w, https:\/\/www.jeunessesmusicales.be\/bruxelles\/wp-content\/uploads\/sites\/7\/2025\/08\/Grandes-moustaches-public-116x105.png 116w\" sizes=\"auto, (max-width: 300px) 100vw, 300px\" \/><\/a><a rel=\"fancybox[4465]\" href=\"https:\/\/www.jeunessesmusicales.be\/bruxelles\/griboujazz-griboujazz-i-flagey-2\/\" target=\"_blank\" rel=\"noopener\">\u00a0 \u00a0 \u00a0<img loading=\"lazy\" decoding=\"async\" class=\"alignnone wp-image-11548 size-full\" src=\"https:\/\/www.jeunessesmusicales.be\/bruxelles\/wp-content\/uploads\/sites\/7\/2025\/08\/Griboujazz-public.png\" alt=\"\" width=\"300\" height=\"271\" \/ class=\"fancybox\" srcset=\"https:\/\/www.jeunessesmusicales.be\/bruxelles\/wp-content\/uploads\/sites\/7\/2025\/08\/Griboujazz-public.png 300w, https:\/\/www.jeunessesmusicales.be\/bruxelles\/wp-content\/uploads\/sites\/7\/2025\/08\/Griboujazz-public-116x105.png 116w\" sizes=\"auto, (max-width: 300px) 100vw, 300px\" \/>\u00a0 \u00a0\u00a0<\/a><\/p>\n<p><a rel=\"fancybox[4465]\" href=\"https:\/\/www.jeunessesmusicales.be\/bruxelles\/gerard-spencer-joachim-lacrosse-le-tour-du-monde-en-80-sons-flagey\/\" target=\"_blank\" rel=\"noopener\"><img loading=\"lazy\" decoding=\"async\" class=\"alignnone wp-image-11558 size-full\" src=\"https:\/\/www.jeunessesmusicales.be\/bruxelles\/wp-content\/uploads\/sites\/7\/2025\/08\/Lacrosse-public.png\" alt=\"\" width=\"300\" height=\"271\" \/ class=\"fancybox\" srcset=\"https:\/\/www.jeunessesmusicales.be\/bruxelles\/wp-content\/uploads\/sites\/7\/2025\/08\/Lacrosse-public.png 300w, https:\/\/www.jeunessesmusicales.be\/bruxelles\/wp-content\/uploads\/sites\/7\/2025\/08\/Lacrosse-public-116x105.png 116w\" sizes=\"auto, (max-width: 300px) 100vw, 300px\" \/><\/a><a rel=\"fancybox[4465]\" href=\"https:\/\/www.jeunessesmusicales.be\/bruxelles\/trio-philomele-le-rossignol-et-lempereur-de-chine-flagey\/\" target=\"_blank\" rel=\"noopener\">\u00a0 \u00a0 \u00a0<img loading=\"lazy\" decoding=\"async\" class=\"alignnone wp-image-11567 size-full\" src=\"https:\/\/www.jeunessesmusicales.be\/bruxelles\/wp-content\/uploads\/sites\/7\/2025\/08\/rossignol-public.png\" alt=\"\" width=\"300\" height=\"271\" \/ class=\"fancybox\" srcset=\"https:\/\/www.jeunessesmusicales.be\/bruxelles\/wp-content\/uploads\/sites\/7\/2025\/08\/rossignol-public.png 300w, https:\/\/www.jeunessesmusicales.be\/bruxelles\/wp-content\/uploads\/sites\/7\/2025\/08\/rossignol-public-116x105.png 116w\" sizes=\"auto, (max-width: 300px) 100vw, 300px\" \/>\u00a0\u00a0<\/a><\/p>\n<p><a rel=\"fancybox[4465]\" href=\"https:\/\/www.jeunessesmusicales.be\/bruxelles\/lorchestre-a-la-portee-des-enfants-carmen-loiseau-rebelle-flagey\/\" target=\"_blank\" rel=\"noopener\"><img loading=\"lazy\" decoding=\"async\" class=\"alignnone wp-image-11702 size-full\" src=\"https:\/\/www.jeunessesmusicales.be\/bruxelles\/wp-content\/uploads\/sites\/7\/2025\/08\/Carmen-OPE-public.png\" alt=\"\" width=\"300\" height=\"271\" \/ class=\"fancybox\" srcset=\"https:\/\/www.jeunessesmusicales.be\/bruxelles\/wp-content\/uploads\/sites\/7\/2025\/08\/Carmen-OPE-public.png 300w, https:\/\/www.jeunessesmusicales.be\/bruxelles\/wp-content\/uploads\/sites\/7\/2025\/08\/Carmen-OPE-public-116x105.png 116w\" sizes=\"auto, (max-width: 300px) 100vw, 300px\" \/><\/a><a rel=\"fancybox[4465]\" href=\"https:\/\/www.jeunessesmusicales.be\/bruxelles\/zouratie-kone-waati-flagey\/\" target=\"_blank\" rel=\"noopener\">\u00a0 \u00a0 \u00a0<img loading=\"lazy\" decoding=\"async\" class=\"wp-image-11571 size-full alignnone\" src=\"https:\/\/www.jeunessesmusicales.be\/bruxelles\/wp-content\/uploads\/sites\/7\/2025\/08\/Zouratie-public.png\" alt=\"\" width=\"300\" height=\"271\" \/ class=\"fancybox\" srcset=\"https:\/\/www.jeunessesmusicales.be\/bruxelles\/wp-content\/uploads\/sites\/7\/2025\/08\/Zouratie-public.png 300w, https:\/\/www.jeunessesmusicales.be\/bruxelles\/wp-content\/uploads\/sites\/7\/2025\/08\/Zouratie-public-116x105.png 116w\" sizes=\"auto, (max-width: 300px) 100vw, 300px\" \/><\/a><\/p>\n<div data-extension-version=\"1.0.4\"><\/div>\n<p>&nbsp;<\/p>\n<div id=\"ConnectiveDocSignExtentionInstalled\" style=\"text-align: left;\" data-extension-version=\"1.0.4\">\n<p style=\"text-align: right;\">En partenariat avec :<\/p>\n<p style=\"text-align: right;\"><a rel=\"fancybox[4465]\" href=\"https:\/\/www.jeunessesmusicales.be\/bruxelles\/wp-content\/uploads\/sites\/7\/2022\/08\/Flagey-removebg-preview.png\" class=\"fancybox\"><img loading=\"lazy\" decoding=\"async\" class=\"wp-image-8546 alignright\" src=\"https:\/\/www.jeunessesmusicales.be\/bruxelles\/wp-content\/uploads\/sites\/7\/2022\/08\/Flagey-removebg-preview-300x114.png\" alt=\"\" width=\"140\" height=\"53\" srcset=\"https:\/\/www.jeunessesmusicales.be\/bruxelles\/wp-content\/uploads\/sites\/7\/2022\/08\/Flagey-removebg-preview-300x114.png 300w, https:\/\/www.jeunessesmusicales.be\/bruxelles\/wp-content\/uploads\/sites\/7\/2022\/08\/Flagey-removebg-preview-768x292.png 768w, https:\/\/www.jeunessesmusicales.be\/bruxelles\/wp-content\/uploads\/sites\/7\/2022\/08\/Flagey-removebg-preview-150x57.png 150w, https:\/\/www.jeunessesmusicales.be\/bruxelles\/wp-content\/uploads\/sites\/7\/2022\/08\/Flagey-removebg-preview.png 810w\" sizes=\"auto, (max-width: 140px) 100vw, 140px\" \/><\/a><\/p>\n<\/div>\n","protected":false},"excerpt":{"rendered":"<p>Chaque ann\u00e9e, le partenariat entre les Jeunesses Musicales de Bruxelles et Flagey est renouvel\u00e9 autour de la programmation d\u2019une s\u00e9rie &hellip; <a href=\"https:\/\/www.jeunessesmusicales.be\/bruxelles\/concerts\/flagey\/\" class=\"more-link\">Continue reading <span class=\"screen-reader-text\">Concerts en famille @Flagey<\/span><\/a><\/p>\n","protected":false},"author":38,"featured_media":0,"parent":50,"menu_order":0,"comment_status":"closed","ping_status":"closed","template":"","meta":{"_acf_changed":false,"footnotes":""},"class_list":["post-4465","page","type-page","status-publish","hentry"],"acf":[],"aioseo_notices":[],"_links":{"self":[{"href":"https:\/\/www.jeunessesmusicales.be\/bruxelles\/wp-json\/wp\/v2\/pages\/4465","targetHints":{"allow":["GET"]}}],"collection":[{"href":"https:\/\/www.jeunessesmusicales.be\/bruxelles\/wp-json\/wp\/v2\/pages"}],"about":[{"href":"https:\/\/www.jeunessesmusicales.be\/bruxelles\/wp-json\/wp\/v2\/types\/page"}],"author":[{"embeddable":true,"href":"https:\/\/www.jeunessesmusicales.be\/bruxelles\/wp-json\/wp\/v2\/users\/38"}],"replies":[{"embeddable":true,"href":"https:\/\/www.jeunessesmusicales.be\/bruxelles\/wp-json\/wp\/v2\/comments?post=4465"}],"version-history":[{"count":55,"href":"https:\/\/www.jeunessesmusicales.be\/bruxelles\/wp-json\/wp\/v2\/pages\/4465\/revisions"}],"predecessor-version":[{"id":11912,"href":"https:\/\/www.jeunessesmusicales.be\/bruxelles\/wp-json\/wp\/v2\/pages\/4465\/revisions\/11912"}],"up":[{"embeddable":true,"href":"https:\/\/www.jeunessesmusicales.be\/bruxelles\/wp-json\/wp\/v2\/pages\/50"}],"wp:attachment":[{"href":"https:\/\/www.jeunessesmusicales.be\/bruxelles\/wp-json\/wp\/v2\/media?parent=4465"}],"curies":[{"name":"wp","href":"https:\/\/api.w.org\/{rel}","templated":true}]}}