{"id":48,"date":"2023-07-20T12:07:41","date_gmt":"2023-07-20T10:07:41","guid":{"rendered":"http:\/\/www.jeunessesmusicales.be\/bruxelles\/?page_id=48"},"modified":"2026-04-13T20:24:07","modified_gmt":"2026-04-13T18:24:07","slug":"stages-musicaux","status":"publish","type":"page","link":"https:\/\/www.jeunessesmusicales.be\/bruxelles\/stages-musicaux\/","title":{"rendered":"Stages musicaux"},"content":{"rendered":"<p style=\"text-align: justify;\"><a rel=\"fancybox[48]\" href=\"https:\/\/www.jeunessesmusicales.be\/bruxelles\/wp-content\/uploads\/sites\/7\/2025\/08\/IMG_0675.jpeg\" class=\"fancybox\"><img loading=\"lazy\" decoding=\"async\" class=\"alignleft size-medium wp-image-11954\" src=\"https:\/\/www.jeunessesmusicales.be\/bruxelles\/wp-content\/uploads\/sites\/7\/2025\/08\/IMG_0675-225x300.jpeg\" alt=\"\" width=\"225\" height=\"300\" srcset=\"https:\/\/www.jeunessesmusicales.be\/bruxelles\/wp-content\/uploads\/sites\/7\/2025\/08\/IMG_0675-225x300.jpeg 225w, https:\/\/www.jeunessesmusicales.be\/bruxelles\/wp-content\/uploads\/sites\/7\/2025\/08\/IMG_0675-768x1024.jpeg 768w, https:\/\/www.jeunessesmusicales.be\/bruxelles\/wp-content\/uploads\/sites\/7\/2025\/08\/IMG_0675-1152x1536.jpeg 1152w, https:\/\/www.jeunessesmusicales.be\/bruxelles\/wp-content\/uploads\/sites\/7\/2025\/08\/IMG_0675-79x105.jpeg 79w, https:\/\/www.jeunessesmusicales.be\/bruxelles\/wp-content\/uploads\/sites\/7\/2025\/08\/IMG_0675.jpeg 1440w\" sizes=\"auto, (max-width: 225px) 100vw, 225px\" \/><\/a>Nos stages musicaux s\u2019adressent \u00e0 diff\u00e9rentes tranches d\u2019\u00e2ges, d\u00e8s la naissance. Ils visent \u00e0 \u00e9veiller \u00e0 la musique ainsi qu\u2019\u00e0 d\u00e9couvrir des styles musicaux, des instruments et des cultures d\u2019ici et d\u2019ailleurs par la pratique et la rencontre.<\/p>\n<p style=\"text-align: justify;\">Souvent pluridisciplinaires, nos stages permettent aux enfants de se familiariser avec la musique mais aussi d\u2019autres disciplines artistiques telles que le conte, l\u2019expression corporelle, le th\u00e9\u00e2tre, l\u2019architecture, la peinture\u2026 Autant d\u2019activit\u00e9s qui stimulent la cr\u00e9ativit\u00e9, l\u2019\u00e9coute de soi-m\u00eame et des autres. Les enfants osent s\u2019exprimer, s\u2019\u00e9coutent, d\u00e9lient leur corps, lib\u00e8rent leurs \u00e9motions, appr\u00e9hendent la notion de respect et la mettent en \u0153uvre.<\/p>\n<p style=\"text-align: justify;\">Nous organisons des stages tout au long de l\u2019ann\u00e9e pendant les vacances scolaires dans diff\u00e9rents lieux culturels \u00e0 Bruxelles : La Villa de Ganshoren, le CIVA, la Maison Qui Chante, la Fondation Kanal, la Facult\u00e9 d&rsquo;architecture La Cambre-Horta&#8230;<\/p>\n<h3>Nos prochains stages :<\/h3>\n<p><span style=\"color: #ef3740;\"><strong>Vacances d&rsquo;\u00e9t\u00e9 :<\/strong><\/span><\/p>\n<p><span style=\"color: #ef3740;\"><strong>du 6 au 10 juillet 2026 :\u00a0<\/strong><\/span><\/p>\n<ul>\n<li style=\"list-style-type: none;\">\n<ul>\n<li style=\"list-style-type: none;\">\n<ul>\n<li><strong><a href=\"https:\/\/www.jeunessesmusicales.be\/bruxelles\/stage-musical-enfants-de-4-a-5-ans-ccjette\/\">Stage musical (4 \u00e0 5 ans), Centre Culturel de Jette (Jette)<\/a><\/strong><\/li>\n<li><a href=\"https:\/\/www.jeunessesmusicales.be\/bruxelles\/stage-musical-enfants-de-6-a-8-ans-ccjette\/\"><strong>Stage musical (6 \u00e0 8 ans), Centre Culturel de Jette (<\/strong><strong>Je<\/strong><strong>tte)<\/strong><\/a><\/li>\n<li><a href=\"https:\/\/www.jeunessesmusicales.be\/bruxelles\/stage-dehors-iv-enfants-de-8-a-12-ans-la-cambre-horta\/\"><strong>Stage \u00ab\u00a0Dehors IV : initiation au Hip Hop et au Graffiti\u00a0\u00bb, (8 \u00e0 12 ans), en partenariat avec le CIVA, La Cambre Horta (Ixelles)<\/strong><\/a><\/li>\n<\/ul>\n<\/li>\n<\/ul>\n<\/li>\n<\/ul>\n<p><span style=\"color: #ef3740;\"><strong>du 17 au 21 ao\u00fbt 2026 :\u00a0<\/strong><\/span><\/p>\n<ul>\n<li style=\"list-style-type: none;\">\n<ul>\n<li style=\"list-style-type: none;\">\n<ul>\n<li><strong><a href=\"https:\/\/www.jeunessesmusicales.be\/bruxelles\/stage-musical-enfants-de-4-a-5-ans-maison-qui-chante\/\">Stage musical (4 \u00e0 5 ans), Maison Qui Chante (Ixelles)<\/a><\/strong><\/li>\n<li><a href=\"https:\/\/www.jeunessesmusicales.be\/bruxelles\/stage-musical-enfants-de-6-a-8-ans-maison-qui-chante\/\"><strong>Stage musical (6 \u00e0 8 ans), Maison Qui Chante (Ixelles)<\/strong><\/a><\/li>\n<\/ul>\n<\/li>\n<\/ul>\n<\/li>\n<\/ul>\n<h3>Contenu des stages<\/h3>\n<p>Chaque stage a une th\u00e9matique particuli\u00e8re, li\u00e9e au lieu du stage, au partenaire \u00e9ventuel, \u00e0 la saison et \u00e0 l&rsquo;\u00e2ge des participants. La familiarisation avec la musique et d&rsquo;autres pratiques artistiques reste au c\u0153ur de tous nos stages. Pour chaque stage, le d\u00e9tail de la th\u00e9matique est disponible en ligne quelques semaines avant le d\u00e9but du stage.<\/p>\n<p>Le <strong>d\u00e9roulement<\/strong> du stage reste cependant le m\u00eame, quel que soit le th\u00e8me abord\u00e9 :<\/p>\n<ul>\n<li style=\"list-style-type: none;\">\n<ul style=\"list-style-type: disc;\">\n<li>8h30-9h30: accueil &amp; garderie<\/li>\n<li>9h30-10h: chorale (chansons en rapport avec le th\u00e8me du\u00a0<span class=\"il\">stage<\/span>)<\/li>\n<li>10h-10h30: collation du matin<\/li>\n<li>10:30-12h00: activit\u00e9s musicales<\/li>\n<li>12h-13h: Repas<\/li>\n<li>13h-14h30: sieste pour les plus jeunes. Pour les plus grands: jeux dehors et moment calme (histoires, dessins, coloriages en lien avec la th\u00e9matique)<\/li>\n<li>14h30-15h30: bricolages musicaux en lien avec la th\u00e9matique<\/li>\n<li>15h30- 16h: go\u00fbter<\/li>\n<li>16h-16h30: chorale (chansons en rapport avec le th\u00e8me du\u00a0<span class=\"il\">stage<\/span>)<\/li>\n<li>16h30-17h30: garderie<\/li>\n<\/ul>\n<\/li>\n<\/ul>\n<h5 style=\"text-align: center;\"><strong><span style=\"color: #ef3740;\">Pour toute information concernant nos stages, \u00e9crivez-nous \u00e0 <a style=\"color: #ef3740;\" href=\"mailto:stages.JMBxl@jeunessesmusicales.be\">stages.jmbxl@jeunessesmusicales.be<\/a><\/span><\/strong><\/h5>\n","protected":false},"excerpt":{"rendered":"<p>Nos stages musicaux s\u2019adressent \u00e0 diff\u00e9rentes tranches d\u2019\u00e2ges, d\u00e8s la naissance. Ils visent \u00e0 \u00e9veiller \u00e0 la musique ainsi qu\u2019\u00e0 &hellip; <a href=\"https:\/\/www.jeunessesmusicales.be\/bruxelles\/stages-musicaux\/\" class=\"more-link\">Continue reading <span class=\"screen-reader-text\">Stages musicaux<\/span><\/a><\/p>\n","protected":false},"author":38,"featured_media":3978,"parent":0,"menu_order":0,"comment_status":"closed","ping_status":"closed","template":"","meta":{"_acf_changed":false,"footnotes":""},"class_list":["post-48","page","type-page","status-publish","has-post-thumbnail","hentry"],"acf":[],"aioseo_notices":[],"_links":{"self":[{"href":"https:\/\/www.jeunessesmusicales.be\/bruxelles\/wp-json\/wp\/v2\/pages\/48","targetHints":{"allow":["GET"]}}],"collection":[{"href":"https:\/\/www.jeunessesmusicales.be\/bruxelles\/wp-json\/wp\/v2\/pages"}],"about":[{"href":"https:\/\/www.jeunessesmusicales.be\/bruxelles\/wp-json\/wp\/v2\/types\/page"}],"author":[{"embeddable":true,"href":"https:\/\/www.jeunessesmusicales.be\/bruxelles\/wp-json\/wp\/v2\/users\/38"}],"replies":[{"embeddable":true,"href":"https:\/\/www.jeunessesmusicales.be\/bruxelles\/wp-json\/wp\/v2\/comments?post=48"}],"version-history":[{"count":542,"href":"https:\/\/www.jeunessesmusicales.be\/bruxelles\/wp-json\/wp\/v2\/pages\/48\/revisions"}],"predecessor-version":[{"id":12255,"href":"https:\/\/www.jeunessesmusicales.be\/bruxelles\/wp-json\/wp\/v2\/pages\/48\/revisions\/12255"}],"wp:featuredmedia":[{"embeddable":true,"href":"https:\/\/www.jeunessesmusicales.be\/bruxelles\/wp-json\/wp\/v2\/media\/3978"}],"wp:attachment":[{"href":"https:\/\/www.jeunessesmusicales.be\/bruxelles\/wp-json\/wp\/v2\/media?parent=48"}],"curies":[{"name":"wp","href":"https:\/\/api.w.org\/{rel}","templated":true}]}}

<p style="text-align: justify;"><a rel="fancybox[48]" href="https://www.jeunessesmusicales.be/bruxelles/wp-content/uploads/sites/7/2025/08/IMG_0675.jpeg" class="fancybox"><img loading="lazy" decoding="async" class="alignleft size-medium wp-image-11954" src="https://www.jeunessesmusicales.be/bruxelles/wp-content/uploads/sites/7/2025/08/IMG_0675-225x300.jpeg" alt="" width="225" height="300" srcset="https://www.jeunessesmusicales.be/bruxelles/wp-content/uploads/sites/7/2025/08/IMG_0675-225x300.jpeg 225w, https://www.jeunessesmusicales.be/bruxelles/wp-content/uploads/sites/7/2025/08/IMG_0675-768x1024.jpeg 768w, https://www.jeunessesmusicales.be/bruxelles/wp-content/uploads/sites/7/2025/08/IMG_0675-1152x1536.jpeg 1152w, https://www.jeunessesmusicales.be/bruxelles/wp-content/uploads/sites/7/2025/08/IMG_0675-79x105.jpeg 79w, https://www.jeunessesmusicales.be/bruxelles/wp-content/uploads/sites/7/2025/08/IMG_0675.jpeg 1440w" sizes="auto, (max-width: 225px) 100vw, 225px" /></a>Nos stages musicaux s’adressent à différentes tranches d’âges, dès la naissance. Ils visent à éveiller à la musique ainsi qu’à découvrir des styles musicaux, des instruments et des cultures d’ici et d’ailleurs par la pratique et la rencontre.</p>
<p style="text-align: justify;">Souvent pluridisciplinaires, nos stages permettent aux enfants de se familiariser avec la musique mais aussi d’autres disciplines artistiques telles que le conte, l’expression corporelle, le théâtre, l’architecture, la peinture… Autant d’activités qui stimulent la créativité, l’écoute de soi-même et des autres. Les enfants osent s’exprimer, s’écoutent, délient leur corps, libèrent leurs émotions, appréhendent la notion de respect et la mettent en œuvre.</p>
<p style="text-align: justify;">Nous organisons des stages tout au long de l’année pendant les vacances scolaires dans différents lieux culturels à Bruxelles : La Villa de Ganshoren, le CIVA, la Maison Qui Chante, la Fondation Kanal, la Faculté d&rsquo;architecture La Cambre-Horta&#8230;</p>
<h3>Nos prochains stages :</h3>
<p><span style="color: #ef3740;"><strong>Vacances d&rsquo;été :</strong></span></p>
<p><span style="color: #ef3740;"><strong>du 6 au 10 juillet 2026 : </strong></span></p>
<ul>
<li style="list-style-type: none;">
<ul>
<li style="list-style-type: none;">
<ul>
<li><strong><a href="https://www.jeunessesmusicales.be/bruxelles/stage-musical-enfants-de-4-a-5-ans-ccjette/">Stage musical (4 à 5 ans), Centre Culturel de Jette (Jette)</a></strong></li>
<li><a href="https://www.jeunessesmusicales.be/bruxelles/stage-musical-enfants-de-6-a-8-ans-ccjette/"><strong>Stage musical (6 à 8 ans), Centre Culturel de Jette (</strong><strong>Je</strong><strong>tte)</strong></a></li>
<li><a href="https://www.jeunessesmusicales.be/bruxelles/stage-dehors-iv-enfants-de-8-a-12-ans-la-cambre-horta/"><strong>Stage « Dehors IV : initiation au Hip Hop et au Graffiti », (8 à 12 ans), en partenariat avec le CIVA, La Cambre Horta (Ixelles)</strong></a></li>
</ul>
</li>
</ul>
</li>
</ul>
<p><span style="color: #ef3740;"><strong>du 17 au 21 août 2026 : </strong></span></p>
<ul>
<li style="list-style-type: none;">
<ul>
<li style="list-style-type: none;">
<ul>
<li><strong><a href="https://www.jeunessesmusicales.be/bruxelles/stage-musical-enfants-de-4-a-5-ans-maison-qui-chante/">Stage musical (4 à 5 ans), Maison Qui Chante (Ixelles)</a></strong></li>
<li><a href="https://www.jeunessesmusicales.be/bruxelles/stage-musical-enfants-de-6-a-8-ans-maison-qui-chante/"><strong>Stage musical (6 à 8 ans), Maison Qui Chante (Ixelles)</strong></a></li>
</ul>
</li>
</ul>
</li>
</ul>
<h3>Contenu des stages</h3>
<p>Chaque stage a une thématique particulière, liée au lieu du stage, au partenaire éventuel, à la saison et à l&rsquo;âge des participants. La familiarisation avec la musique et d&rsquo;autres pratiques artistiques reste au cœur de tous nos stages. Pour chaque stage, le détail de la thématique est disponible en ligne quelques semaines avant le début du stage.</p>
<p>Le <strong>déroulement</strong> du stage reste cependant le même, quel que soit le thème abordé :</p>
<ul>
<li style="list-style-type: none;">
<ul style="list-style-type: disc;">
<li>8h30-9h30: accueil &amp; garderie</li>
<li>9h30-10h: chorale (chansons en rapport avec le thème du <span class="il">stage</span>)</li>
<li>10h-10h30: collation du matin</li>
<li>10:30-12h00: activités musicales</li>
<li>12h-13h: Repas</li>
<li>13h-14h30: sieste pour les plus jeunes. Pour les plus grands: jeux dehors et moment calme (histoires, dessins, coloriages en lien avec la thématique)</li>
<li>14h30-15h30: bricolages musicaux en lien avec la thématique</li>
<li>15h30- 16h: goûter</li>
<li>16h-16h30: chorale (chansons en rapport avec le thème du <span class="il">stage</span>)</li>
<li>16h30-17h30: garderie</li>
</ul>
</li>
</ul>
<h5 style="text-align: center;"><strong><span style="color: #ef3740;">Pour toute information concernant nos stages, écrivez-nous à <a style="color: #ef3740;" href="mailto:stages.JMBxl@jeunessesmusicales.be">stages.jmbxl@jeunessesmusicales.be</a></span></strong></h5>

<p>Nos stages musicaux s’adressent à différentes tranches d’âges, dès la naissance. Ils visent à éveiller à la musique ainsi qu’à &hellip; <a href="https://www.jeunessesmusicales.be/bruxelles/stages-musicaux/" class="more-link">Continue reading <span class="screen-reader-text">Stages musicaux</span></a></p>
