{"id":7526,"date":"2023-07-12T10:09:39","date_gmt":"2023-07-12T08:09:39","guid":{"rendered":"https:\/\/www.jeunessesmusicales.be\/bruxelles\/en-famille\/concerts\/sorties-scolaires-flagey-copy\/"},"modified":"2025-09-19T15:17:58","modified_gmt":"2025-09-19T13:17:58","slug":"sorties-scolaires-flagey","status":"publish","type":"page","link":"https:\/\/www.jeunessesmusicales.be\/bruxelles\/sorties-scolaires\/sorties-scolaires-flagey\/","title":{"rendered":"Sorties scolaires @Flagey"},"content":{"rendered":"<p style=\"text-align: justify;\">Chaque ann\u00e9e, le partenariat entre les Jeunesses Musicales de Bruxelles et Flagey est renouvel\u00e9 autour de la programmation d\u2019une s\u00e9rie de concerts destin\u00e9s au jeune public.<\/p>\n<p style=\"text-align: justify;\">Pour la saison 2024-25, les Jeunesses Musicales ont s\u00e9lectionn\u00e9 6 concerts\/spectacles accessibles \u00e0 des enfants d\u2019\u00e2ges vari\u00e9s et permettant de d\u00e9couvrir une grande diversit\u00e9 de styles musicaux mais aussi de disciplines artistiques (art du sable, th\u00e9\u00e2tre d\u2019objets, cin\u00e9-concert, musique classique et du monde\u2026).<\/p>\n<p style=\"text-align: center;\">Ce lieu embl\u00e9matique de Bruxelles accueillera ainsi cette ann\u00e9e :<\/p>\n<p>&nbsp;<\/p>\n<p><a rel=\"fancybox[7526]\" href=\"https:\/\/www.jeunessesmusicales.be\/bruxelles\/zuraburu-la-txalaparta-europalia-espana-flagey-2\/\"><img loading=\"lazy\" decoding=\"async\" class=\"alignnone wp-image-11515 size-full\" src=\"https:\/\/www.jeunessesmusicales.be\/bruxelles\/wp-content\/uploads\/sites\/7\/2025\/08\/Zuraburu-illustration-scolaire.png\" alt=\"\" width=\"300\" height=\"271\" \/ class=\"fancybox\" srcset=\"https:\/\/www.jeunessesmusicales.be\/bruxelles\/wp-content\/uploads\/sites\/7\/2025\/08\/Zuraburu-illustration-scolaire.png 300w, https:\/\/www.jeunessesmusicales.be\/bruxelles\/wp-content\/uploads\/sites\/7\/2025\/08\/Zuraburu-illustration-scolaire-116x105.png 116w\" sizes=\"auto, (max-width: 300px) 100vw, 300px\" \/><\/a><a style=\"font-size: 16px;\" rel=\"fancybox[7526]\" href=\"https:\/\/www.jeunessesmusicales.be\/bruxelles\/les-grandes-moustaches-musiques-bavardes-flagey-2\/\" target=\"_blank\" rel=\"noopener\"><img loading=\"lazy\" decoding=\"async\" class=\"alignnone wp-image-11544 size-full\" src=\"https:\/\/www.jeunessesmusicales.be\/bruxelles\/wp-content\/uploads\/sites\/7\/2025\/08\/Grandes-moustaches-scolaire.png\" alt=\"\" width=\"300\" height=\"271\" \/ class=\"fancybox\" srcset=\"https:\/\/www.jeunessesmusicales.be\/bruxelles\/wp-content\/uploads\/sites\/7\/2025\/08\/Grandes-moustaches-scolaire.png 300w, https:\/\/www.jeunessesmusicales.be\/bruxelles\/wp-content\/uploads\/sites\/7\/2025\/08\/Grandes-moustaches-scolaire-116x105.png 116w\" sizes=\"auto, (max-width: 300px) 100vw, 300px\" \/><\/a><\/p>\n<p><a rel=\"fancybox[7526]\" href=\"https:\/\/www.jeunessesmusicales.be\/bruxelles\/griboujazz-griboujazz-i-flagey\/\" target=\"_blank\" rel=\"noopener\"><img loading=\"lazy\" decoding=\"async\" class=\"alignnone wp-image-11554 size-full\" src=\"https:\/\/www.jeunessesmusicales.be\/bruxelles\/wp-content\/uploads\/sites\/7\/2025\/08\/Griboujazz-scolaire-2.png\" alt=\"\" width=\"300\" height=\"271\" \/ class=\"fancybox\" srcset=\"https:\/\/www.jeunessesmusicales.be\/bruxelles\/wp-content\/uploads\/sites\/7\/2025\/08\/Griboujazz-scolaire-2.png 300w, https:\/\/www.jeunessesmusicales.be\/bruxelles\/wp-content\/uploads\/sites\/7\/2025\/08\/Griboujazz-scolaire-2-116x105.png 116w\" sizes=\"auto, (max-width: 300px) 100vw, 300px\" \/><\/a><a rel=\"fancybox[7526]\" href=\"https:\/\/www.jeunessesmusicales.be\/bruxelles\/gerard-spencer-joachim-lacrosse-le-tour-du-monde-en-80-sons-flagey-2\/\" target=\"_blank\" rel=\"noopener\"><img loading=\"lazy\" decoding=\"async\" class=\"alignnone wp-image-11559 size-full\" src=\"https:\/\/www.jeunessesmusicales.be\/bruxelles\/wp-content\/uploads\/sites\/7\/2025\/08\/Lacrosse-scolaire.png\" alt=\"\" width=\"300\" height=\"271\" \/ class=\"fancybox\" srcset=\"https:\/\/www.jeunessesmusicales.be\/bruxelles\/wp-content\/uploads\/sites\/7\/2025\/08\/Lacrosse-scolaire.png 300w, https:\/\/www.jeunessesmusicales.be\/bruxelles\/wp-content\/uploads\/sites\/7\/2025\/08\/Lacrosse-scolaire-116x105.png 116w\" sizes=\"auto, (max-width: 300px) 100vw, 300px\" \/><\/a><\/p>\n<p><a rel=\"fancybox[7526]\" href=\"https:\/\/www.jeunessesmusicales.be\/bruxelles\/trio-philomele-le-rossignol-et-lempereur-de-chine-flagey-2\/\" target=\"_blank\" rel=\"noopener\"><img loading=\"lazy\" decoding=\"async\" class=\"alignnone wp-image-11568 size-full\" src=\"https:\/\/www.jeunessesmusicales.be\/bruxelles\/wp-content\/uploads\/sites\/7\/2025\/08\/rossignol-scolaire.png\" alt=\"\" width=\"300\" height=\"271\" \/ class=\"fancybox\" srcset=\"https:\/\/www.jeunessesmusicales.be\/bruxelles\/wp-content\/uploads\/sites\/7\/2025\/08\/rossignol-scolaire.png 300w, https:\/\/www.jeunessesmusicales.be\/bruxelles\/wp-content\/uploads\/sites\/7\/2025\/08\/rossignol-scolaire-116x105.png 116w\" sizes=\"auto, (max-width: 300px) 100vw, 300px\" \/><\/a><a rel=\"fancybox[7526]\" href=\"https:\/\/www.jeunessesmusicales.be\/bruxelles\/zouratie-kone-waati-flagey-2\/\" target=\"_blank\" rel=\"noopener\"><img loading=\"lazy\" decoding=\"async\" class=\"alignnone wp-image-11572 size-full\" src=\"https:\/\/www.jeunessesmusicales.be\/bruxelles\/wp-content\/uploads\/sites\/7\/2025\/08\/Zouratie-scolaire.png\" alt=\"\" width=\"300\" height=\"271\" \/ class=\"fancybox\" srcset=\"https:\/\/www.jeunessesmusicales.be\/bruxelles\/wp-content\/uploads\/sites\/7\/2025\/08\/Zouratie-scolaire.png 300w, https:\/\/www.jeunessesmusicales.be\/bruxelles\/wp-content\/uploads\/sites\/7\/2025\/08\/Zouratie-scolaire-116x105.png 116w\" sizes=\"auto, (max-width: 300px) 100vw, 300px\" \/><\/a><\/p>\n<p>&nbsp;<\/p>\n<p>&nbsp;<\/p>\n<p style=\"text-align: right;\">En partenariat avec :<\/p>\n<p style=\"text-align: right;\"><a rel=\"fancybox[7526]\" href=\"https:\/\/www.flagey.be\/fr\/\" target=\"_blank\" rel=\"noopener\"><img loading=\"lazy\" decoding=\"async\" class=\"alignright wp-image-10041\" src=\"https:\/\/www.jeunessesmusicales.be\/bruxelles\/wp-content\/uploads\/sites\/7\/2023\/07\/Flagey-300x114.png\" alt=\"\" width=\"142\" height=\"54\" \/ class=\"fancybox\" srcset=\"https:\/\/www.jeunessesmusicales.be\/bruxelles\/wp-content\/uploads\/sites\/7\/2023\/07\/Flagey-300x114.png 300w, https:\/\/www.jeunessesmusicales.be\/bruxelles\/wp-content\/uploads\/sites\/7\/2023\/07\/Flagey-768x292.png 768w, https:\/\/www.jeunessesmusicales.be\/bruxelles\/wp-content\/uploads\/sites\/7\/2023\/07\/Flagey-150x57.png 150w, https:\/\/www.jeunessesmusicales.be\/bruxelles\/wp-content\/uploads\/sites\/7\/2023\/07\/Flagey.png 810w\" sizes=\"auto, (max-width: 142px) 100vw, 142px\" \/><\/a><\/p>\n","protected":false},"excerpt":{"rendered":"<p>Chaque ann\u00e9e, le partenariat entre les Jeunesses Musicales de Bruxelles et Flagey est renouvel\u00e9 autour de la programmation d\u2019une s\u00e9rie &hellip; <a href=\"https:\/\/www.jeunessesmusicales.be\/bruxelles\/sorties-scolaires\/sorties-scolaires-flagey\/\" class=\"more-link\">Continue reading <span class=\"screen-reader-text\">Sorties scolaires @Flagey<\/span><\/a><\/p>\n","protected":false},"author":38,"featured_media":0,"parent":120,"menu_order":0,"comment_status":"closed","ping_status":"closed","template":"","meta":{"_acf_changed":false,"footnotes":""},"class_list":["post-7526","page","type-page","status-publish","hentry"],"acf":[],"aioseo_notices":[],"_links":{"self":[{"href":"https:\/\/www.jeunessesmusicales.be\/bruxelles\/wp-json\/wp\/v2\/pages\/7526","targetHints":{"allow":["GET"]}}],"collection":[{"href":"https:\/\/www.jeunessesmusicales.be\/bruxelles\/wp-json\/wp\/v2\/pages"}],"about":[{"href":"https:\/\/www.jeunessesmusicales.be\/bruxelles\/wp-json\/wp\/v2\/types\/page"}],"author":[{"embeddable":true,"href":"https:\/\/www.jeunessesmusicales.be\/bruxelles\/wp-json\/wp\/v2\/users\/38"}],"replies":[{"embeddable":true,"href":"https:\/\/www.jeunessesmusicales.be\/bruxelles\/wp-json\/wp\/v2\/comments?post=7526"}],"version-history":[{"count":43,"href":"https:\/\/www.jeunessesmusicales.be\/bruxelles\/wp-json\/wp\/v2\/pages\/7526\/revisions"}],"predecessor-version":[{"id":12078,"href":"https:\/\/www.jeunessesmusicales.be\/bruxelles\/wp-json\/wp\/v2\/pages\/7526\/revisions\/12078"}],"up":[{"embeddable":true,"href":"https:\/\/www.jeunessesmusicales.be\/bruxelles\/wp-json\/wp\/v2\/pages\/120"}],"wp:attachment":[{"href":"https:\/\/www.jeunessesmusicales.be\/bruxelles\/wp-json\/wp\/v2\/media?parent=7526"}],"curies":[{"name":"wp","href":"https:\/\/api.w.org\/{rel}","templated":true}]}}