{"id":7528,"date":"2022-08-04T10:11:49","date_gmt":"2022-08-04T08:11:49","guid":{"rendered":"https:\/\/www.jeunessesmusicales.be\/bruxelles\/en-famille\/concerts\/jm-au-theatre-mercelis-copy\/"},"modified":"2025-08-09T18:34:07","modified_gmt":"2025-08-09T16:34:07","slug":"theatre-mercelis","status":"publish","type":"page","link":"https:\/\/www.jeunessesmusicales.be\/bruxelles\/sorties-scolaires\/theatre-mercelis\/","title":{"rendered":"Sorties scolaires @Th\u00e9\u00e2tre Mercelis"},"content":{"rendered":"<p style=\"text-align: justify;\">Les Jeunesses Musicales de Bruxelles et le Service Culture d\u2019Ixelles travaillent en collaboration depuis de nombreuses ann\u00e9es pour offrir aux \u00e9l\u00e8ves de la commune et de tout Bruxelles des spectacles de qualit\u00e9 qui font le bonheur des petits et des grands.<\/p>\n<p style=\"text-align: justify;\">Une s\u00e9rie de concerts des Jeunesses Musicales sont programm\u00e9s chaque saison au Th\u00e9\u00e2tre Mercelis. Ils sont s\u00e9lectionn\u00e9s pour qu\u2019une grande vari\u00e9t\u00e9 de styles et de cultures musicaux soient pr\u00e9sent\u00e9s.<\/p>\n<p style=\"text-align: justify;\">Pour la saison 2024-25, les Jeunesses Musicales ont s\u00e9lectionn\u00e9 6 spectacles\/concerts accessibles \u00e0 des enfants d\u2019\u00e2ges vari\u00e9s et permettant de d\u00e9couvrir une grande diversit\u00e9 de styles musicaux mais aussi de disciplines artistiques (th\u00e9\u00e2tre d&rsquo;objets, musique patrimoniale, cin\u00e9-concert, musique du monde, bossa\u2026).<\/p>\n<p style=\"text-align: center;\">Ce lieu embl\u00e9matique de Bruxelles accueillera ainsi cette ann\u00e9e :<\/p>\n<p>&nbsp;<\/p>\n<p><a rel=\"fancybox[7528]\" href=\"https:\/\/www.jeunessesmusicales.be\/bruxelles\/le-ba-ya-trio-pas-de-trois-theatre-mercelis-2\/\" target=\"_blank\" rel=\"noopener\"><img loading=\"lazy\" decoding=\"async\" class=\"wp-image-11589 size-full alignnone\" src=\"https:\/\/www.jeunessesmusicales.be\/bruxelles\/wp-content\/uploads\/sites\/7\/2025\/08\/Ba-ya-scolaire-2.png\" alt=\"\" width=\"300\" height=\"271\" \/ class=\"fancybox\" srcset=\"https:\/\/www.jeunessesmusicales.be\/bruxelles\/wp-content\/uploads\/sites\/7\/2025\/08\/Ba-ya-scolaire-2.png 300w, https:\/\/www.jeunessesmusicales.be\/bruxelles\/wp-content\/uploads\/sites\/7\/2025\/08\/Ba-ya-scolaire-2-116x105.png 116w\" sizes=\"auto, (max-width: 300px) 100vw, 300px\" \/><\/a><a rel=\"fancybox[7528]\" href=\"https:\/\/www.jeunessesmusicales.be\/bruxelles\/olivier-richard-anne-dethier-le-secret-de-larbre-theatre-mercelis-2\/\" target=\"_blank\" rel=\"noopener\"><img loading=\"lazy\" decoding=\"async\" class=\"alignnone wp-image-11607 size-full\" src=\"https:\/\/www.jeunessesmusicales.be\/bruxelles\/wp-content\/uploads\/sites\/7\/2025\/08\/le-secret-de-larbre-scolaire.png\" alt=\"\" width=\"300\" height=\"271\" \/ class=\"fancybox\" srcset=\"https:\/\/www.jeunessesmusicales.be\/bruxelles\/wp-content\/uploads\/sites\/7\/2025\/08\/le-secret-de-larbre-scolaire.png 300w, https:\/\/www.jeunessesmusicales.be\/bruxelles\/wp-content\/uploads\/sites\/7\/2025\/08\/le-secret-de-larbre-scolaire-116x105.png 116w\" sizes=\"auto, (max-width: 300px) 100vw, 300px\" \/><\/a><\/p>\n<p><a rel=\"fancybox[7528]\" href=\"https:\/\/www.jeunessesmusicales.be\/bruxelles\/entre-2-silences-theatre-mercelis-2\/\" target=\"_blank\" rel=\"noopener\"><img loading=\"lazy\" decoding=\"async\" class=\"wp-image-11613 size-full alignnone\" src=\"https:\/\/www.jeunessesmusicales.be\/bruxelles\/wp-content\/uploads\/sites\/7\/2025\/08\/Entre-2-silences-public-2.png\" alt=\"\" width=\"300\" height=\"271\" \/ class=\"fancybox\" srcset=\"https:\/\/www.jeunessesmusicales.be\/bruxelles\/wp-content\/uploads\/sites\/7\/2025\/08\/Entre-2-silences-public-2.png 300w, https:\/\/www.jeunessesmusicales.be\/bruxelles\/wp-content\/uploads\/sites\/7\/2025\/08\/Entre-2-silences-public-2-116x105.png 116w\" sizes=\"auto, (max-width: 300px) 100vw, 300px\" \/><\/a><a rel=\"fancybox[7528]\" href=\"https:\/\/www.jeunessesmusicales.be\/bruxelles\/ensemble-tropismes-le-voyage-de-charlie-theatre-mercelis\/\" target=\"_blank\" rel=\"noopener\"><img loading=\"lazy\" decoding=\"async\" class=\"wp-image-11621 size-full alignnone\" src=\"https:\/\/www.jeunessesmusicales.be\/bruxelles\/wp-content\/uploads\/sites\/7\/2025\/08\/Charlie-scolaire.png\" alt=\"\" width=\"300\" height=\"271\" \/ class=\"fancybox\" srcset=\"https:\/\/www.jeunessesmusicales.be\/bruxelles\/wp-content\/uploads\/sites\/7\/2025\/08\/Charlie-scolaire.png 300w, https:\/\/www.jeunessesmusicales.be\/bruxelles\/wp-content\/uploads\/sites\/7\/2025\/08\/Charlie-scolaire-116x105.png 116w\" sizes=\"auto, (max-width: 300px) 100vw, 300px\" \/><\/a><\/p>\n<p><a rel=\"fancybox[7528]\" href=\"https:\/\/www.jeunessesmusicales.be\/bruxelles\/rachel-ponsonby-tic-tac-tock-theatre-mercelis-2\/\" target=\"_blank\" rel=\"noopener\"><img loading=\"lazy\" decoding=\"async\" class=\"wp-image-11632 size-full alignnone\" src=\"https:\/\/www.jeunessesmusicales.be\/bruxelles\/wp-content\/uploads\/sites\/7\/2025\/08\/Rachel-scolaire.png\" alt=\"\" width=\"300\" height=\"271\" \/ class=\"fancybox\" srcset=\"https:\/\/www.jeunessesmusicales.be\/bruxelles\/wp-content\/uploads\/sites\/7\/2025\/08\/Rachel-scolaire.png 300w, https:\/\/www.jeunessesmusicales.be\/bruxelles\/wp-content\/uploads\/sites\/7\/2025\/08\/Rachel-scolaire-116x105.png 116w\" sizes=\"auto, (max-width: 300px) 100vw, 300px\" \/><\/a><a rel=\"fancybox[7528]\" href=\"https:\/\/www.jeunessesmusicales.be\/bruxelles\/clap-duo-cie-du-simorgh-lamour-des-3-oranges-theatre-mercelis-2\/\" target=\"_blank\" rel=\"noopener\"><img loading=\"lazy\" decoding=\"async\" class=\"wp-image-11638 size-full alignnone\" src=\"https:\/\/www.jeunessesmusicales.be\/bruxelles\/wp-content\/uploads\/sites\/7\/2025\/08\/3-oranges-scolaire.png\" alt=\"\" width=\"300\" height=\"271\" \/ class=\"fancybox\" srcset=\"https:\/\/www.jeunessesmusicales.be\/bruxelles\/wp-content\/uploads\/sites\/7\/2025\/08\/3-oranges-scolaire.png 300w, https:\/\/www.jeunessesmusicales.be\/bruxelles\/wp-content\/uploads\/sites\/7\/2025\/08\/3-oranges-scolaire-116x105.png 116w\" sizes=\"auto, (max-width: 300px) 100vw, 300px\" \/><\/a><\/p>\n<p>&nbsp;<\/p>\n<p>&nbsp;<\/p>\n<p style=\"text-align: right;\"><span style=\"text-align: justify;\">Avec le soutien du Bourgmestre, de l&rsquo;\u00c9chevin de la Culture, du Coll\u00e8ge des Bourgmestre et \u00c9chevins et du Service Culture de la Commune d&rsquo;Ixelles.<\/span><\/p>\n<p><a rel=\"fancybox[7528]\" href=\"https:\/\/www.ixelles.be\/site\/index.php\"><img loading=\"lazy\" decoding=\"async\" class=\"wp-image-6612 alignright\" src=\"https:\/\/www.jeunessesmusicales.be\/bruxelles\/wp-content\/uploads\/sites\/7\/2021\/08\/logo-ixelles.png\" alt=\"\" width=\"100\" height=\"46\" \/ class=\"fancybox\" srcset=\"https:\/\/www.jeunessesmusicales.be\/bruxelles\/wp-content\/uploads\/sites\/7\/2021\/08\/logo-ixelles.png 174w, https:\/\/www.jeunessesmusicales.be\/bruxelles\/wp-content\/uploads\/sites\/7\/2021\/08\/logo-ixelles-150x69.png 150w\" sizes=\"auto, (max-width: 100px) 100vw, 100px\" \/><\/a><\/p>\n<p>&nbsp;<\/p>\n","protected":false},"excerpt":{"rendered":"<p>Les Jeunesses Musicales de Bruxelles et le Service Culture d\u2019Ixelles travaillent en collaboration depuis de nombreuses ann\u00e9es pour offrir aux &hellip; <a href=\"https:\/\/www.jeunessesmusicales.be\/bruxelles\/sorties-scolaires\/theatre-mercelis\/\" class=\"more-link\">Continue reading <span class=\"screen-reader-text\">Sorties scolaires @Th\u00e9\u00e2tre Mercelis<\/span><\/a><\/p>\n","protected":false},"author":4,"featured_media":0,"parent":120,"menu_order":0,"comment_status":"closed","ping_status":"closed","template":"","meta":{"_acf_changed":false,"footnotes":""},"class_list":["post-7528","page","type-page","status-publish","hentry"],"acf":[],"aioseo_notices":[],"_links":{"self":[{"href":"https:\/\/www.jeunessesmusicales.be\/bruxelles\/wp-json\/wp\/v2\/pages\/7528","targetHints":{"allow":["GET"]}}],"collection":[{"href":"https:\/\/www.jeunessesmusicales.be\/bruxelles\/wp-json\/wp\/v2\/pages"}],"about":[{"href":"https:\/\/www.jeunessesmusicales.be\/bruxelles\/wp-json\/wp\/v2\/types\/page"}],"author":[{"embeddable":true,"href":"https:\/\/www.jeunessesmusicales.be\/bruxelles\/wp-json\/wp\/v2\/users\/4"}],"replies":[{"embeddable":true,"href":"https:\/\/www.jeunessesmusicales.be\/bruxelles\/wp-json\/wp\/v2\/comments?post=7528"}],"version-history":[{"count":33,"href":"https:\/\/www.jeunessesmusicales.be\/bruxelles\/wp-json\/wp\/v2\/pages\/7528\/revisions"}],"predecessor-version":[{"id":11668,"href":"https:\/\/www.jeunessesmusicales.be\/bruxelles\/wp-json\/wp\/v2\/pages\/7528\/revisions\/11668"}],"up":[{"embeddable":true,"href":"https:\/\/www.jeunessesmusicales.be\/bruxelles\/wp-json\/wp\/v2\/pages\/120"}],"wp:attachment":[{"href":"https:\/\/www.jeunessesmusicales.be\/bruxelles\/wp-json\/wp\/v2\/media?parent=7528"}],"curies":[{"name":"wp","href":"https:\/\/api.w.org\/{rel}","templated":true}]}}

Sorties scolaires @Théâtre Mercelis

<p style="text-align: justify;">Les Jeunesses Musicales de Bruxelles et le Service Culture d’Ixelles travaillent en collaboration depuis de nombreuses années pour offrir aux élèves de la commune et de tout Bruxelles des spectacles de qualité qui font le bonheur des petits et des grands.</p>
<p style="text-align: justify;">Une série de concerts des Jeunesses Musicales sont programmés chaque saison au Théâtre Mercelis. Ils sont sélectionnés pour qu’une grande variété de styles et de cultures musicaux soient présentés.</p>
<p style="text-align: justify;">Pour la saison 2024-25, les Jeunesses Musicales ont sélectionné 6 spectacles/concerts accessibles à des enfants d’âges variés et permettant de découvrir une grande diversité de styles musicaux mais aussi de disciplines artistiques (théâtre d&rsquo;objets, musique patrimoniale, ciné-concert, musique du monde, bossa…).</p>
<p style="text-align: center;">Ce lieu emblématique de Bruxelles accueillera ainsi cette année :</p>
<p>&nbsp;</p>
<p><a rel="fancybox[7528]" href="https://www.jeunessesmusicales.be/bruxelles/le-ba-ya-trio-pas-de-trois-theatre-mercelis-2/" target="_blank" rel="noopener"><img loading="lazy" decoding="async" class="wp-image-11589 size-full alignnone" src="https://www.jeunessesmusicales.be/bruxelles/wp-content/uploads/sites/7/2025/08/Ba-ya-scolaire-2.png" alt="" width="300" height="271" / class="fancybox" srcset="https://www.jeunessesmusicales.be/bruxelles/wp-content/uploads/sites/7/2025/08/Ba-ya-scolaire-2.png 300w, https://www.jeunessesmusicales.be/bruxelles/wp-content/uploads/sites/7/2025/08/Ba-ya-scolaire-2-116x105.png 116w" sizes="auto, (max-width: 300px) 100vw, 300px" /></a><a rel="fancybox[7528]" href="https://www.jeunessesmusicales.be/bruxelles/olivier-richard-anne-dethier-le-secret-de-larbre-theatre-mercelis-2/" target="_blank" rel="noopener"><img loading="lazy" decoding="async" class="alignnone wp-image-11607 size-full" src="https://www.jeunessesmusicales.be/bruxelles/wp-content/uploads/sites/7/2025/08/le-secret-de-larbre-scolaire.png" alt="" width="300" height="271" / class="fancybox" srcset="https://www.jeunessesmusicales.be/bruxelles/wp-content/uploads/sites/7/2025/08/le-secret-de-larbre-scolaire.png 300w, https://www.jeunessesmusicales.be/bruxelles/wp-content/uploads/sites/7/2025/08/le-secret-de-larbre-scolaire-116x105.png 116w" sizes="auto, (max-width: 300px) 100vw, 300px" /></a></p>
<p><a rel="fancybox[7528]" href="https://www.jeunessesmusicales.be/bruxelles/entre-2-silences-theatre-mercelis-2/" target="_blank" rel="noopener"><img loading="lazy" decoding="async" class="wp-image-11613 size-full alignnone" src="https://www.jeunessesmusicales.be/bruxelles/wp-content/uploads/sites/7/2025/08/Entre-2-silences-public-2.png" alt="" width="300" height="271" / class="fancybox" srcset="https://www.jeunessesmusicales.be/bruxelles/wp-content/uploads/sites/7/2025/08/Entre-2-silences-public-2.png 300w, https://www.jeunessesmusicales.be/bruxelles/wp-content/uploads/sites/7/2025/08/Entre-2-silences-public-2-116x105.png 116w" sizes="auto, (max-width: 300px) 100vw, 300px" /></a><a rel="fancybox[7528]" href="https://www.jeunessesmusicales.be/bruxelles/ensemble-tropismes-le-voyage-de-charlie-theatre-mercelis/" target="_blank" rel="noopener"><img loading="lazy" decoding="async" class="wp-image-11621 size-full alignnone" src="https://www.jeunessesmusicales.be/bruxelles/wp-content/uploads/sites/7/2025/08/Charlie-scolaire.png" alt="" width="300" height="271" / class="fancybox" srcset="https://www.jeunessesmusicales.be/bruxelles/wp-content/uploads/sites/7/2025/08/Charlie-scolaire.png 300w, https://www.jeunessesmusicales.be/bruxelles/wp-content/uploads/sites/7/2025/08/Charlie-scolaire-116x105.png 116w" sizes="auto, (max-width: 300px) 100vw, 300px" /></a></p>
<p><a rel="fancybox[7528]" href="https://www.jeunessesmusicales.be/bruxelles/rachel-ponsonby-tic-tac-tock-theatre-mercelis-2/" target="_blank" rel="noopener"><img loading="lazy" decoding="async" class="wp-image-11632 size-full alignnone" src="https://www.jeunessesmusicales.be/bruxelles/wp-content/uploads/sites/7/2025/08/Rachel-scolaire.png" alt="" width="300" height="271" / class="fancybox" srcset="https://www.jeunessesmusicales.be/bruxelles/wp-content/uploads/sites/7/2025/08/Rachel-scolaire.png 300w, https://www.jeunessesmusicales.be/bruxelles/wp-content/uploads/sites/7/2025/08/Rachel-scolaire-116x105.png 116w" sizes="auto, (max-width: 300px) 100vw, 300px" /></a><a rel="fancybox[7528]" href="https://www.jeunessesmusicales.be/bruxelles/clap-duo-cie-du-simorgh-lamour-des-3-oranges-theatre-mercelis-2/" target="_blank" rel="noopener"><img loading="lazy" decoding="async" class="wp-image-11638 size-full alignnone" src="https://www.jeunessesmusicales.be/bruxelles/wp-content/uploads/sites/7/2025/08/3-oranges-scolaire.png" alt="" width="300" height="271" / class="fancybox" srcset="https://www.jeunessesmusicales.be/bruxelles/wp-content/uploads/sites/7/2025/08/3-oranges-scolaire.png 300w, https://www.jeunessesmusicales.be/bruxelles/wp-content/uploads/sites/7/2025/08/3-oranges-scolaire-116x105.png 116w" sizes="auto, (max-width: 300px) 100vw, 300px" /></a></p>
<p>&nbsp;</p>
<p>&nbsp;</p>
<p style="text-align: right;"><span style="text-align: justify;">Avec le soutien du Bourgmestre, de l&rsquo;Échevin de la Culture, du Collège des Bourgmestre et Échevins et du Service Culture de la Commune d&rsquo;Ixelles.</span></p>
<p><a rel="fancybox[7528]" href="https://www.ixelles.be/site/index.php"><img loading="lazy" decoding="async" class="wp-image-6612 alignright" src="https://www.jeunessesmusicales.be/bruxelles/wp-content/uploads/sites/7/2021/08/logo-ixelles.png" alt="" width="100" height="46" / class="fancybox" srcset="https://www.jeunessesmusicales.be/bruxelles/wp-content/uploads/sites/7/2021/08/logo-ixelles.png 174w, https://www.jeunessesmusicales.be/bruxelles/wp-content/uploads/sites/7/2021/08/logo-ixelles-150x69.png 150w" sizes="auto, (max-width: 100px) 100vw, 100px" /></a></p>
<p>&nbsp;</p>

<p>Les Jeunesses Musicales de Bruxelles et le Service Culture d’Ixelles travaillent en collaboration depuis de nombreuses années pour offrir aux &hellip; <a href="https://www.jeunessesmusicales.be/bruxelles/sorties-scolaires/theatre-mercelis/" class="more-link">Continue reading <span class="screen-reader-text">Sorties scolaires @Théâtre Mercelis</span></a></p>
