{"id":7532,"date":"2023-07-04T10:13:21","date_gmt":"2023-07-04T08:13:21","guid":{"rendered":"https:\/\/www.jeunessesmusicales.be\/bruxelles\/pour-les-creches-et-les-ecoles\/sorties-scolaires\/jm-au-senghor-copy\/"},"modified":"2025-08-11T12:55:18","modified_gmt":"2025-08-11T10:55:18","slug":"sorties-scolaires-espace-toots-evere","status":"publish","type":"page","link":"https:\/\/www.jeunessesmusicales.be\/bruxelles\/sorties-scolaires\/sorties-scolaires-espace-toots-evere\/","title":{"rendered":"Sorties scolaires @Espace Toots (Evere)"},"content":{"rendered":"<p style=\"text-align: justify;\">Les Jeunesses Musicales de Bruxelles et l&rsquo;Acad\u00e9mie de musique d&rsquo;Evere travaillent en collaboration depuis de nombreuses ann\u00e9es pour offrir aux \u00e9l\u00e8ves de la commune des concerts et spectacles de qualit\u00e9 qui font le bonheur des petits et des grands.<\/p>\n<p style=\"text-align: justify;\">Une s\u00e9rie de concerts des Jeunesses Musicales sont programm\u00e9s chaque saison \u00e0 l&rsquo;Espace Toots et sont accessibles gratuitement pour les \u00e9l\u00e8ves de la commune d&rsquo;Evere. La programmation est choisie pour qu\u2019une grande vari\u00e9t\u00e9 de styles et de cultures musicaux soient pr\u00e9sent\u00e9s.<\/p>\n<p>Nous avons la joie de proposer cette saison :<\/p>\n<p>&nbsp;<\/p>\n<p><a rel=\"fancybox[7532]\" href=\"https:\/\/www.jeunessesmusicales.be\/bruxelles\/entre-2-silences-espace-toots-evere\/\" target=\"_blank\" rel=\"noopener\"><img loading=\"lazy\" decoding=\"async\" class=\"alignnone wp-image-11775 size-full\" src=\"https:\/\/www.jeunessesmusicales.be\/bruxelles\/wp-content\/uploads\/sites\/7\/2025\/08\/Entre-2-silences-Toots-scolaire.png\" alt=\"\" width=\"300\" height=\"271\" \/ class=\"fancybox\" srcset=\"https:\/\/www.jeunessesmusicales.be\/bruxelles\/wp-content\/uploads\/sites\/7\/2025\/08\/Entre-2-silences-Toots-scolaire.png 300w, https:\/\/www.jeunessesmusicales.be\/bruxelles\/wp-content\/uploads\/sites\/7\/2025\/08\/Entre-2-silences-Toots-scolaire-116x105.png 116w\" sizes=\"auto, (max-width: 300px) 100vw, 300px\" \/><\/a>\u00a0 <a rel=\"fancybox[7532]\" href=\"https:\/\/www.jeunessesmusicales.be\/bruxelles\/rive-espace-toots-evere\/\" target=\"_blank\" rel=\"noopener\"><img loading=\"lazy\" decoding=\"async\" class=\"alignnone wp-image-11770 size-full\" src=\"https:\/\/www.jeunessesmusicales.be\/bruxelles\/wp-content\/uploads\/sites\/7\/2025\/08\/Rive-Toots-scolaire.png\" alt=\"\" width=\"300\" height=\"271\" \/ class=\"fancybox\" srcset=\"https:\/\/www.jeunessesmusicales.be\/bruxelles\/wp-content\/uploads\/sites\/7\/2025\/08\/Rive-Toots-scolaire.png 300w, https:\/\/www.jeunessesmusicales.be\/bruxelles\/wp-content\/uploads\/sites\/7\/2025\/08\/Rive-Toots-scolaire-116x105.png 116w\" sizes=\"auto, (max-width: 300px) 100vw, 300px\" \/><\/a><\/p>\n<p><a rel=\"fancybox[7532]\" href=\"https:\/\/www.jeunessesmusicales.be\/bruxelles\/taitamuki-paisajes-espace-toots-evere\/\" target=\"_blank\" rel=\"noopener\"><img loading=\"lazy\" decoding=\"async\" class=\"alignnone wp-image-11769 size-full\" src=\"https:\/\/www.jeunessesmusicales.be\/bruxelles\/wp-content\/uploads\/sites\/7\/2025\/08\/Taitamuki-Toots-scolaire.png\" alt=\"\" width=\"300\" height=\"271\" \/ class=\"fancybox\" srcset=\"https:\/\/www.jeunessesmusicales.be\/bruxelles\/wp-content\/uploads\/sites\/7\/2025\/08\/Taitamuki-Toots-scolaire.png 300w, https:\/\/www.jeunessesmusicales.be\/bruxelles\/wp-content\/uploads\/sites\/7\/2025\/08\/Taitamuki-Toots-scolaire-116x105.png 116w\" sizes=\"auto, (max-width: 300px) 100vw, 300px\" \/><\/a>\u00a0 <a rel=\"fancybox[7532]\" href=\"https:\/\/www.jeunessesmusicales.be\/bruxelles\/trio-philomele-le-rossignol-et-lempereur-de-chine-espace-toots-evere\/\" target=\"_blank\" rel=\"noopener\"><img loading=\"lazy\" decoding=\"async\" class=\"alignnone wp-image-11776 size-full\" src=\"https:\/\/www.jeunessesmusicales.be\/bruxelles\/wp-content\/uploads\/sites\/7\/2025\/08\/rossignol-Toots-scolaire.png\" alt=\"\" width=\"300\" height=\"271\" \/ class=\"fancybox\" srcset=\"https:\/\/www.jeunessesmusicales.be\/bruxelles\/wp-content\/uploads\/sites\/7\/2025\/08\/rossignol-Toots-scolaire.png 300w, https:\/\/www.jeunessesmusicales.be\/bruxelles\/wp-content\/uploads\/sites\/7\/2025\/08\/rossignol-Toots-scolaire-116x105.png 116w\" sizes=\"auto, (max-width: 300px) 100vw, 300px\" \/><\/a><\/p>\n<p>&nbsp;<\/p>\n<p style=\"text-align: right;\">En partenariat avec :<\/p>\n<p style=\"text-align: right;\"><a rel=\"fancybox[7532]\" href=\"https:\/\/www.academie-evere.be\/\" target=\"_blank\" rel=\"noopener\"><img loading=\"lazy\" decoding=\"async\" class=\"alignright wp-image-10081\" src=\"https:\/\/www.jeunessesmusicales.be\/bruxelles\/wp-content\/uploads\/sites\/7\/2023\/07\/Academie-dEvere-e1690206434412-300x174.png\" alt=\"\" width=\"148\" height=\"86\" \/ class=\"fancybox\" srcset=\"https:\/\/www.jeunessesmusicales.be\/bruxelles\/wp-content\/uploads\/sites\/7\/2023\/07\/Academie-dEvere-e1690206434412-300x174.png 300w, https:\/\/www.jeunessesmusicales.be\/bruxelles\/wp-content\/uploads\/sites\/7\/2023\/07\/Academie-dEvere-e1690206434412-1024x595.png 1024w, https:\/\/www.jeunessesmusicales.be\/bruxelles\/wp-content\/uploads\/sites\/7\/2023\/07\/Academie-dEvere-e1690206434412-768x446.png 768w, https:\/\/www.jeunessesmusicales.be\/bruxelles\/wp-content\/uploads\/sites\/7\/2023\/07\/Academie-dEvere-e1690206434412-150x87.png 150w, https:\/\/www.jeunessesmusicales.be\/bruxelles\/wp-content\/uploads\/sites\/7\/2023\/07\/Academie-dEvere-e1690206434412-121x70.png 121w, https:\/\/www.jeunessesmusicales.be\/bruxelles\/wp-content\/uploads\/sites\/7\/2023\/07\/Academie-dEvere-e1690206434412.png 1406w\" sizes=\"auto, (max-width: 148px) 100vw, 148px\" \/><\/a><\/p>\n","protected":false},"excerpt":{"rendered":"<p>Les Jeunesses Musicales de Bruxelles et l&rsquo;Acad\u00e9mie de musique d&rsquo;Evere travaillent en collaboration depuis de nombreuses ann\u00e9es pour offrir aux &hellip; <a href=\"https:\/\/www.jeunessesmusicales.be\/bruxelles\/sorties-scolaires\/sorties-scolaires-espace-toots-evere\/\" class=\"more-link\">Continue reading <span class=\"screen-reader-text\">Sorties scolaires @Espace Toots (Evere)<\/span><\/a><\/p>\n","protected":false},"author":38,"featured_media":0,"parent":120,"menu_order":0,"comment_status":"closed","ping_status":"closed","template":"","meta":{"_acf_changed":false,"footnotes":""},"class_list":["post-7532","page","type-page","status-publish","hentry"],"acf":[],"aioseo_notices":[],"_links":{"self":[{"href":"https:\/\/www.jeunessesmusicales.be\/bruxelles\/wp-json\/wp\/v2\/pages\/7532","targetHints":{"allow":["GET"]}}],"collection":[{"href":"https:\/\/www.jeunessesmusicales.be\/bruxelles\/wp-json\/wp\/v2\/pages"}],"about":[{"href":"https:\/\/www.jeunessesmusicales.be\/bruxelles\/wp-json\/wp\/v2\/types\/page"}],"author":[{"embeddable":true,"href":"https:\/\/www.jeunessesmusicales.be\/bruxelles\/wp-json\/wp\/v2\/users\/38"}],"replies":[{"embeddable":true,"href":"https:\/\/www.jeunessesmusicales.be\/bruxelles\/wp-json\/wp\/v2\/comments?post=7532"}],"version-history":[{"count":31,"href":"https:\/\/www.jeunessesmusicales.be\/bruxelles\/wp-json\/wp\/v2\/pages\/7532\/revisions"}],"predecessor-version":[{"id":11779,"href":"https:\/\/www.jeunessesmusicales.be\/bruxelles\/wp-json\/wp\/v2\/pages\/7532\/revisions\/11779"}],"up":[{"embeddable":true,"href":"https:\/\/www.jeunessesmusicales.be\/bruxelles\/wp-json\/wp\/v2\/pages\/120"}],"wp:attachment":[{"href":"https:\/\/www.jeunessesmusicales.be\/bruxelles\/wp-json\/wp\/v2\/media?parent=7532"}],"curies":[{"name":"wp","href":"https:\/\/api.w.org\/{rel}","templated":true}]}}