{"id":7775,"date":"2022-08-05T09:57:55","date_gmt":"2022-08-05T07:57:55","guid":{"rendered":"https:\/\/www.jeunessesmusicales.be\/bruxelles\/?page_id=7775"},"modified":"2025-08-19T17:18:13","modified_gmt":"2025-08-19T15:18:13","slug":"bouger-jouer-chanter-ateliers-deveil-musical","status":"publish","type":"page","link":"https:\/\/www.jeunessesmusicales.be\/bruxelles\/ateliers-musicaux-a-lecole\/bouger-jouer-chanter-ateliers-deveil-musical\/","title":{"rendered":"BOUGER, JOUER, CHANTER, ateliers d&rsquo;\u00e9veil musical"},"content":{"rendered":"<h2>De 0 \u00e0 6 ans \/ Cr\u00e8che et maternelle<\/h2>\n<p><a rel=\"fancybox[7775]\" href=\"https:\/\/www.jeunessesmusicales.be\/bruxelles\/wp-content\/uploads\/sites\/7\/2022\/08\/20170930-P1030299.jpg\" class=\"fancybox\"><img loading=\"lazy\" decoding=\"async\" class=\"alignleft wp-image-8735\" src=\"https:\/\/www.jeunessesmusicales.be\/bruxelles\/wp-content\/uploads\/sites\/7\/2022\/08\/20170930-P1030299-300x169.jpg\" alt=\"\" width=\"387\" height=\"218\" srcset=\"https:\/\/www.jeunessesmusicales.be\/bruxelles\/wp-content\/uploads\/sites\/7\/2022\/08\/20170930-P1030299-300x169.jpg 300w, https:\/\/www.jeunessesmusicales.be\/bruxelles\/wp-content\/uploads\/sites\/7\/2022\/08\/20170930-P1030299-768x432.jpg 768w, https:\/\/www.jeunessesmusicales.be\/bruxelles\/wp-content\/uploads\/sites\/7\/2022\/08\/20170930-P1030299-1024x576.jpg 1024w, https:\/\/www.jeunessesmusicales.be\/bruxelles\/wp-content\/uploads\/sites\/7\/2022\/08\/20170930-P1030299-150x84.jpg 150w, https:\/\/www.jeunessesmusicales.be\/bruxelles\/wp-content\/uploads\/sites\/7\/2022\/08\/20170930-P1030299.jpg 1920w\" sizes=\"auto, (max-width: 387px) 100vw, 387px\" \/><\/a><\/p>\n<p class=\"cvGsUA direction-ltr align-justify para-style-body\"><span class=\"a_GcMg font-feature-liga-off font-feature-clig-off font-feature-calt-off text-decoration-none text-strikethrough-none\">Cet atelier est con\u00e7u pour les enfants de 0 \u00e0 6 ans, en cr\u00e8che et en maternelle, afin de leur faire d\u00e9couvrir la magie de la musique d\u00e8s leur plus jeune \u00e2ge.<\/span><\/p>\n<p class=\"cvGsUA direction-ltr align-justify para-style-body\"><span class=\"a_GcMg font-feature-liga-off font-feature-clig-off font-feature-calt-off text-decoration-none text-strikethrough-none\">Au programme, les tout-petits sont amen\u00e9s \u00e0 \u00e9couter et explorer divers univers sonores \u00e0 travers une s\u00e9rie d&rsquo;activit\u00e9s interactives et ludiques. Par le biais de jeux d\u2019\u00e9coute, de jeux de doigts, d\u2019exercices de rythme, de contes, de comptines, et de rondes, ils apprennent \u00e0 reconna\u00eetre diff\u00e9rents sons, chants et instruments.<\/span><\/p>\n<p class=\"cvGsUA direction-ltr align-justify para-style-body\"><span class=\"a_GcMg font-feature-liga-off font-feature-clig-off font-feature-calt-off text-decoration-none text-strikethrough-none\">Ces ateliers favorisent non seulement l\u2019\u00e9veil sensoriel, la cr\u00e9ativit\u00e9 et l\u2019imagination, mais aussi le d\u00e9veloppement d\u2019une sensibilit\u00e9 artistique et de comp\u00e9tences transversales essentielles.<\/span><\/p>\n<p class=\"cvGsUA direction-ltr align-justify para-style-body\"><span class=\"a_GcMg font-feature-liga-off font-feature-clig-off font-feature-calt-off text-decoration-none text-strikethrough-none\">En participant aux activit\u00e9s, les enfants d\u00e9couvrent l\u2019importance de se mettre en mouvement, de partager et de vivre ensemble, autant d\u2019\u00e9l\u00e9ments cl\u00e9s pour leur \u00e9panouissement personnel et social.<\/span><\/p>\n<p><strong><u>Pour aller plus loin en classe :<\/u><\/strong><\/p>\n<div>\n<ul>\n<li>Utilisez des activit\u00e9s d\u2019\u00e9coute et de rythme pour stimuler les sens et la coordination motrice des \u00e9l\u00e8ves ;<\/li>\n<li>Organisez des jeux collectifs et des moments de chant collectif (par exemple le matin en arrivant \u00e0 l\u2019aide des chansons apprises durant l\u2019atelier) pour favoriser la coop\u00e9ration et l\u2019\u00e9coute mutuelle en classe.<\/li>\n<\/ul>\n<\/div>\n<table style=\"border-collapse: collapse; width: 100%; height: 16px;\">\n<tbody>\n<tr style=\"height: 43px;\">\n<td style=\"width: 457px; height: 16px; border-color: #ee4000; border-style: solid; text-align: center;\"><strong><span style=\"color: #ef3740;\">CONDITIONS<\/span><br \/>\n<\/strong>6 s\u00e9ances minimum (id\u00e9alement)<br \/>\n2 groupes\/classes minimum (obligatoirement)<strong><span style=\"color: #ef3740;\">TARIF<\/span><br \/>\n<\/strong>70\u20ac par s\u00e9ance soit 3,5 \u20ac par enfant pour une classe de 20 \u00e9l\u00e8ves <em>(le tarif de nos ateliers reste le m\u00eame quel que soit le nombre d&rsquo;\u00e9l\u00e8ves dans la classe)<\/em><\/td>\n<\/tr>\n<\/tbody>\n<\/table>\n<h5 class=\"p1\" style=\"text-align: center;\"><span style=\"color: #ef3740;\"><strong>Pour commander des ateliers, \u00e9crivez-nous \u00e0 <a style=\"color: #ef3740;\" href=\"mailto:jmbxl@jeunessesmusicales.be\">jmbxl@jeunessesmusicales.be<\/a><\/strong><\/span><\/h5>\n<p>&nbsp;<\/p>\n","protected":false},"excerpt":{"rendered":"<p>De 0 \u00e0 6 ans \/ Cr\u00e8che et maternelle Cet atelier est con\u00e7u pour les enfants de 0 \u00e0 6 &hellip; <a href=\"https:\/\/www.jeunessesmusicales.be\/bruxelles\/ateliers-musicaux-a-lecole\/bouger-jouer-chanter-ateliers-deveil-musical\/\" class=\"more-link\">Continue reading <span class=\"screen-reader-text\">BOUGER, JOUER, CHANTER, ateliers d&rsquo;\u00e9veil musical<\/span><\/a><\/p>\n","protected":false},"author":32,"featured_media":0,"parent":54,"menu_order":0,"comment_status":"closed","ping_status":"closed","template":"","meta":{"_acf_changed":false,"footnotes":""},"class_list":["post-7775","page","type-page","status-publish","hentry"],"acf":[],"aioseo_notices":[],"_links":{"self":[{"href":"https:\/\/www.jeunessesmusicales.be\/bruxelles\/wp-json\/wp\/v2\/pages\/7775","targetHints":{"allow":["GET"]}}],"collection":[{"href":"https:\/\/www.jeunessesmusicales.be\/bruxelles\/wp-json\/wp\/v2\/pages"}],"about":[{"href":"https:\/\/www.jeunessesmusicales.be\/bruxelles\/wp-json\/wp\/v2\/types\/page"}],"author":[{"embeddable":true,"href":"https:\/\/www.jeunessesmusicales.be\/bruxelles\/wp-json\/wp\/v2\/users\/32"}],"replies":[{"embeddable":true,"href":"https:\/\/www.jeunessesmusicales.be\/bruxelles\/wp-json\/wp\/v2\/comments?post=7775"}],"version-history":[{"count":43,"href":"https:\/\/www.jeunessesmusicales.be\/bruxelles\/wp-json\/wp\/v2\/pages\/7775\/revisions"}],"predecessor-version":[{"id":11821,"href":"https:\/\/www.jeunessesmusicales.be\/bruxelles\/wp-json\/wp\/v2\/pages\/7775\/revisions\/11821"}],"up":[{"embeddable":true,"href":"https:\/\/www.jeunessesmusicales.be\/bruxelles\/wp-json\/wp\/v2\/pages\/54"}],"wp:attachment":[{"href":"https:\/\/www.jeunessesmusicales.be\/bruxelles\/wp-json\/wp\/v2\/media?parent=7775"}],"curies":[{"name":"wp","href":"https:\/\/api.w.org\/{rel}","templated":true}]}}

BOUGER, JOUER, CHANTER, ateliers d&rsquo;éveil musical

<h2>De 0 à 6 ans / Crèche et maternelle</h2>
<p><a rel="fancybox[7775]" href="https://www.jeunessesmusicales.be/bruxelles/wp-content/uploads/sites/7/2022/08/20170930-P1030299.jpg" class="fancybox"><img loading="lazy" decoding="async" class="alignleft wp-image-8735" src="https://www.jeunessesmusicales.be/bruxelles/wp-content/uploads/sites/7/2022/08/20170930-P1030299-300x169.jpg" alt="" width="387" height="218" srcset="https://www.jeunessesmusicales.be/bruxelles/wp-content/uploads/sites/7/2022/08/20170930-P1030299-300x169.jpg 300w, https://www.jeunessesmusicales.be/bruxelles/wp-content/uploads/sites/7/2022/08/20170930-P1030299-768x432.jpg 768w, https://www.jeunessesmusicales.be/bruxelles/wp-content/uploads/sites/7/2022/08/20170930-P1030299-1024x576.jpg 1024w, https://www.jeunessesmusicales.be/bruxelles/wp-content/uploads/sites/7/2022/08/20170930-P1030299-150x84.jpg 150w, https://www.jeunessesmusicales.be/bruxelles/wp-content/uploads/sites/7/2022/08/20170930-P1030299.jpg 1920w" sizes="auto, (max-width: 387px) 100vw, 387px" /></a></p>
<p class="cvGsUA direction-ltr align-justify para-style-body"><span class="a_GcMg font-feature-liga-off font-feature-clig-off font-feature-calt-off text-decoration-none text-strikethrough-none">Cet atelier est conçu pour les enfants de 0 à 6 ans, en crèche et en maternelle, afin de leur faire découvrir la magie de la musique dès leur plus jeune âge.</span></p>
<p class="cvGsUA direction-ltr align-justify para-style-body"><span class="a_GcMg font-feature-liga-off font-feature-clig-off font-feature-calt-off text-decoration-none text-strikethrough-none">Au programme, les tout-petits sont amenés à écouter et explorer divers univers sonores à travers une série d&rsquo;activités interactives et ludiques. Par le biais de jeux d’écoute, de jeux de doigts, d’exercices de rythme, de contes, de comptines, et de rondes, ils apprennent à reconnaître différents sons, chants et instruments.</span></p>
<p class="cvGsUA direction-ltr align-justify para-style-body"><span class="a_GcMg font-feature-liga-off font-feature-clig-off font-feature-calt-off text-decoration-none text-strikethrough-none">Ces ateliers favorisent non seulement l’éveil sensoriel, la créativité et l’imagination, mais aussi le développement d’une sensibilité artistique et de compétences transversales essentielles.</span></p>
<p class="cvGsUA direction-ltr align-justify para-style-body"><span class="a_GcMg font-feature-liga-off font-feature-clig-off font-feature-calt-off text-decoration-none text-strikethrough-none">En participant aux activités, les enfants découvrent l’importance de se mettre en mouvement, de partager et de vivre ensemble, autant d’éléments clés pour leur épanouissement personnel et social.</span></p>
<p><strong><u>Pour aller plus loin en classe :</u></strong></p>
<div>
<ul>
<li>Utilisez des activités d’écoute et de rythme pour stimuler les sens et la coordination motrice des élèves ;</li>
<li>Organisez des jeux collectifs et des moments de chant collectif (par exemple le matin en arrivant à l’aide des chansons apprises durant l’atelier) pour favoriser la coopération et l’écoute mutuelle en classe.</li>
</ul>
</div>
<table style="border-collapse: collapse; width: 100%; height: 16px;">
<tbody>
<tr style="height: 43px;">
<td style="width: 457px; height: 16px; border-color: #ee4000; border-style: solid; text-align: center;"><strong><span style="color: #ef3740;">CONDITIONS</span><br />
</strong>6 séances minimum (idéalement)<br />
2 groupes/classes minimum (obligatoirement)<strong><span style="color: #ef3740;">TARIF</span><br />
</strong>70€ par séance soit 3,5 € par enfant pour une classe de 20 élèves <em>(le tarif de nos ateliers reste le même quel que soit le nombre d&rsquo;élèves dans la classe)</em></td>
</tr>
</tbody>
</table>
<h5 class="p1" style="text-align: center;"><span style="color: #ef3740;"><strong>Pour commander des ateliers, écrivez-nous à <a style="color: #ef3740;" href="mailto:jmbxl@jeunessesmusicales.be">jmbxl@jeunessesmusicales.be</a></strong></span></h5>
<p>&nbsp;</p>

<p>De 0 à 6 ans / Crèche et maternelle Cet atelier est conçu pour les enfants de 0 à 6 &hellip; <a href="https://www.jeunessesmusicales.be/bruxelles/ateliers-musicaux-a-lecole/bouger-jouer-chanter-ateliers-deveil-musical/" class="more-link">Continue reading <span class="screen-reader-text">BOUGER, JOUER, CHANTER, ateliers d&rsquo;éveil musical</span></a></p>
