{"id":7794,"date":"2022-08-05T10:28:57","date_gmt":"2022-08-05T08:28:57","guid":{"rendered":"https:\/\/www.jeunessesmusicales.be\/bruxelles\/creches-et-ecoles\/ateliers-scolaires\/decouvrir-le-monde-en-musique-copy\/"},"modified":"2025-08-19T17:17:35","modified_gmt":"2025-08-19T15:17:35","slug":"le-tour-du-monde-en-musique-decouverte-des-musiques-et-des-instruments-du-monde-2","status":"publish","type":"page","link":"https:\/\/www.jeunessesmusicales.be\/bruxelles\/ateliers-musicaux-a-lecole\/le-tour-du-monde-en-musique-decouverte-des-musiques-et-des-instruments-du-monde-2\/","title":{"rendered":"LE TOUR DU MONDE EN MUSIQUE"},"content":{"rendered":"<h2>De 3 \u00e0 12 ans \/ M1 \u00e0 P6<\/h2>\n<p style=\"text-align: justify;\"><a rel=\"fancybox[7794]\" href=\"https:\/\/www.jeunessesmusicales.be\/bruxelles\/wp-content\/uploads\/sites\/7\/2022\/08\/Peralta-II-11.jpg\" class=\"fancybox\"><img loading=\"lazy\" decoding=\"async\" class=\"alignleft size-medium wp-image-8748\" src=\"https:\/\/www.jeunessesmusicales.be\/bruxelles\/wp-content\/uploads\/sites\/7\/2022\/08\/Peralta-II-11-300x200.jpg\" alt=\"\" width=\"300\" height=\"200\" srcset=\"https:\/\/www.jeunessesmusicales.be\/bruxelles\/wp-content\/uploads\/sites\/7\/2022\/08\/Peralta-II-11-300x200.jpg 300w, https:\/\/www.jeunessesmusicales.be\/bruxelles\/wp-content\/uploads\/sites\/7\/2022\/08\/Peralta-II-11-768x512.jpg 768w, https:\/\/www.jeunessesmusicales.be\/bruxelles\/wp-content\/uploads\/sites\/7\/2022\/08\/Peralta-II-11-1024x683.jpg 1024w, https:\/\/www.jeunessesmusicales.be\/bruxelles\/wp-content\/uploads\/sites\/7\/2022\/08\/Peralta-II-11-150x100.jpg 150w, https:\/\/www.jeunessesmusicales.be\/bruxelles\/wp-content\/uploads\/sites\/7\/2022\/08\/Peralta-II-11.jpg 1920w\" sizes=\"auto, (max-width: 300px) 100vw, 300px\" \/><\/a><\/p>\n<p class=\"cvGsUA direction-ltr align-justify para-style-body\"><span class=\"a_GcMg font-feature-liga-off font-feature-clig-off font-feature-calt-off text-decoration-none text-strikethrough-none\">Et si nous explorions le monde au rythme de la musique ? Cet atelier invite les enfants \u00e0 embarquer pour une aventure sensorielle et interculturelle, \u00e0 la d\u00e9couverte des musiques, des chants, des rythmes et des instruments venus des quatre coins du globe.<\/span><\/p>\n<p class=\"cvGsUA direction-ltr align-justify para-style-body\"><span class=\"a_GcMg font-feature-liga-off font-feature-clig-off font-feature-calt-off text-decoration-none text-strikethrough-none\">Chaque escale est l\u2019occasion de plonger dans l\u2019univers sonore et culturel d\u2019un pays ou d\u2019un continent.<\/span><\/p>\n<p class=\"cvGsUA direction-ltr align-justify para-style-body\"><span class=\"a_GcMg font-feature-liga-off font-feature-clig-off font-feature-calt-off text-decoration-none text-strikethrough-none\">\u00c0 travers des chansons dans diff\u00e9rentes langues, des danses aux influences vari\u00e9es, et la manipulation d\u2019instruments \u2013 certains familiers, d\u2019autres totalement in\u00e9dits \u2013 les enfants d\u00e9veloppent leur \u00e9coute, leur sens du rythme, et leur ouverture \u00e0 l\u2019autre.<\/span><\/p>\n<p class=\"cvGsUA direction-ltr align-justify para-style-body\"><span class=\"a_GcMg font-feature-liga-off font-feature-clig-off font-feature-calt-off text-decoration-none text-strikethrough-none\">L\u2019atelier s\u2019enrichit \u00e9galement de r\u00e9cits, de coutumes et d\u2019histoires issues des cultures visit\u00e9es, pour une immersion compl\u00e8te et joyeuse.<\/span><\/p>\n<p class=\"cvGsUA direction-ltr align-justify para-style-body\"><span class=\"a_GcMg font-feature-liga-off font-feature-clig-off font-feature-calt-off text-decoration-none text-strikethrough-none\">La musique, v\u00e9ritable langage universel, devient ici un outil de d\u00e9couverte du monde et un vecteur de tol\u00e9rance, de curiosit\u00e9 et d\u2019\u00e9merveillement.<\/span><\/p>\n<p style=\"text-align: justify;\"><strong><u>Pour aller plus loin en classe :<\/u><\/strong><\/p>\n<ul>\n<li><span class=\"a_GcMg font-feature-liga-off font-feature-clig-off font-feature-calt-off text-decoration-none text-strikethrough-none\">Cr\u00e9er une carte du monde sonore : relier les instruments entendus ou jou\u00e9s pendant l\u2019atelier \u00e0 leurs pays d\u2019origine ;<\/span><\/li>\n<li><span class=\"a_GcMg font-feature-liga-off font-feature-clig-off font-feature-calt-off text-decoration-none text-strikethrough-none\">Atelier d\u2019\u00e9criture : inventer un conte autour d\u2019un instrument ou d\u2019une chanson d\u00e9couverte ;<\/span><\/li>\n<li><span class=\"a_GcMg font-feature-liga-off font-feature-clig-off font-feature-calt-off text-decoration-none text-strikethrough-none\">Apprendre une chanson simple dans une langue \u00e9trang\u00e8re entendue pendant l\u2019atelier ;<\/span><\/li>\n<li><span class=\"a_GcMg font-feature-liga-off font-feature-clig-off font-feature-calt-off text-decoration-none text-strikethrough-none\">Temps d\u2019\u00e9change culturel : inviter les enfants \u00e0 partager des musiques ou traditions de leur propre culture familiale.<\/span><\/li>\n<\/ul>\n<table style=\"border-collapse: collapse; width: 100%; height: 43px;\">\n<tbody>\n<tr style=\"height: 43px;\">\n<td style=\"width: 457px; height: 43px; border-color: #ee4000; border-style: solid; text-align: center;\"><strong><span style=\"color: #ef3740;\">CONDITIONS<\/span><\/strong><\/p>\n<p style=\"text-align: center;\">6 s\u00e9ances minimum<br \/>\n2 groupes\/classes minimum<\/p>\n<p style=\"text-align: center;\"><strong><span style=\"color: #ef3740;\">TARIF<\/span><\/strong><br \/>\n70\u20ac par s\u00e9ance soit 3,5\u20ac par enfant pour une classe de 20 \u00e9l\u00e8ves<em> (le tarif de nos ateliers reste le m\u00eame quel que soit le nombre d&rsquo;\u00e9l\u00e8ves par classe)<\/em><\/p>\n<\/td>\n<\/tr>\n<\/tbody>\n<\/table>\n<h5 class=\"p1\" style=\"text-align: center;\"><strong><span style=\"color: #ef3740;\">Pour commander des ateliers, \u00e9crivez-nous \u00e0 <\/span><a href=\"mailto:jmbxl@jeunessesmusicales.be\"><span style=\"color: #ef3740;\">jmbxl@jeunessesmusicales.be<\/span><\/a><\/strong><\/h5>\n<p>&nbsp;<\/p>\n","protected":false},"excerpt":{"rendered":"<p>De 3 \u00e0 12 ans \/ M1 \u00e0 P6 Et si nous explorions le monde au rythme de la musique &hellip; <a href=\"https:\/\/www.jeunessesmusicales.be\/bruxelles\/ateliers-musicaux-a-lecole\/le-tour-du-monde-en-musique-decouverte-des-musiques-et-des-instruments-du-monde-2\/\" class=\"more-link\">Continue reading <span class=\"screen-reader-text\">LE TOUR DU MONDE EN MUSIQUE<\/span><\/a><\/p>\n","protected":false},"author":32,"featured_media":0,"parent":54,"menu_order":0,"comment_status":"closed","ping_status":"closed","template":"","meta":{"_acf_changed":false,"footnotes":""},"class_list":["post-7794","page","type-page","status-publish","hentry"],"acf":[],"aioseo_notices":[],"_links":{"self":[{"href":"https:\/\/www.jeunessesmusicales.be\/bruxelles\/wp-json\/wp\/v2\/pages\/7794","targetHints":{"allow":["GET"]}}],"collection":[{"href":"https:\/\/www.jeunessesmusicales.be\/bruxelles\/wp-json\/wp\/v2\/pages"}],"about":[{"href":"https:\/\/www.jeunessesmusicales.be\/bruxelles\/wp-json\/wp\/v2\/types\/page"}],"author":[{"embeddable":true,"href":"https:\/\/www.jeunessesmusicales.be\/bruxelles\/wp-json\/wp\/v2\/users\/32"}],"replies":[{"embeddable":true,"href":"https:\/\/www.jeunessesmusicales.be\/bruxelles\/wp-json\/wp\/v2\/comments?post=7794"}],"version-history":[{"count":24,"href":"https:\/\/www.jeunessesmusicales.be\/bruxelles\/wp-json\/wp\/v2\/pages\/7794\/revisions"}],"predecessor-version":[{"id":11820,"href":"https:\/\/www.jeunessesmusicales.be\/bruxelles\/wp-json\/wp\/v2\/pages\/7794\/revisions\/11820"}],"up":[{"embeddable":true,"href":"https:\/\/www.jeunessesmusicales.be\/bruxelles\/wp-json\/wp\/v2\/pages\/54"}],"wp:attachment":[{"href":"https:\/\/www.jeunessesmusicales.be\/bruxelles\/wp-json\/wp\/v2\/media?parent=7794"}],"curies":[{"name":"wp","href":"https:\/\/api.w.org\/{rel}","templated":true}]}}

<h2>De 3 à 12 ans / M1 à P6</h2>
<p style="text-align: justify;"><a rel="fancybox[7794]" href="https://www.jeunessesmusicales.be/bruxelles/wp-content/uploads/sites/7/2022/08/Peralta-II-11.jpg" class="fancybox"><img loading="lazy" decoding="async" class="alignleft size-medium wp-image-8748" src="https://www.jeunessesmusicales.be/bruxelles/wp-content/uploads/sites/7/2022/08/Peralta-II-11-300x200.jpg" alt="" width="300" height="200" srcset="https://www.jeunessesmusicales.be/bruxelles/wp-content/uploads/sites/7/2022/08/Peralta-II-11-300x200.jpg 300w, https://www.jeunessesmusicales.be/bruxelles/wp-content/uploads/sites/7/2022/08/Peralta-II-11-768x512.jpg 768w, https://www.jeunessesmusicales.be/bruxelles/wp-content/uploads/sites/7/2022/08/Peralta-II-11-1024x683.jpg 1024w, https://www.jeunessesmusicales.be/bruxelles/wp-content/uploads/sites/7/2022/08/Peralta-II-11-150x100.jpg 150w, https://www.jeunessesmusicales.be/bruxelles/wp-content/uploads/sites/7/2022/08/Peralta-II-11.jpg 1920w" sizes="auto, (max-width: 300px) 100vw, 300px" /></a></p>
<p class="cvGsUA direction-ltr align-justify para-style-body"><span class="a_GcMg font-feature-liga-off font-feature-clig-off font-feature-calt-off text-decoration-none text-strikethrough-none">Et si nous explorions le monde au rythme de la musique ? Cet atelier invite les enfants à embarquer pour une aventure sensorielle et interculturelle, à la découverte des musiques, des chants, des rythmes et des instruments venus des quatre coins du globe.</span></p>
<p class="cvGsUA direction-ltr align-justify para-style-body"><span class="a_GcMg font-feature-liga-off font-feature-clig-off font-feature-calt-off text-decoration-none text-strikethrough-none">Chaque escale est l’occasion de plonger dans l’univers sonore et culturel d’un pays ou d’un continent.</span></p>
<p class="cvGsUA direction-ltr align-justify para-style-body"><span class="a_GcMg font-feature-liga-off font-feature-clig-off font-feature-calt-off text-decoration-none text-strikethrough-none">À travers des chansons dans différentes langues, des danses aux influences variées, et la manipulation d’instruments – certains familiers, d’autres totalement inédits – les enfants développent leur écoute, leur sens du rythme, et leur ouverture à l’autre.</span></p>
<p class="cvGsUA direction-ltr align-justify para-style-body"><span class="a_GcMg font-feature-liga-off font-feature-clig-off font-feature-calt-off text-decoration-none text-strikethrough-none">L’atelier s’enrichit également de récits, de coutumes et d’histoires issues des cultures visitées, pour une immersion complète et joyeuse.</span></p>
<p class="cvGsUA direction-ltr align-justify para-style-body"><span class="a_GcMg font-feature-liga-off font-feature-clig-off font-feature-calt-off text-decoration-none text-strikethrough-none">La musique, véritable langage universel, devient ici un outil de découverte du monde et un vecteur de tolérance, de curiosité et d’émerveillement.</span></p>
<p style="text-align: justify;"><strong><u>Pour aller plus loin en classe :</u></strong></p>
<ul>
<li><span class="a_GcMg font-feature-liga-off font-feature-clig-off font-feature-calt-off text-decoration-none text-strikethrough-none">Créer une carte du monde sonore : relier les instruments entendus ou joués pendant l’atelier à leurs pays d’origine ;</span></li>
<li><span class="a_GcMg font-feature-liga-off font-feature-clig-off font-feature-calt-off text-decoration-none text-strikethrough-none">Atelier d’écriture : inventer un conte autour d’un instrument ou d’une chanson découverte ;</span></li>
<li><span class="a_GcMg font-feature-liga-off font-feature-clig-off font-feature-calt-off text-decoration-none text-strikethrough-none">Apprendre une chanson simple dans une langue étrangère entendue pendant l’atelier ;</span></li>
<li><span class="a_GcMg font-feature-liga-off font-feature-clig-off font-feature-calt-off text-decoration-none text-strikethrough-none">Temps d’échange culturel : inviter les enfants à partager des musiques ou traditions de leur propre culture familiale.</span></li>
</ul>
<table style="border-collapse: collapse; width: 100%; height: 43px;">
<tbody>
<tr style="height: 43px;">
<td style="width: 457px; height: 43px; border-color: #ee4000; border-style: solid; text-align: center;"><strong><span style="color: #ef3740;">CONDITIONS</span></strong></p>
<p style="text-align: center;">6 séances minimum<br />
2 groupes/classes minimum</p>
<p style="text-align: center;"><strong><span style="color: #ef3740;">TARIF</span></strong><br />
70€ par séance soit 3,5€ par enfant pour une classe de 20 élèves<em> (le tarif de nos ateliers reste le même quel que soit le nombre d&rsquo;élèves par classe)</em></p>
</td>
</tr>
</tbody>
</table>
<h5 class="p1" style="text-align: center;"><strong><span style="color: #ef3740;">Pour commander des ateliers, écrivez-nous à </span><a href="mailto:jmbxl@jeunessesmusicales.be"><span style="color: #ef3740;">jmbxl@jeunessesmusicales.be</span></a></strong></h5>
<p>&nbsp;</p>

<p>De 3 à 12 ans / M1 à P6 Et si nous explorions le monde au rythme de la musique &hellip; <a href="https://www.jeunessesmusicales.be/bruxelles/ateliers-musicaux-a-lecole/le-tour-du-monde-en-musique-decouverte-des-musiques-et-des-instruments-du-monde-2/" class="more-link">Continue reading <span class="screen-reader-text">LE TOUR DU MONDE EN MUSIQUE</span></a></p>
