{"id":7798,"date":"2022-08-05T10:37:57","date_gmt":"2022-08-05T08:37:57","guid":{"rendered":"https:\/\/www.jeunessesmusicales.be\/bruxelles\/creches-et-ecoles\/ateliers-scolaires\/voyage-en-musique-copy\/"},"modified":"2025-08-19T17:25:05","modified_gmt":"2025-08-19T15:25:05","slug":"ca-percute-ateliers-de-percussions","status":"publish","type":"page","link":"https:\/\/www.jeunessesmusicales.be\/bruxelles\/ateliers-musicaux-a-lecole\/ca-percute-ateliers-de-percussions\/","title":{"rendered":"\u00c7A PERCUTE !"},"content":{"rendered":"<h2>De 5 \u00e0 18 ans \/ M3 \u00e0 S6<\/h2>\n<p style=\"text-align: justify;\"><a rel=\"fancybox[7798]\" href=\"https:\/\/www.jeunessesmusicales.be\/bruxelles\/wp-content\/uploads\/sites\/7\/2023\/07\/Instrus-6.jpg\" class=\"fancybox\"><img loading=\"lazy\" decoding=\"async\" class=\"alignleft wp-image-9523 size-medium\" src=\"https:\/\/www.jeunessesmusicales.be\/bruxelles\/wp-content\/uploads\/sites\/7\/2023\/07\/Instrus-6-300x225.jpg\" alt=\"\" width=\"300\" height=\"225\" srcset=\"https:\/\/www.jeunessesmusicales.be\/bruxelles\/wp-content\/uploads\/sites\/7\/2023\/07\/Instrus-6-300x225.jpg 300w, https:\/\/www.jeunessesmusicales.be\/bruxelles\/wp-content\/uploads\/sites\/7\/2023\/07\/Instrus-6-1024x768.jpg 1024w, https:\/\/www.jeunessesmusicales.be\/bruxelles\/wp-content\/uploads\/sites\/7\/2023\/07\/Instrus-6-768x576.jpg 768w, https:\/\/www.jeunessesmusicales.be\/bruxelles\/wp-content\/uploads\/sites\/7\/2023\/07\/Instrus-6-1536x1152.jpg 1536w, https:\/\/www.jeunessesmusicales.be\/bruxelles\/wp-content\/uploads\/sites\/7\/2023\/07\/Instrus-6-140x105.jpg 140w, https:\/\/www.jeunessesmusicales.be\/bruxelles\/wp-content\/uploads\/sites\/7\/2023\/07\/Instrus-6.jpg 1920w\" sizes=\"auto, (max-width: 300px) 100vw, 300px\" \/><\/a><\/p>\n<p class=\"cvGsUA direction-ltr align-justify para-style-body\"><span class=\"a_GcMg font-feature-liga-off font-feature-clig-off font-feature-calt-off text-decoration-none text-strikethrough-none\">Les percussions sont les battements de c\u0153ur de la musique. Pr\u00e9sentes dans toutes les cultures depuis la nuit des temps, elles permettent de rassembler et de structurer. Cet atelier propose aux \u00e9l\u00e8ves de plonger dans l\u2019univers vibrant des percussions, \u00e0 travers la d\u00e9couverte d\u2019instruments vari\u00e9s et l\u2019exp\u00e9rimentation du rythme sous toutes ses formes.<\/span><\/p>\n<p class=\"cvGsUA direction-ltr align-justify para-style-body\"><span class=\"a_GcMg font-feature-liga-off font-feature-clig-off font-feature-calt-off text-decoration-none text-strikethrough-none\">En manipulant des percussions de diff\u00e9rentes r\u00e9gions du monde ou m\u00eame par le biais de percussions corporelles, les \u00e9l\u00e8ves d\u00e9veloppent leur sens du rythme, leur coordination et leur \u00e9coute. Ils apprennent \u00e0 jouer ensemble, \u00e0 construire des polyrythmies, \u00e0 alterner silences et frappes, et \u00e0 ressentir la puissance du son dans leur propre corps.<\/span><\/p>\n<p class=\"cvGsUA direction-ltr align-justify para-style-body\"><span class=\"a_GcMg font-feature-liga-off font-feature-clig-off font-feature-calt-off text-decoration-none text-strikethrough-none\">Quels sons naissent selon quelle mati\u00e8re, forme ou mani\u00e8re de frapper ? Comment construire un rythme en groupe ? Quelle place prend le corps dans la production du son ? Cet atelier offre une exp\u00e9rience musicale et collective unique, o\u00f9 chaque \u00e9l\u00e8ve trouve sa voix&#8230; ou plut\u00f4t, sa frappe.<\/span><\/p>\n<p style=\"text-align: justify;\"><strong><u>Pour aller plus loin en classe <\/u>:<\/strong><\/p>\n<ul>\n<li><span class=\"a_GcMg font-feature-liga-off font-feature-clig-off font-feature-calt-off text-decoration-none text-strikethrough-none\">Cr\u00e9er la partition graphique d\u2019un rythme collectif<\/span><\/li>\n<li><span class=\"a_GcMg font-feature-liga-off font-feature-clig-off font-feature-calt-off text-decoration-none text-strikethrough-none\">\u00c9crire un po\u00e8me ou slam rythmique, en s\u2019inspirant des frappes entendues<\/span><\/li>\n<li><span class=\"a_GcMg font-feature-liga-off font-feature-clig-off font-feature-calt-off text-decoration-none text-strikethrough-none\">Explorer l\u2019usage des percussions dans diff\u00e9rentes c\u00e9r\u00e9monies ou rituels \u00e0 travers le monde<\/span><\/li>\n<li><span class=\"a_GcMg font-feature-liga-off font-feature-clig-off font-feature-calt-off text-decoration-none text-strikethrough-none\">Compter les temps, les mesures et les temps forts\/faibles dans un rythme simple (initiation \u00e0 la division du temps). Cr\u00e9er un rythme math\u00e9matique.<\/span><\/li>\n<\/ul>\n<table style=\"border-collapse: collapse; width: 100%; height: 43px;\">\n<tbody>\n<tr style=\"height: 43px;\">\n<td style=\"width: 457px; height: 43px; border-color: #ee4000; border-style: solid;\">\n<p style=\"text-align: center;\"><strong><span style=\"color: #ef3740;\">CONDITIONS<\/span><\/strong><br \/>\n6 s\u00e9ances minimum<br \/>\n2 groupes\/classes minimum<\/p>\n<p>&nbsp;<\/p>\n<p style=\"text-align: center;\"><strong><span style=\"color: #ef3740;\">TARIF<\/span><\/strong><br \/>\n70\u20ac par s\u00e9ance soit 3,5 \u20ac par enfant pour une classe de 20 \u00e9l\u00e8ves <em>(le tarif de nos ateliers reste le m\u00eame quel que soit le nombre d&rsquo;\u00e9l\u00e8ves dans la classe)<\/em><\/p>\n<p>&nbsp;<\/p>\n<p style=\"text-align: center;\"><em>Pour les ateliers n\u00e9cessitant le transport d\u2019instruments pour les enfants, pr\u00e9voir un forfait d\u00e9placement suppl\u00e9mentaire<\/em><\/p>\n<\/td>\n<\/tr>\n<\/tbody>\n<\/table>\n<h5 class=\"p1\" style=\"text-align: center;\"><strong><span style=\"color: #ef3740;\">Pour commander des ateliers, \u00e9crivez-nous \u00e0 <\/span><a href=\"mailto:jmbxl@jeunessesmusicales.be\"><span style=\"color: #ef3740;\">jmbxl@jeunessesmusicales.be<\/span><\/a><\/strong><\/h5>\n<p>&nbsp;<\/p>\n","protected":false},"excerpt":{"rendered":"<p>De 5 \u00e0 18 ans \/ M3 \u00e0 S6 Les percussions sont les battements de c\u0153ur de la musique. Pr\u00e9sentes &hellip; <a href=\"https:\/\/www.jeunessesmusicales.be\/bruxelles\/ateliers-musicaux-a-lecole\/ca-percute-ateliers-de-percussions\/\" class=\"more-link\">Continue reading <span class=\"screen-reader-text\">\u00c7A PERCUTE !<\/span><\/a><\/p>\n","protected":false},"author":32,"featured_media":0,"parent":54,"menu_order":0,"comment_status":"closed","ping_status":"closed","template":"","meta":{"_acf_changed":false,"footnotes":""},"class_list":["post-7798","page","type-page","status-publish","hentry"],"acf":[],"aioseo_notices":[],"_links":{"self":[{"href":"https:\/\/www.jeunessesmusicales.be\/bruxelles\/wp-json\/wp\/v2\/pages\/7798","targetHints":{"allow":["GET"]}}],"collection":[{"href":"https:\/\/www.jeunessesmusicales.be\/bruxelles\/wp-json\/wp\/v2\/pages"}],"about":[{"href":"https:\/\/www.jeunessesmusicales.be\/bruxelles\/wp-json\/wp\/v2\/types\/page"}],"author":[{"embeddable":true,"href":"https:\/\/www.jeunessesmusicales.be\/bruxelles\/wp-json\/wp\/v2\/users\/32"}],"replies":[{"embeddable":true,"href":"https:\/\/www.jeunessesmusicales.be\/bruxelles\/wp-json\/wp\/v2\/comments?post=7798"}],"version-history":[{"count":27,"href":"https:\/\/www.jeunessesmusicales.be\/bruxelles\/wp-json\/wp\/v2\/pages\/7798\/revisions"}],"predecessor-version":[{"id":11824,"href":"https:\/\/www.jeunessesmusicales.be\/bruxelles\/wp-json\/wp\/v2\/pages\/7798\/revisions\/11824"}],"up":[{"embeddable":true,"href":"https:\/\/www.jeunessesmusicales.be\/bruxelles\/wp-json\/wp\/v2\/pages\/54"}],"wp:attachment":[{"href":"https:\/\/www.jeunessesmusicales.be\/bruxelles\/wp-json\/wp\/v2\/media?parent=7798"}],"curies":[{"name":"wp","href":"https:\/\/api.w.org\/{rel}","templated":true}]}}

ÇA PERCUTE !

<h2>De 5 à 18 ans / M3 à S6</h2>
<p style="text-align: justify;"><a rel="fancybox[7798]" href="https://www.jeunessesmusicales.be/bruxelles/wp-content/uploads/sites/7/2023/07/Instrus-6.jpg" class="fancybox"><img loading="lazy" decoding="async" class="alignleft wp-image-9523 size-medium" src="https://www.jeunessesmusicales.be/bruxelles/wp-content/uploads/sites/7/2023/07/Instrus-6-300x225.jpg" alt="" width="300" height="225" srcset="https://www.jeunessesmusicales.be/bruxelles/wp-content/uploads/sites/7/2023/07/Instrus-6-300x225.jpg 300w, https://www.jeunessesmusicales.be/bruxelles/wp-content/uploads/sites/7/2023/07/Instrus-6-1024x768.jpg 1024w, https://www.jeunessesmusicales.be/bruxelles/wp-content/uploads/sites/7/2023/07/Instrus-6-768x576.jpg 768w, https://www.jeunessesmusicales.be/bruxelles/wp-content/uploads/sites/7/2023/07/Instrus-6-1536x1152.jpg 1536w, https://www.jeunessesmusicales.be/bruxelles/wp-content/uploads/sites/7/2023/07/Instrus-6-140x105.jpg 140w, https://www.jeunessesmusicales.be/bruxelles/wp-content/uploads/sites/7/2023/07/Instrus-6.jpg 1920w" sizes="auto, (max-width: 300px) 100vw, 300px" /></a></p>
<p class="cvGsUA direction-ltr align-justify para-style-body"><span class="a_GcMg font-feature-liga-off font-feature-clig-off font-feature-calt-off text-decoration-none text-strikethrough-none">Les percussions sont les battements de cœur de la musique. Présentes dans toutes les cultures depuis la nuit des temps, elles permettent de rassembler et de structurer. Cet atelier propose aux élèves de plonger dans l’univers vibrant des percussions, à travers la découverte d’instruments variés et l’expérimentation du rythme sous toutes ses formes.</span></p>
<p class="cvGsUA direction-ltr align-justify para-style-body"><span class="a_GcMg font-feature-liga-off font-feature-clig-off font-feature-calt-off text-decoration-none text-strikethrough-none">En manipulant des percussions de différentes régions du monde ou même par le biais de percussions corporelles, les élèves développent leur sens du rythme, leur coordination et leur écoute. Ils apprennent à jouer ensemble, à construire des polyrythmies, à alterner silences et frappes, et à ressentir la puissance du son dans leur propre corps.</span></p>
<p class="cvGsUA direction-ltr align-justify para-style-body"><span class="a_GcMg font-feature-liga-off font-feature-clig-off font-feature-calt-off text-decoration-none text-strikethrough-none">Quels sons naissent selon quelle matière, forme ou manière de frapper ? Comment construire un rythme en groupe ? Quelle place prend le corps dans la production du son ? Cet atelier offre une expérience musicale et collective unique, où chaque élève trouve sa voix&#8230; ou plutôt, sa frappe.</span></p>
<p style="text-align: justify;"><strong><u>Pour aller plus loin en classe </u>:</strong></p>
<ul>
<li><span class="a_GcMg font-feature-liga-off font-feature-clig-off font-feature-calt-off text-decoration-none text-strikethrough-none">Créer la partition graphique d’un rythme collectif</span></li>
<li><span class="a_GcMg font-feature-liga-off font-feature-clig-off font-feature-calt-off text-decoration-none text-strikethrough-none">Écrire un poème ou slam rythmique, en s’inspirant des frappes entendues</span></li>
<li><span class="a_GcMg font-feature-liga-off font-feature-clig-off font-feature-calt-off text-decoration-none text-strikethrough-none">Explorer l’usage des percussions dans différentes cérémonies ou rituels à travers le monde</span></li>
<li><span class="a_GcMg font-feature-liga-off font-feature-clig-off font-feature-calt-off text-decoration-none text-strikethrough-none">Compter les temps, les mesures et les temps forts/faibles dans un rythme simple (initiation à la division du temps). Créer un rythme mathématique.</span></li>
</ul>
<table style="border-collapse: collapse; width: 100%; height: 43px;">
<tbody>
<tr style="height: 43px;">
<td style="width: 457px; height: 43px; border-color: #ee4000; border-style: solid;">
<p style="text-align: center;"><strong><span style="color: #ef3740;">CONDITIONS</span></strong><br />
6 séances minimum<br />
2 groupes/classes minimum</p>
<p>&nbsp;</p>
<p style="text-align: center;"><strong><span style="color: #ef3740;">TARIF</span></strong><br />
70€ par séance soit 3,5 € par enfant pour une classe de 20 élèves <em>(le tarif de nos ateliers reste le même quel que soit le nombre d&rsquo;élèves dans la classe)</em></p>
<p>&nbsp;</p>
<p style="text-align: center;"><em>Pour les ateliers nécessitant le transport d’instruments pour les enfants, prévoir un forfait déplacement supplémentaire</em></p>
</td>
</tr>
</tbody>
</table>
<h5 class="p1" style="text-align: center;"><strong><span style="color: #ef3740;">Pour commander des ateliers, écrivez-nous à </span><a href="mailto:jmbxl@jeunessesmusicales.be"><span style="color: #ef3740;">jmbxl@jeunessesmusicales.be</span></a></strong></h5>
<p>&nbsp;</p>

<p>De 5 à 18 ans / M3 à S6 Les percussions sont les battements de cœur de la musique. Présentes &hellip; <a href="https://www.jeunessesmusicales.be/bruxelles/ateliers-musicaux-a-lecole/ca-percute-ateliers-de-percussions/" class="more-link">Continue reading <span class="screen-reader-text">ÇA PERCUTE !</span></a></p>
