{"id":7824,"date":"2022-08-05T11:24:00","date_gmt":"2022-08-05T09:24:00","guid":{"rendered":"https:\/\/www.jeunessesmusicales.be\/bruxelles\/creches-et-ecoles\/ateliers-scolaires\/voyage-en-musique-copy\/"},"modified":"2025-08-19T17:20:08","modified_gmt":"2025-08-19T15:20:08","slug":"de-vivaldi-a-stromae-decouverte-des-familles-dinstruments-et-des-styles-musicaux","status":"publish","type":"page","link":"https:\/\/www.jeunessesmusicales.be\/bruxelles\/ateliers-musicaux-a-lecole\/de-vivaldi-a-stromae-decouverte-des-familles-dinstruments-et-des-styles-musicaux\/","title":{"rendered":"DE VIVALDI A STROMAE, d\u00e9couverte des familles d\u2019instruments et des styles musicaux"},"content":{"rendered":"<h2>De 5 \u00e0 18 ans \/ M3 \u00e0 S6<\/h2>\n<p style=\"text-align: justify;\"><a rel=\"fancybox[7824]\" href=\"https:\/\/www.jeunessesmusicales.be\/bruxelles\/wp-content\/uploads\/sites\/7\/2023\/07\/20191219-P1310719.jpg\" class=\"fancybox\"><img loading=\"lazy\" decoding=\"async\" class=\"alignleft wp-image-9511 size-medium\" src=\"https:\/\/www.jeunessesmusicales.be\/bruxelles\/wp-content\/uploads\/sites\/7\/2023\/07\/20191219-P1310719-300x225.jpg\" alt=\"\" width=\"300\" height=\"225\" srcset=\"https:\/\/www.jeunessesmusicales.be\/bruxelles\/wp-content\/uploads\/sites\/7\/2023\/07\/20191219-P1310719-300x225.jpg 300w, https:\/\/www.jeunessesmusicales.be\/bruxelles\/wp-content\/uploads\/sites\/7\/2023\/07\/20191219-P1310719-1024x768.jpg 1024w, https:\/\/www.jeunessesmusicales.be\/bruxelles\/wp-content\/uploads\/sites\/7\/2023\/07\/20191219-P1310719-768x576.jpg 768w, https:\/\/www.jeunessesmusicales.be\/bruxelles\/wp-content\/uploads\/sites\/7\/2023\/07\/20191219-P1310719-1536x1152.jpg 1536w, https:\/\/www.jeunessesmusicales.be\/bruxelles\/wp-content\/uploads\/sites\/7\/2023\/07\/20191219-P1310719-140x105.jpg 140w, https:\/\/www.jeunessesmusicales.be\/bruxelles\/wp-content\/uploads\/sites\/7\/2023\/07\/20191219-P1310719.jpg 1920w\" sizes=\"auto, (max-width: 300px) 100vw, 300px\" \/><\/a><\/p>\n<p class=\"cvGsUA direction-ltr align-justify para-style-body\"><span class=\"a_GcMg font-feature-liga-off font-feature-clig-off font-feature-calt-off text-decoration-none text-strikethrough-none\">Ce cycle d\u2019ateliers propose un parcours \u00e0 travers diff\u00e9rents styles musicaux, en associant \u00e0 chaque genre l\u2019exploration de ses instruments embl\u00e9matiques, de ses rythmes caract\u00e9ristiques, et des danses ou gestes qui en d\u00e9coulent.<\/span><\/p>\n<p class=\"cvGsUA direction-ltr align-justify para-style-body\"><span class=\"a_GcMg font-feature-liga-off font-feature-clig-off font-feature-calt-off text-decoration-none text-strikethrough-none\">Les ateliers de ce cycle sont tant\u00f4t centr\u00e9s sur un style musical et les instruments qui lui sont propres, tant\u00f4t d\u00e9di\u00e9s \u00e0 l\u2019exploration de la danse comme expression du rythme et de la culture.<\/span><\/p>\n<p class=\"cvGsUA direction-ltr align-justify para-style-body\"><span class=\"a_GcMg font-feature-liga-off font-feature-clig-off font-feature-calt-off text-decoration-none text-strikethrough-none\">Au fil des s\u00e9ances, les \u00e9l\u00e8ves d\u00e9couvrent des styles vari\u00e9s, classiques ou contemporains, traditionnels ou populaires, et s\u2019ouvrent \u00e0 une diversit\u00e9 de sons, de gestes, de cultures et de ressentis.<\/span><\/p>\n<p class=\"cvGsUA direction-ltr align-justify para-style-body\"><span class=\"a_GcMg font-feature-liga-off font-feature-clig-off font-feature-calt-off text-decoration-none text-strikethrough-none\">Du flow du rap, \u00e0 l\u2019\u00e9nergie de la musique classique aux transes des chansons africaines, les ateliers invitent \u00e0 \u00e9couter, ressentir, jouer et bouger. Les \u00e9l\u00e8ves alternent ainsi moments d\u2019\u00e9coute active, manipulations d\u2019instruments ou d\u2019objets sonores, percussions corporelles, jeux rythmiques ou initiation \u00e0 des mouvements li\u00e9s \u00e0 la musique.<\/span><\/p>\n<p class=\"cvGsUA direction-ltr align-justify para-style-body\"><span class=\"a_GcMg font-feature-liga-off font-feature-clig-off font-feature-calt-off text-decoration-none text-strikethrough-none\">Chaque atelier peut se vivre ind\u00e9pendamment ou s\u2019inscrire dans un parcours global \u00e0 la carte.<\/span><\/p>\n<p style=\"text-align: justify;\"><strong><u>Pour aller plus loin en classe<\/u>\u00a0:<\/strong><\/p>\n<ul>\n<li><span class=\"a_GcMg font-feature-liga-off font-feature-clig-off font-feature-calt-off text-decoration-none text-strikethrough-none\">Cr\u00e9er une frise chronologique musicale et une carte : situer les styles ou artistes abord\u00e9s sur une ligne du temps et une carte du monde, relier les styles \u00e0 leur \u00e9poque ou \u00e0 des \u00e9v\u00e9nements culturels ou sociaux marquants : jazz et s\u00e9gr\u00e9gation, rock et r\u00e9volte, rap et soci\u00e9t\u00e9 urbaine\u2026 Les relier \u00e0 d\u2019autres formes d\u2019expressions artistiques du m\u00eame pays, de la m\u00eame \u00e9poque ou d\u00e9velopp\u00e9s dans des cadres id\u00e9ologiques ou culturels identiques.<\/span><\/li>\n<li><span class=\"a_GcMg font-feature-liga-off font-feature-clig-off font-feature-calt-off text-decoration-none text-strikethrough-none\">R\u00e9aliser des fiches descriptives illustr\u00e9es sur les instruments (famille, origine, fonction).<\/span><\/li>\n<li><span class=\"a_GcMg font-feature-liga-off font-feature-clig-off font-feature-calt-off text-decoration-none text-strikethrough-none\">R\u00e9diger un petit journal de bord des d\u00e9couvertes musicales ou un texte po\u00e9tique inspir\u00e9 d\u2019un rythme ou d\u2019un style. R\u00e9diger des critiques musicales, inventer des paroles de chanson, slam ou po\u00e8me rythm\u00e9. \u00c9tudier les textes de chansons dans leur dimension sociale, po\u00e9tique ou revendicative<\/span><\/li>\n<li><span class=\"a_GcMg font-feature-liga-off font-feature-clig-off font-feature-calt-off text-decoration-none text-strikethrough-none\">D\u00e9battre autour des notions de culture, d\u2019h\u00e9ritage, de transmission et d\u2019identit\u00e9 musicale<\/span><\/li>\n<\/ul>\n<table style=\"border-collapse: collapse; width: 100%; height: 43px;\">\n<tbody>\n<tr style=\"height: 43px;\">\n<td style=\"width: 457px; height: 43px; border-color: #ee4000; border-style: solid;\">\n<p style=\"text-align: center;\"><strong><span style=\"color: #ef3740;\">CONDITIONS<\/span><br \/>\n<\/strong>6 s\u00e9ances minimum<br \/>\n2 groupes\/classes minimum<\/p>\n<p>&nbsp;<\/p>\n<p style=\"text-align: center;\"><strong><span style=\"color: #ef3740;\">TARIF<\/span><br \/>\n<\/strong>70\u20ac par s\u00e9ance soit 3,5 \u20ac par enfant pour une classe de 20 \u00e9l\u00e8ves <em>(le tarif de nos ateliers reste le m\u00eame quel que soit le nombre d&rsquo;\u00e9l\u00e8ves dans la classe)<\/em><\/p>\n<\/td>\n<\/tr>\n<\/tbody>\n<\/table>\n<h5 class=\"p1\" style=\"text-align: center;\"><strong><span style=\"color: #ef3740;\">Pour commander des ateliers, \u00e9crivez-nous \u00e0 <\/span><a href=\"mailto:jmbxl@jeunessesmusicales.be\"><span style=\"color: #ef3740;\">jmbxl@jeunessesmusicales.be<\/span><\/a><\/strong><\/h5>\n<p style=\"text-align: center;\"><span style=\"color: #ef3740;\"><em>\u00a0<\/em><\/span><\/p>\n","protected":false},"excerpt":{"rendered":"<p>De 5 \u00e0 18 ans \/ M3 \u00e0 S6 Ce cycle d\u2019ateliers propose un parcours \u00e0 travers diff\u00e9rents styles musicaux, &hellip; <a href=\"https:\/\/www.jeunessesmusicales.be\/bruxelles\/ateliers-musicaux-a-lecole\/de-vivaldi-a-stromae-decouverte-des-familles-dinstruments-et-des-styles-musicaux\/\" class=\"more-link\">Continue reading <span class=\"screen-reader-text\">DE VIVALDI A STROMAE, d\u00e9couverte des familles d\u2019instruments et des styles musicaux<\/span><\/a><\/p>\n","protected":false},"author":32,"featured_media":0,"parent":54,"menu_order":0,"comment_status":"closed","ping_status":"closed","template":"","meta":{"_acf_changed":false,"footnotes":""},"class_list":["post-7824","page","type-page","status-publish","hentry"],"acf":[],"aioseo_notices":[],"_links":{"self":[{"href":"https:\/\/www.jeunessesmusicales.be\/bruxelles\/wp-json\/wp\/v2\/pages\/7824","targetHints":{"allow":["GET"]}}],"collection":[{"href":"https:\/\/www.jeunessesmusicales.be\/bruxelles\/wp-json\/wp\/v2\/pages"}],"about":[{"href":"https:\/\/www.jeunessesmusicales.be\/bruxelles\/wp-json\/wp\/v2\/types\/page"}],"author":[{"embeddable":true,"href":"https:\/\/www.jeunessesmusicales.be\/bruxelles\/wp-json\/wp\/v2\/users\/32"}],"replies":[{"embeddable":true,"href":"https:\/\/www.jeunessesmusicales.be\/bruxelles\/wp-json\/wp\/v2\/comments?post=7824"}],"version-history":[{"count":23,"href":"https:\/\/www.jeunessesmusicales.be\/bruxelles\/wp-json\/wp\/v2\/pages\/7824\/revisions"}],"predecessor-version":[{"id":7826,"href":"https:\/\/www.jeunessesmusicales.be\/bruxelles\/wp-json\/wp\/v2\/pages\/7824\/revisions\/7826"}],"up":[{"embeddable":true,"href":"https:\/\/www.jeunessesmusicales.be\/bruxelles\/wp-json\/wp\/v2\/pages\/54"}],"wp:attachment":[{"href":"https:\/\/www.jeunessesmusicales.be\/bruxelles\/wp-json\/wp\/v2\/media?parent=7824"}],"curies":[{"name":"wp","href":"https:\/\/api.w.org\/{rel}","templated":true}]}}

DE VIVALDI A STROMAE, découverte des familles d’instruments et des styles musicaux

<h2>De 5 à 18 ans / M3 à S6</h2>
<p style="text-align: justify;"><a rel="fancybox[7824]" href="https://www.jeunessesmusicales.be/bruxelles/wp-content/uploads/sites/7/2023/07/20191219-P1310719.jpg" class="fancybox"><img loading="lazy" decoding="async" class="alignleft wp-image-9511 size-medium" src="https://www.jeunessesmusicales.be/bruxelles/wp-content/uploads/sites/7/2023/07/20191219-P1310719-300x225.jpg" alt="" width="300" height="225" srcset="https://www.jeunessesmusicales.be/bruxelles/wp-content/uploads/sites/7/2023/07/20191219-P1310719-300x225.jpg 300w, https://www.jeunessesmusicales.be/bruxelles/wp-content/uploads/sites/7/2023/07/20191219-P1310719-1024x768.jpg 1024w, https://www.jeunessesmusicales.be/bruxelles/wp-content/uploads/sites/7/2023/07/20191219-P1310719-768x576.jpg 768w, https://www.jeunessesmusicales.be/bruxelles/wp-content/uploads/sites/7/2023/07/20191219-P1310719-1536x1152.jpg 1536w, https://www.jeunessesmusicales.be/bruxelles/wp-content/uploads/sites/7/2023/07/20191219-P1310719-140x105.jpg 140w, https://www.jeunessesmusicales.be/bruxelles/wp-content/uploads/sites/7/2023/07/20191219-P1310719.jpg 1920w" sizes="auto, (max-width: 300px) 100vw, 300px" /></a></p>
<p class="cvGsUA direction-ltr align-justify para-style-body"><span class="a_GcMg font-feature-liga-off font-feature-clig-off font-feature-calt-off text-decoration-none text-strikethrough-none">Ce cycle d’ateliers propose un parcours à travers différents styles musicaux, en associant à chaque genre l’exploration de ses instruments emblématiques, de ses rythmes caractéristiques, et des danses ou gestes qui en découlent.</span></p>
<p class="cvGsUA direction-ltr align-justify para-style-body"><span class="a_GcMg font-feature-liga-off font-feature-clig-off font-feature-calt-off text-decoration-none text-strikethrough-none">Les ateliers de ce cycle sont tantôt centrés sur un style musical et les instruments qui lui sont propres, tantôt dédiés à l’exploration de la danse comme expression du rythme et de la culture.</span></p>
<p class="cvGsUA direction-ltr align-justify para-style-body"><span class="a_GcMg font-feature-liga-off font-feature-clig-off font-feature-calt-off text-decoration-none text-strikethrough-none">Au fil des séances, les élèves découvrent des styles variés, classiques ou contemporains, traditionnels ou populaires, et s’ouvrent à une diversité de sons, de gestes, de cultures et de ressentis.</span></p>
<p class="cvGsUA direction-ltr align-justify para-style-body"><span class="a_GcMg font-feature-liga-off font-feature-clig-off font-feature-calt-off text-decoration-none text-strikethrough-none">Du flow du rap, à l’énergie de la musique classique aux transes des chansons africaines, les ateliers invitent à écouter, ressentir, jouer et bouger. Les élèves alternent ainsi moments d’écoute active, manipulations d’instruments ou d’objets sonores, percussions corporelles, jeux rythmiques ou initiation à des mouvements liés à la musique.</span></p>
<p class="cvGsUA direction-ltr align-justify para-style-body"><span class="a_GcMg font-feature-liga-off font-feature-clig-off font-feature-calt-off text-decoration-none text-strikethrough-none">Chaque atelier peut se vivre indépendamment ou s’inscrire dans un parcours global à la carte.</span></p>
<p style="text-align: justify;"><strong><u>Pour aller plus loin en classe</u> :</strong></p>
<ul>
<li><span class="a_GcMg font-feature-liga-off font-feature-clig-off font-feature-calt-off text-decoration-none text-strikethrough-none">Créer une frise chronologique musicale et une carte : situer les styles ou artistes abordés sur une ligne du temps et une carte du monde, relier les styles à leur époque ou à des événements culturels ou sociaux marquants : jazz et ségrégation, rock et révolte, rap et société urbaine… Les relier à d’autres formes d’expressions artistiques du même pays, de la même époque ou développés dans des cadres idéologiques ou culturels identiques.</span></li>
<li><span class="a_GcMg font-feature-liga-off font-feature-clig-off font-feature-calt-off text-decoration-none text-strikethrough-none">Réaliser des fiches descriptives illustrées sur les instruments (famille, origine, fonction).</span></li>
<li><span class="a_GcMg font-feature-liga-off font-feature-clig-off font-feature-calt-off text-decoration-none text-strikethrough-none">Rédiger un petit journal de bord des découvertes musicales ou un texte poétique inspiré d’un rythme ou d’un style. Rédiger des critiques musicales, inventer des paroles de chanson, slam ou poème rythmé. Étudier les textes de chansons dans leur dimension sociale, poétique ou revendicative</span></li>
<li><span class="a_GcMg font-feature-liga-off font-feature-clig-off font-feature-calt-off text-decoration-none text-strikethrough-none">Débattre autour des notions de culture, d’héritage, de transmission et d’identité musicale</span></li>
</ul>
<table style="border-collapse: collapse; width: 100%; height: 43px;">
<tbody>
<tr style="height: 43px;">
<td style="width: 457px; height: 43px; border-color: #ee4000; border-style: solid;">
<p style="text-align: center;"><strong><span style="color: #ef3740;">CONDITIONS</span><br />
</strong>6 séances minimum<br />
2 groupes/classes minimum</p>
<p>&nbsp;</p>
<p style="text-align: center;"><strong><span style="color: #ef3740;">TARIF</span><br />
</strong>70€ par séance soit 3,5 € par enfant pour une classe de 20 élèves <em>(le tarif de nos ateliers reste le même quel que soit le nombre d&rsquo;élèves dans la classe)</em></p>
</td>
</tr>
</tbody>
</table>
<h5 class="p1" style="text-align: center;"><strong><span style="color: #ef3740;">Pour commander des ateliers, écrivez-nous à </span><a href="mailto:jmbxl@jeunessesmusicales.be"><span style="color: #ef3740;">jmbxl@jeunessesmusicales.be</span></a></strong></h5>
<p style="text-align: center;"><span style="color: #ef3740;"><em> </em></span></p>

<p>De 5 à 18 ans / M3 à S6 Ce cycle d’ateliers propose un parcours à travers différents styles musicaux, &hellip; <a href="https://www.jeunessesmusicales.be/bruxelles/ateliers-musicaux-a-lecole/de-vivaldi-a-stromae-decouverte-des-familles-dinstruments-et-des-styles-musicaux/" class="more-link">Continue reading <span class="screen-reader-text">DE VIVALDI A STROMAE, découverte des familles d’instruments et des styles musicaux</span></a></p>
