{"id":7840,"date":"2022-08-05T12:08:49","date_gmt":"2022-08-05T10:08:49","guid":{"rendered":"https:\/\/www.jeunessesmusicales.be\/bruxelles\/creches-et-ecoles\/ateliers-scolaires\/atelier-chant-et-creation-de-chansons-copy\/"},"modified":"2025-08-19T17:23:04","modified_gmt":"2025-08-19T15:23:04","slug":"let-s_dance","status":"publish","type":"page","link":"https:\/\/www.jeunessesmusicales.be\/bruxelles\/ateliers-musicaux-a-lecole\/let-s_dance\/","title":{"rendered":"LET&rsquo;S DANCE"},"content":{"rendered":"<h2>De 5 \u00e0 18 ans \/ M3 \u00e0 S6<\/h2>\n<p style=\"text-align: justify;\"><a rel=\"fancybox[7840]\" href=\"https:\/\/www.jeunessesmusicales.be\/bruxelles\/wp-content\/uploads\/sites\/7\/2022\/08\/20180712-P1060918.jpg\" class=\"fancybox\"><img loading=\"lazy\" decoding=\"async\" class=\"alignleft size-medium wp-image-8757\" src=\"https:\/\/www.jeunessesmusicales.be\/bruxelles\/wp-content\/uploads\/sites\/7\/2022\/08\/20180712-P1060918-300x225.jpg\" alt=\"\" width=\"300\" height=\"225\" srcset=\"https:\/\/www.jeunessesmusicales.be\/bruxelles\/wp-content\/uploads\/sites\/7\/2022\/08\/20180712-P1060918-300x225.jpg 300w, https:\/\/www.jeunessesmusicales.be\/bruxelles\/wp-content\/uploads\/sites\/7\/2022\/08\/20180712-P1060918-768x576.jpg 768w, https:\/\/www.jeunessesmusicales.be\/bruxelles\/wp-content\/uploads\/sites\/7\/2022\/08\/20180712-P1060918-1024x768.jpg 1024w, https:\/\/www.jeunessesmusicales.be\/bruxelles\/wp-content\/uploads\/sites\/7\/2022\/08\/20180712-P1060918-140x105.jpg 140w, https:\/\/www.jeunessesmusicales.be\/bruxelles\/wp-content\/uploads\/sites\/7\/2022\/08\/20180712-P1060918.jpg 1920w\" sizes=\"auto, (max-width: 300px) 100vw, 300px\" \/><\/a><\/p>\n<p class=\"cvGsUA direction-ltr align-justify para-style-body\"><span class=\"a_GcMg font-feature-liga-off font-feature-clig-off font-feature-calt-off text-decoration-none text-strikethrough-none\">Au cours de ces cycles d\u2019ateliers de danse, les \u00e9l\u00e8ves s\u2019immergent dans un style, en explorant ses bases techniques, ses particularit\u00e9s et son histoire. Ces ateliers sont con\u00e7us pour d\u00e9velopper la compr\u00e9hension du style choisi et l\u2019expression corporelle des \u00e9l\u00e8ves, tout en favorisant la cr\u00e9ativit\u00e9, la coordination et l\u2019esprit d\u2019\u00e9quipe.<\/span><\/p>\n<p class=\"cvGsUA direction-ltr align-justify para-style-body\"><span class=\"a_GcMg font-feature-liga-off font-feature-clig-off font-feature-calt-off text-decoration-none text-strikethrough-none\">Les ateliers incluent des mouvements fondamentaux, des s\u00e9quences chor\u00e9graphiques et des exercices d\u2019improvisation adapt\u00e9s \u00e0 l&rsquo;\u00e2ge des participants. \u00c0 travers ces ateliers, les \u00e9l\u00e8ves d\u00e9couvrent un univers artistique, les gestes qui le caract\u00e9risent, et les \u00e9motions qu\u2019il v\u00e9hicule.<\/span><\/p>\n<p class=\"cvGsUA direction-ltr align-justify para-style-body\"><span class=\"a_GcMg font-feature-liga-off font-feature-clig-off font-feature-calt-off text-decoration-none text-strikethrough-none\">Le cycle s\u2019organise sur plusieurs s\u00e9ances, et chaque atelier permet de progresser dans la ma\u00eetrise technique tout en offrant une grande libert\u00e9 d\u2019expression corporelle et artistique.<\/span><\/p>\n<p style=\"text-align: justify;\"><strong><u>Pour aller plus loin en classe<\/u>\u00a0:<\/strong><\/p>\n<ul>\n<li><span class=\"a_GcMg font-feature-liga-off font-feature-clig-off font-feature-calt-off text-decoration-none text-strikethrough-none\">R\u00e9diger un texte sur le style de danse \u00e9tudi\u00e9 : son histoire, son \u00e9volution, ce qu\u2019il repr\u00e9sente pour les danseurs. Analyser une chanson ou un po\u00e8me inspir\u00e9 par le style de danse, et discuter des liens avec le mouvement.<\/span><\/li>\n<li><span class=\"a_GcMg font-feature-liga-off font-feature-clig-off font-feature-calt-off text-decoration-none text-strikethrough-none\">Relier le style de danse choisi \u00e0 son contexte historique, culturel et social : ex. la danse contemporaine et les mouvements sociaux, le flamenco et la guerre d\u2019Espagne etc.<\/span><\/li>\n<li><span class=\"a_GcMg font-feature-liga-off font-feature-clig-off font-feature-calt-off text-decoration-none text-strikethrough-none\">R\u00e9aliser des dessins ou des collages inspir\u00e9s des \u00e9motions transmises par le style de danse. Cr\u00e9er des costumes simples ou des accessoires pour enrichir la chor\u00e9graphie.<\/span><\/li>\n<\/ul>\n<table style=\"border-collapse: collapse; width: 100%; height: 43px;\">\n<tbody>\n<tr style=\"height: 43px;\">\n<td style=\"width: 457px; height: 43px; border-color: #ee4000; border-style: solid;\">\n<p style=\"text-align: center;\"><strong><span style=\"color: #ef3740;\">CONDITIONS<\/span><br \/>\n<\/strong>6 s\u00e9ances minimum<br \/>\n2 groupes\/classes minimum<\/p>\n<p>&nbsp;<\/p>\n<p style=\"text-align: center;\"><strong><span style=\"color: #ef3740;\">TARIF<\/span><br \/>\n<\/strong>70\u20ac par s\u00e9ance soit 3,5 \u20ac par enfant pour une classe de 20 \u00e9l\u00e8ves <em>(le tarif de nos ateliers reste le m\u00eame quel que soit le nombre d&rsquo;\u00e9l\u00e8ves dans la classe)<\/em><\/p>\n<\/td>\n<\/tr>\n<\/tbody>\n<\/table>\n<h5 class=\"p1\" style=\"text-align: center;\"><strong><span style=\"color: #ef3740;\">Pour commander des ateliers, \u00e9crivez-nous \u00e0 <\/span><a href=\"mailto:jmbxl@jeunessesmusicales.be\"><span style=\"color: #ef3740;\">jmbxl@jeunessesmusicales.be<\/span><\/a><\/strong><\/h5>\n<p>&nbsp;<\/p>\n","protected":false},"excerpt":{"rendered":"<p>De 5 \u00e0 18 ans \/ M3 \u00e0 S6 Au cours de ces cycles d\u2019ateliers de danse, les \u00e9l\u00e8ves s\u2019immergent &hellip; <a href=\"https:\/\/www.jeunessesmusicales.be\/bruxelles\/ateliers-musicaux-a-lecole\/let-s_dance\/\" class=\"more-link\">Continue reading <span class=\"screen-reader-text\">LET&rsquo;S DANCE<\/span><\/a><\/p>\n","protected":false},"author":32,"featured_media":0,"parent":54,"menu_order":0,"comment_status":"closed","ping_status":"closed","template":"","meta":{"_acf_changed":false,"footnotes":""},"class_list":["post-7840","page","type-page","status-publish","hentry"],"acf":[],"aioseo_notices":[],"_links":{"self":[{"href":"https:\/\/www.jeunessesmusicales.be\/bruxelles\/wp-json\/wp\/v2\/pages\/7840","targetHints":{"allow":["GET"]}}],"collection":[{"href":"https:\/\/www.jeunessesmusicales.be\/bruxelles\/wp-json\/wp\/v2\/pages"}],"about":[{"href":"https:\/\/www.jeunessesmusicales.be\/bruxelles\/wp-json\/wp\/v2\/types\/page"}],"author":[{"embeddable":true,"href":"https:\/\/www.jeunessesmusicales.be\/bruxelles\/wp-json\/wp\/v2\/users\/32"}],"replies":[{"embeddable":true,"href":"https:\/\/www.jeunessesmusicales.be\/bruxelles\/wp-json\/wp\/v2\/comments?post=7840"}],"version-history":[{"count":24,"href":"https:\/\/www.jeunessesmusicales.be\/bruxelles\/wp-json\/wp\/v2\/pages\/7840\/revisions"}],"predecessor-version":[{"id":11823,"href":"https:\/\/www.jeunessesmusicales.be\/bruxelles\/wp-json\/wp\/v2\/pages\/7840\/revisions\/11823"}],"up":[{"embeddable":true,"href":"https:\/\/www.jeunessesmusicales.be\/bruxelles\/wp-json\/wp\/v2\/pages\/54"}],"wp:attachment":[{"href":"https:\/\/www.jeunessesmusicales.be\/bruxelles\/wp-json\/wp\/v2\/media?parent=7840"}],"curies":[{"name":"wp","href":"https:\/\/api.w.org\/{rel}","templated":true}]}}

<h2>De 5 à 18 ans / M3 à S6</h2>
<p style="text-align: justify;"><a rel="fancybox[7840]" href="https://www.jeunessesmusicales.be/bruxelles/wp-content/uploads/sites/7/2022/08/20180712-P1060918.jpg" class="fancybox"><img loading="lazy" decoding="async" class="alignleft size-medium wp-image-8757" src="https://www.jeunessesmusicales.be/bruxelles/wp-content/uploads/sites/7/2022/08/20180712-P1060918-300x225.jpg" alt="" width="300" height="225" srcset="https://www.jeunessesmusicales.be/bruxelles/wp-content/uploads/sites/7/2022/08/20180712-P1060918-300x225.jpg 300w, https://www.jeunessesmusicales.be/bruxelles/wp-content/uploads/sites/7/2022/08/20180712-P1060918-768x576.jpg 768w, https://www.jeunessesmusicales.be/bruxelles/wp-content/uploads/sites/7/2022/08/20180712-P1060918-1024x768.jpg 1024w, https://www.jeunessesmusicales.be/bruxelles/wp-content/uploads/sites/7/2022/08/20180712-P1060918-140x105.jpg 140w, https://www.jeunessesmusicales.be/bruxelles/wp-content/uploads/sites/7/2022/08/20180712-P1060918.jpg 1920w" sizes="auto, (max-width: 300px) 100vw, 300px" /></a></p>
<p class="cvGsUA direction-ltr align-justify para-style-body"><span class="a_GcMg font-feature-liga-off font-feature-clig-off font-feature-calt-off text-decoration-none text-strikethrough-none">Au cours de ces cycles d’ateliers de danse, les élèves s’immergent dans un style, en explorant ses bases techniques, ses particularités et son histoire. Ces ateliers sont conçus pour développer la compréhension du style choisi et l’expression corporelle des élèves, tout en favorisant la créativité, la coordination et l’esprit d’équipe.</span></p>
<p class="cvGsUA direction-ltr align-justify para-style-body"><span class="a_GcMg font-feature-liga-off font-feature-clig-off font-feature-calt-off text-decoration-none text-strikethrough-none">Les ateliers incluent des mouvements fondamentaux, des séquences chorégraphiques et des exercices d’improvisation adaptés à l&rsquo;âge des participants. À travers ces ateliers, les élèves découvrent un univers artistique, les gestes qui le caractérisent, et les émotions qu’il véhicule.</span></p>
<p class="cvGsUA direction-ltr align-justify para-style-body"><span class="a_GcMg font-feature-liga-off font-feature-clig-off font-feature-calt-off text-decoration-none text-strikethrough-none">Le cycle s’organise sur plusieurs séances, et chaque atelier permet de progresser dans la maîtrise technique tout en offrant une grande liberté d’expression corporelle et artistique.</span></p>
<p style="text-align: justify;"><strong><u>Pour aller plus loin en classe</u> :</strong></p>
<ul>
<li><span class="a_GcMg font-feature-liga-off font-feature-clig-off font-feature-calt-off text-decoration-none text-strikethrough-none">Rédiger un texte sur le style de danse étudié : son histoire, son évolution, ce qu’il représente pour les danseurs. Analyser une chanson ou un poème inspiré par le style de danse, et discuter des liens avec le mouvement.</span></li>
<li><span class="a_GcMg font-feature-liga-off font-feature-clig-off font-feature-calt-off text-decoration-none text-strikethrough-none">Relier le style de danse choisi à son contexte historique, culturel et social : ex. la danse contemporaine et les mouvements sociaux, le flamenco et la guerre d’Espagne etc.</span></li>
<li><span class="a_GcMg font-feature-liga-off font-feature-clig-off font-feature-calt-off text-decoration-none text-strikethrough-none">Réaliser des dessins ou des collages inspirés des émotions transmises par le style de danse. Créer des costumes simples ou des accessoires pour enrichir la chorégraphie.</span></li>
</ul>
<table style="border-collapse: collapse; width: 100%; height: 43px;">
<tbody>
<tr style="height: 43px;">
<td style="width: 457px; height: 43px; border-color: #ee4000; border-style: solid;">
<p style="text-align: center;"><strong><span style="color: #ef3740;">CONDITIONS</span><br />
</strong>6 séances minimum<br />
2 groupes/classes minimum</p>
<p>&nbsp;</p>
<p style="text-align: center;"><strong><span style="color: #ef3740;">TARIF</span><br />
</strong>70€ par séance soit 3,5 € par enfant pour une classe de 20 élèves <em>(le tarif de nos ateliers reste le même quel que soit le nombre d&rsquo;élèves dans la classe)</em></p>
</td>
</tr>
</tbody>
</table>
<h5 class="p1" style="text-align: center;"><strong><span style="color: #ef3740;">Pour commander des ateliers, écrivez-nous à </span><a href="mailto:jmbxl@jeunessesmusicales.be"><span style="color: #ef3740;">jmbxl@jeunessesmusicales.be</span></a></strong></h5>
<p>&nbsp;</p>

<p>De 5 à 18 ans / M3 à S6 Au cours de ces cycles d’ateliers de danse, les élèves s’immergent &hellip; <a href="https://www.jeunessesmusicales.be/bruxelles/ateliers-musicaux-a-lecole/let-s_dance/" class="more-link">Continue reading <span class="screen-reader-text">LET&rsquo;S DANCE</span></a></p>
