{"id":1848,"date":"2022-01-06T17:40:15","date_gmt":"2022-01-06T16:40:15","guid":{"rendered":"https:\/\/www.jeunessesmusicales.be\/charleroimetropole\/noel2021-copy\/"},"modified":"2022-02-21T09:10:54","modified_gmt":"2022-02-21T08:10:54","slug":"detente2022","status":"publish","type":"page","link":"https:\/\/www.jeunessesmusicales.be\/charleroimetropole\/detente2022\/","title":{"rendered":"Stage de d\u00e9tente | 2022"},"content":{"rendered":"<p><a rel=\"fancybox[1848]\" href=\"https:\/\/www.jeunessesmusicales.be\/charleroimetropole\/wp-content\/uploads\/sites\/6\/2022\/01\/Stage-de-carnaval-2022-Event-Facebook.jpg\" class=\"fancybox\"><img loading=\"lazy\" decoding=\"async\" class=\"aligncenter wp-image-1827 \" src=\"https:\/\/www.jeunessesmusicales.be\/charleroimetropole\/wp-content\/uploads\/sites\/6\/2022\/01\/Stage-de-carnaval-2022-Event-Facebook-300x169.jpg\" alt=\"\" width=\"645\" height=\"364\" srcset=\"https:\/\/www.jeunessesmusicales.be\/charleroimetropole\/wp-content\/uploads\/sites\/6\/2022\/01\/Stage-de-carnaval-2022-Event-Facebook-300x169.jpg 300w, https:\/\/www.jeunessesmusicales.be\/charleroimetropole\/wp-content\/uploads\/sites\/6\/2022\/01\/Stage-de-carnaval-2022-Event-Facebook-768x432.jpg 768w, https:\/\/www.jeunessesmusicales.be\/charleroimetropole\/wp-content\/uploads\/sites\/6\/2022\/01\/Stage-de-carnaval-2022-Event-Facebook-1024x576.jpg 1024w, https:\/\/www.jeunessesmusicales.be\/charleroimetropole\/wp-content\/uploads\/sites\/6\/2022\/01\/Stage-de-carnaval-2022-Event-Facebook-150x84.jpg 150w, https:\/\/www.jeunessesmusicales.be\/charleroimetropole\/wp-content\/uploads\/sites\/6\/2022\/01\/Stage-de-carnaval-2022-Event-Facebook.jpg 1920w\" sizes=\"auto, (max-width: 645px) 100vw, 645px\" \/><\/a><\/p>\n<p style=\"text-align: center;\"><em>\u00a0\u00bb Une nouvelle locataire vient d&#8217;emm\u00e9nager juste \u00e0 c\u00f4t\u00e9 de notre chez moi, <span style=\"color: #ef3740;\">elle est vraiment<\/span><br \/>\n<span style=\"color: #ef3740;\">bizarre.<\/span> Je crois bien que c&rsquo;est une sorci\u00e8re. Elle met du sel dans son caf\u00e9 et trempe ses carottes<br \/>\n<\/em><em>dans son th\u00e9. <span style=\"color: #ef3740;\">Assur\u00e9ment, c&rsquo;est une sorci\u00e8re<\/span>. Elle pr\u00e9pare en grand secret une potion magique<br \/>\ncapable d&rsquo;avaler la voix des instruments. Elle est sur le point de r\u00e9ussir son vilain tour,<br \/>\nmais tout ne se passe pas comme pr\u00e9vu. <span style=\"color: #ef3740;\">Les instruments retrouveront ils leur voix ? \u00ab\u00a0<\/span><\/em><\/p>\n<p style=\"text-align: center;\">Viens t&rsquo;amuser, chanter, danser et jouer des instruments avec nos animateurs et<br \/>\nlance-toi dans cette fabuleuse aventure \u00e0 la recherche de la voix des instruments.<\/p>\n<p>Des plus petits aux plus grands, <strong>ce stage est accessible \u00e0 toutes et tous.<br \/>\n<\/strong>Les parents peuvent accompagner leurs enfants et participer aux stages avec eux.<\/p>\n<p><span style=\"color: #ef3740;\"><strong>Prix :<br \/>\n<\/strong><\/span>20\u20ac \/ 1 jour \/ 1 personne<br \/>\n90\u20ac \/ 5 jours \/ 1 personne<br \/>\n75\u20ac \/ \u00e0 partir de 3 jours et \u00e0 partir de 2 personnes<\/p>\n<p><span style=\"color: #ef3740;\"><strong>Lieu :<\/strong><\/span>\u00a0Rue L\u00e9opold 46 6041 Gosselies (GPS mettre rue des \u00e9coles 6041)<br \/>\n<span style=\"color: #ef3740;\"><strong>Horaire :<\/strong> <\/span>Du 28\/02 au 04\/03 de 9h \u00e0 16h (Accueil \u00e0 partir de 8h30)<br \/>\n<strong><span style=\"color: #ef3740;\">Garderie\u00a0:<\/span>\u00a0<\/strong>De 16h \u00e0 17h | 1.50\u20ac\/jour \u00e0 payer le premier jour de stage.<br \/>\n<span style=\"color: #ef3740;\"><strong>Paiement :<\/strong><\/span> Merci de payer la somme totale sur le compte BE16 7320 3795 8474<br \/>\n<strong>\u00a0 \u00a0 \u00a0 \u00a0 \u00a0 \u00a0 \u00a0 \u00a0 \u00a0 \u00a0 (Attestation pour d\u00e9duction fiscale et remboursement mutuelle.)<\/strong><\/p>\n<p><span style=\"color: #ef3740;\"><strong>Inscriptions : Complet<\/strong><\/span><\/p>\n","protected":false},"excerpt":{"rendered":"<p>\u00a0\u00bb Une nouvelle locataire vient d&#8217;emm\u00e9nager juste \u00e0 c\u00f4t\u00e9 de notre chez moi, elle est vraiment bizarre. Je crois bien &hellip; <a href=\"https:\/\/www.jeunessesmusicales.be\/charleroimetropole\/detente2022\/\" class=\"more-link\">Continue reading <span class=\"screen-reader-text\">Stage de d\u00e9tente | 2022<\/span><\/a><\/p>\n","protected":false},"author":16,"featured_media":1827,"parent":0,"menu_order":0,"comment_status":"closed","ping_status":"closed","template":"","meta":{"_acf_changed":false,"footnotes":""},"class_list":["post-1848","page","type-page","status-publish","has-post-thumbnail","hentry"],"acf":[],"_links":{"self":[{"href":"https:\/\/www.jeunessesmusicales.be\/charleroimetropole\/wp-json\/wp\/v2\/pages\/1848","targetHints":{"allow":["GET"]}}],"collection":[{"href":"https:\/\/www.jeunessesmusicales.be\/charleroimetropole\/wp-json\/wp\/v2\/pages"}],"about":[{"href":"https:\/\/www.jeunessesmusicales.be\/charleroimetropole\/wp-json\/wp\/v2\/types\/page"}],"author":[{"embeddable":true,"href":"https:\/\/www.jeunessesmusicales.be\/charleroimetropole\/wp-json\/wp\/v2\/users\/16"}],"replies":[{"embeddable":true,"href":"https:\/\/www.jeunessesmusicales.be\/charleroimetropole\/wp-json\/wp\/v2\/comments?post=1848"}],"version-history":[{"count":7,"href":"https:\/\/www.jeunessesmusicales.be\/charleroimetropole\/wp-json\/wp\/v2\/pages\/1848\/revisions"}],"predecessor-version":[{"id":1904,"href":"https:\/\/www.jeunessesmusicales.be\/charleroimetropole\/wp-json\/wp\/v2\/pages\/1848\/revisions\/1904"}],"wp:featuredmedia":[{"embeddable":true,"href":"https:\/\/www.jeunessesmusicales.be\/charleroimetropole\/wp-json\/wp\/v2\/media\/1827"}],"wp:attachment":[{"href":"https:\/\/www.jeunessesmusicales.be\/charleroimetropole\/wp-json\/wp\/v2\/media?parent=1848"}],"curies":[{"name":"wp","href":"https:\/\/api.w.org\/{rel}","templated":true}]}}