{"id":2925,"date":"2025-05-07T22:15:03","date_gmt":"2025-05-07T20:15:03","guid":{"rendered":"https:\/\/www.jeunessesmusicales.be\/charleroimetropole\/?page_id=2925"},"modified":"2025-05-07T23:03:25","modified_gmt":"2025-05-07T21:03:25","slug":"catalogue-ateliers-25-26","status":"publish","type":"page","link":"https:\/\/www.jeunessesmusicales.be\/charleroimetropole\/catalogue-ateliers-25-26\/","title":{"rendered":"Catalogue des ateliers 25-26 : Maternel &#8211; Primaire"},"content":{"rendered":"<h2 style=\"text-align: center;\"><strong>Notre <span style=\"color: #ef3740;\">nouveau catalogue des ateliers<\/span> est en ligne.<br \/>\nSp\u00e9cial <span style=\"color: #ef3740;\">85 ans<\/span> !<br \/>\n<\/strong>Maternel et Primaire<\/h2>\n<h2 style=\"text-align: center;\"><span style=\"color: #ef3740;\"><a href=\"https:\/\/www.jeunessesmusicales.be\/charleroimetropole\/wp-content\/uploads\/sites\/6\/2025\/05\/Catalogue-JM-Charleroi-25-26-Low.pdf\" target=\"_blank\" rel=\"noopener\">Cliquez <strong>ici<\/strong> pour consulter le catalogue<\/a><br \/>\n<a style=\"color: #ef3740;\" href=\"https:\/\/www.jeunessesmusicales.be\/charleroimetropole\/wp-content\/uploads\/sites\/6\/2025\/05\/Exemple-Bon-de-commande-Ateliers-Ecoles-25-26-1.pdf\" target=\"_blank\" rel=\"noopener\">Cliquez <strong>ici<\/strong> pour t\u00e9l\u00e9charger le bon de commande<\/a><\/span><\/h2>\n<h4 style=\"text-align: center;\"><span style=\"color: #2d353a;\">ensuite renvoyez nous le bon de commande \u00e0 <a style=\"color: #2d353a;\" rel=\"fancybox[2925]\" href=\"mailto:jmch@jeunessesmusicales.be\">jmch@jeunessesmusicales.be<\/a><\/span><a href=\"https:\/\/www.jeunessesmusicales.be\/charleroimetropole\/wp-content\/uploads\/sites\/6\/2025\/05\/Catalogue-JM-Charleroi-25-26-Low.pdf\" target=\"_blank\" rel=\"noopener\"><img loading=\"lazy\" decoding=\"async\" class=\"aligncenter wp-image-2926\" src=\"https:\/\/www.jeunessesmusicales.be\/charleroimetropole\/wp-content\/uploads\/sites\/6\/2025\/05\/Mok1-300x280.png\" alt=\"\" width=\"571\" height=\"533\" \/ class=\"fancybox\" srcset=\"https:\/\/www.jeunessesmusicales.be\/charleroimetropole\/wp-content\/uploads\/sites\/6\/2025\/05\/Mok1-300x280.png 300w, https:\/\/www.jeunessesmusicales.be\/charleroimetropole\/wp-content\/uploads\/sites\/6\/2025\/05\/Mok1-1024x956.png 1024w, https:\/\/www.jeunessesmusicales.be\/charleroimetropole\/wp-content\/uploads\/sites\/6\/2025\/05\/Mok1-768x717.png 768w, https:\/\/www.jeunessesmusicales.be\/charleroimetropole\/wp-content\/uploads\/sites\/6\/2025\/05\/Mok1-112x105.png 112w, https:\/\/www.jeunessesmusicales.be\/charleroimetropole\/wp-content\/uploads\/sites\/6\/2025\/05\/Mok1.png 1237w\" sizes=\"auto, (max-width: 571px) 100vw, 571px\" \/><\/a><\/h4>\n<h2><strong><span style=\"color: #ef3740;\">PROCEDURES<\/span> <\/strong>CONDITIONS DE TRAVAIL INDISPENSABLES<\/h2>\n<p><strong><span style=\"text-decoration: underline;\">1. Pour r\u00e9ussir notre collaboration :<\/span><\/strong><\/p>\n<p>&#8211; La pr\u00e9sence de l\u2019enseignant est obligatoire pour des raisons d\u2019assurance.<br \/>\n&#8211; La collaboration de celui-ci permet un prolongement p\u00e9dagogique au sein de la classe pour une meilleure atteinte des objectifs.<br \/>\n&#8211; Chaque atelier est propos\u00e9 pour une classe de maximum 25 enfants.<br \/>\n&#8211; L\u2019atelier doit se d\u00e9rouler dans un local qui permet une \u00e9coute et un travail musical serein.<br \/>\n&#8211; Attention, en aucun cas, les Jeunesses Musicales ne veulent se substituer \u00e0 l\u2019enseignant. Ils souhaitent par leurs animations en classe, susciter l\u2019envie et amorcer un travail d\u2019expression musicale au sens large, \u00e0 concr\u00e9tiser par les enfants et leur instituteur.<\/p>\n<p><span style=\"text-decoration: underline;\"><strong><strong>2. Proc\u00e9dure :<\/strong><\/strong><\/span><\/p>\n<p>1. Envoi par l\u2019\u00e9cole du bon de commande par mail \u00e0 jmch@jeunessesmusicales.be<\/p>\n<p>2. Nous vous confirmons les dates de vos ateliers uniquement par mail \u00e0 l\u2019adresse que vous avez indiqu\u00e9e lors de votre commande.<br \/>\n&#8211; Sans r\u00e9action de votre part, l\u2019animateur se pr\u00e9sentera aux dates re\u00e7ues par mail. Si vous refusez notre animateur aux dates fix\u00e9es, les animations risquent de ne pas pouvoir \u00eatre reprogramm\u00e9es. Si vous rencontrez des difficult\u00e9s, vous pouvez toujours contacter le bureau au 0497\/432 180<br \/>\n&#8211; Les dates d\u2019animations fix\u00e9es dans le contrat ne pourront \u00eatre modifi\u00e9es que si et seulement si<br \/>\nl\u2019horaire de l\u2019animateur le permet et que vous avez bien indiqu\u00e9 les indisponibilit\u00e9s de la classe.<\/p>\n<p>3. R\u00e9alisation des animations.<\/p>\n<p>4. Facturation \u00e0 l\u2019\u00e9tablissement.<br \/>\n&#8211; En cas de D+ (discrimination positive) veuillez le pr\u00e9ciser dans le bon de commande dans l\u2019encadr\u00e9 pr\u00e9vu \u00e0 cet effet.<br \/>\n&#8211; Le paiement se fait uniquement par compte bancaire, en aucun cas \u00e0 l\u2019animateur.<\/p>\n<p><strong><span style=\"text-decoration: underline;\">3. Attention :<\/span><\/strong><\/p>\n<p>Tous nos ateliers ne peuvent \u00eatre r\u00e9alis\u00e9s en m\u00eame temps, ils sont donc r\u00e9partis sur toute l\u2019ann\u00e9e scolaire d\u2019ao\u00fbt \u00e0 juillet. Vu l\u2019augmentation du prix du carburant, nous programmons plusieurs ateliers dans la m\u00eame \u00e9cole afin de limiter les frais de d\u00e9placements suppl\u00e9mentaires. Pour toute \u00e9cole distante de plus de 30 km de notre centre, un forfait suppl\u00e9mentaire de 20 \u20ac par jour sera factur\u00e9.<\/p>\n","protected":false},"excerpt":{"rendered":"<p>Notre nouveau catalogue des ateliers est en ligne. Sp\u00e9cial 85 ans ! Maternel et Primaire Cliquez ici pour consulter le &hellip; <a href=\"https:\/\/www.jeunessesmusicales.be\/charleroimetropole\/catalogue-ateliers-25-26\/\" class=\"more-link\">Continue reading <span class=\"screen-reader-text\">Catalogue des ateliers 25-26 : Maternel &#8211; Primaire<\/span><\/a><\/p>\n","protected":false},"author":16,"featured_media":0,"parent":0,"menu_order":0,"comment_status":"closed","ping_status":"closed","template":"","meta":{"_acf_changed":false,"footnotes":""},"class_list":["post-2925","page","type-page","status-publish","hentry"],"acf":[],"_links":{"self":[{"href":"https:\/\/www.jeunessesmusicales.be\/charleroimetropole\/wp-json\/wp\/v2\/pages\/2925","targetHints":{"allow":["GET"]}}],"collection":[{"href":"https:\/\/www.jeunessesmusicales.be\/charleroimetropole\/wp-json\/wp\/v2\/pages"}],"about":[{"href":"https:\/\/www.jeunessesmusicales.be\/charleroimetropole\/wp-json\/wp\/v2\/types\/page"}],"author":[{"embeddable":true,"href":"https:\/\/www.jeunessesmusicales.be\/charleroimetropole\/wp-json\/wp\/v2\/users\/16"}],"replies":[{"embeddable":true,"href":"https:\/\/www.jeunessesmusicales.be\/charleroimetropole\/wp-json\/wp\/v2\/comments?post=2925"}],"version-history":[{"count":17,"href":"https:\/\/www.jeunessesmusicales.be\/charleroimetropole\/wp-json\/wp\/v2\/pages\/2925\/revisions"}],"predecessor-version":[{"id":2930,"href":"https:\/\/www.jeunessesmusicales.be\/charleroimetropole\/wp-json\/wp\/v2\/pages\/2925\/revisions\/2930"}],"wp:attachment":[{"href":"https:\/\/www.jeunessesmusicales.be\/charleroimetropole\/wp-json\/wp\/v2\/media?parent=2925"}],"curies":[{"name":"wp","href":"https:\/\/api.w.org\/{rel}","templated":true}]}}