{"id":3044,"date":"2025-10-20T16:43:04","date_gmt":"2025-10-20T14:43:04","guid":{"rendered":"https:\/\/www.jeunessesmusicales.be\/charleroimetropole\/?page_id=3044"},"modified":"2025-11-26T12:09:08","modified_gmt":"2025-11-26T11:09:08","slug":"noeldesmomes2025","status":"publish","type":"page","link":"https:\/\/www.jeunessesmusicales.be\/charleroimetropole\/noeldesmomes2025\/","title":{"rendered":"No\u00ebl des m\u00f4mes 2025"},"content":{"rendered":"<h2><span style=\"color: #ef3740;\"><a rel=\"fancybox[3044]\" href=\"https:\/\/www.jeunessesmusicales.be\/charleroimetropole\/wp-content\/uploads\/sites\/6\/2023\/12\/Noel-des-momes-2.jpg\" class=\"fancybox\"><img loading=\"lazy\" decoding=\"async\" class=\"wp-image-2626 size-full alignnone\" src=\"https:\/\/www.jeunessesmusicales.be\/charleroimetropole\/wp-content\/uploads\/sites\/6\/2023\/12\/Noel-des-momes-2.jpg\" alt=\"\" width=\"900\" height=\"267\" srcset=\"https:\/\/www.jeunessesmusicales.be\/charleroimetropole\/wp-content\/uploads\/sites\/6\/2023\/12\/Noel-des-momes-2.jpg 900w, https:\/\/www.jeunessesmusicales.be\/charleroimetropole\/wp-content\/uploads\/sites\/6\/2023\/12\/Noel-des-momes-2-300x89.jpg 300w, https:\/\/www.jeunessesmusicales.be\/charleroimetropole\/wp-content\/uploads\/sites\/6\/2023\/12\/Noel-des-momes-2-768x228.jpg 768w, https:\/\/www.jeunessesmusicales.be\/charleroimetropole\/wp-content\/uploads\/sites\/6\/2023\/12\/Noel-des-momes-2-150x45.jpg 150w\" sizes=\"auto, (max-width: 900px) 100vw, 900px\" \/><\/a><\/span><\/h2>\n<p>&nbsp;<\/p>\n<h2>Spectacle \u00ab La Terre est Ronde \u00bb<\/h2>\n<p><strong><span style=\"color: #ef3740;\">13 DECEMBRE 2025<\/span><\/strong><\/p>\n<p><strong>ARR\u00caT CHARLEROI DANSE<br \/>\n<\/strong>Adresse : Bd Pierre Mayence 65c, 6000 Charleroi<strong><br \/>\n<\/strong><\/p>\n<p>\u2022 3 &#8211; 12 ans<br \/>\n\u2022 +- 50 min<br \/>\n\u2022 11h30 \u00a0&amp; 13h30<\/p>\n<p><em>La terre est ronde est un voyage musical interactif pour les enfants de 3 \u00e0 12 ans. Avec le JM Band, les jeunes spectateurs d\u00e9couvrent la richesse des musiques du monde \u00e0 travers des chansons rythm\u00e9es et des danses faciles \u00e0 partager. Au fil du spectacle, l\u2019Afrique, l\u2019Am\u00e9rique, la Belgique et la travers\u00e9e en mer se d\u00e9voilent par leurs sonorit\u00e9s et leurs couleurs. Chaque escale invite les enfants \u00e0 chanter, taper des mains, bouger et participer activement, pour qu\u2019ils deviennent eux-m\u00eames les acteurs du concert. Con\u00e7u sp\u00e9cialement pour le jeune public, ce spectacle allie p\u00e9dagogie et plaisir : il stimule l\u2019\u00e9coute, la curiosit\u00e9 et le sens du collectif tout en laissant une grande place au jeu et \u00e0 l\u2019imaginaire. Avec humour, complicit\u00e9 et g\u00e9n\u00e9rosit\u00e9, le JM Band rappelle que, partout sur la plan\u00e8te, la musique est un langage universel qui rapproche les cultures et unit les c\u0153urs.<\/em><\/p>\n<p><strong><span style=\"color: #ef3740;\">INSCRIPTIONS :<\/span><\/strong><\/p>\n<p>Par e-mail : m.licitri@jeunessesmusicales.be<\/p>\n<p><em><strong>En pr\u00e9cisant :<\/strong><\/em><br \/>\nNombre d&rsquo;adulte(s)<br \/>\nNombre d&rsquo;enfant(s)<br \/>\nPr\u00e9ciser 11h30 ou 13h30<br \/>\nNom + Pr\u00e9nom<\/p>\n","protected":false},"excerpt":{"rendered":"<p>&nbsp; Spectacle \u00ab La Terre est Ronde \u00bb 13 DECEMBRE 2025 ARR\u00caT CHARLEROI DANSE Adresse : Bd Pierre Mayence 65c, &hellip; <a href=\"https:\/\/www.jeunessesmusicales.be\/charleroimetropole\/noeldesmomes2025\/\" class=\"more-link\">Continue reading <span class=\"screen-reader-text\">No\u00ebl des m\u00f4mes 2025<\/span><\/a><\/p>\n","protected":false},"author":16,"featured_media":2626,"parent":0,"menu_order":0,"comment_status":"closed","ping_status":"closed","template":"","meta":{"_acf_changed":false,"footnotes":""},"class_list":["post-3044","page","type-page","status-publish","has-post-thumbnail","hentry"],"acf":[],"_links":{"self":[{"href":"https:\/\/www.jeunessesmusicales.be\/charleroimetropole\/wp-json\/wp\/v2\/pages\/3044","targetHints":{"allow":["GET"]}}],"collection":[{"href":"https:\/\/www.jeunessesmusicales.be\/charleroimetropole\/wp-json\/wp\/v2\/pages"}],"about":[{"href":"https:\/\/www.jeunessesmusicales.be\/charleroimetropole\/wp-json\/wp\/v2\/types\/page"}],"author":[{"embeddable":true,"href":"https:\/\/www.jeunessesmusicales.be\/charleroimetropole\/wp-json\/wp\/v2\/users\/16"}],"replies":[{"embeddable":true,"href":"https:\/\/www.jeunessesmusicales.be\/charleroimetropole\/wp-json\/wp\/v2\/comments?post=3044"}],"version-history":[{"count":3,"href":"https:\/\/www.jeunessesmusicales.be\/charleroimetropole\/wp-json\/wp\/v2\/pages\/3044\/revisions"}],"predecessor-version":[{"id":3071,"href":"https:\/\/www.jeunessesmusicales.be\/charleroimetropole\/wp-json\/wp\/v2\/pages\/3044\/revisions\/3071"}],"wp:featuredmedia":[{"embeddable":true,"href":"https:\/\/www.jeunessesmusicales.be\/charleroimetropole\/wp-json\/wp\/v2\/media\/2626"}],"wp:attachment":[{"href":"https:\/\/www.jeunessesmusicales.be\/charleroimetropole\/wp-json\/wp\/v2\/media?parent=3044"}],"curies":[{"name":"wp","href":"https:\/\/api.w.org\/{rel}","templated":true}]}}