{"id":3092,"date":"2026-01-06T12:42:29","date_gmt":"2026-01-06T11:42:29","guid":{"rendered":"https:\/\/www.jeunessesmusicales.be\/charleroimetropole\/?page_id=3092"},"modified":"2026-01-06T14:56:04","modified_gmt":"2026-01-06T13:56:04","slug":"stage-globetrotteurs-2026","status":"publish","type":"page","link":"https:\/\/www.jeunessesmusicales.be\/charleroimetropole\/stage-globetrotteurs-2026\/","title":{"rendered":"Stage Carnaval | f\u00e9vrier 2026"},"content":{"rendered":"<h1><span style=\"color: #ef3740;\">\u00ab\u00a0Les Globetrotteurs en Afrique\u00a0\u00bb<br \/>\n<\/span><strong>Du lundi <span style=\"color: #ef3740;\">16\/02 <\/span><\/strong><strong>au vendredi <span style=\"color: #ef3740;\">20\/02\/2026<br \/>\n<\/span><\/strong>3 &#8211; 4 ans<\/h1>\n<div dir=\"auto\">\n<p data-start=\"134\" data-end=\"193\"><strong data-start=\"139\" data-end=\"186\">Stage musical \u2013 <em data-start=\"157\" data-end=\"184\">Globetrotteurs en Afrique<\/em><\/strong><br \/>\nPartez pour un grand voyage musical au c\u0153ur de l\u2019Afrique !<br data-start=\"253\" data-end=\"256\" \/>Au son des <strong data-start=\"267\" data-end=\"279\">tambours<\/strong>, des <strong data-start=\"285\" data-end=\"295\">chants<\/strong>, des <strong data-start=\"301\" data-end=\"312\">rythmes<\/strong> et des <strong data-start=\"320\" data-end=\"337\">jeux musicaux<\/strong>, les tout-petits deviennent de joyeux globetrotteurs.<br data-start=\"391\" data-end=\"394\" \/>On \u00e9coute, on tape, on chante, on bouge\u2026 et on d\u00e9couvre les sons d\u2019Afrique \u00e0 travers le jeu, l\u2019imagination et le plaisir de faire de la musique ensemble.<\/p>\n<p data-start=\"552\" data-end=\"715\">Un stage sensoriel et ludique pour <strong data-start=\"587\" data-end=\"609\">\u00e9veiller l\u2019oreille<\/strong>, d\u00e9velopper le rythme, la motricit\u00e9 et le go\u00fbt du voyage, dans une ambiance chaleureuse et bienveillante.<br \/>\n<em>Un premier pas musical autour du monde\u2026 direction l\u2019Afrique !<\/em><\/p>\n<\/div>\n<p><span style=\"color: #ef3740;\"><strong><a rel=\"fancybox[3092]\" href=\"https:\/\/www.jeunessesmusicales.be\/charleroimetropole\/wp-content\/uploads\/sites\/6\/2026\/01\/Bulle-de-courage.jpg\" class=\"fancybox\"><img loading=\"lazy\" decoding=\"async\" class=\"alignnone wp-image-3105\" src=\"https:\/\/www.jeunessesmusicales.be\/charleroimetropole\/wp-content\/uploads\/sites\/6\/2026\/01\/Bulle-de-courage-724x1024.jpg\" alt=\"\" width=\"500\" height=\"707\" srcset=\"https:\/\/www.jeunessesmusicales.be\/charleroimetropole\/wp-content\/uploads\/sites\/6\/2026\/01\/Bulle-de-courage-724x1024.jpg 724w, https:\/\/www.jeunessesmusicales.be\/charleroimetropole\/wp-content\/uploads\/sites\/6\/2026\/01\/Bulle-de-courage-212x300.jpg 212w, https:\/\/www.jeunessesmusicales.be\/charleroimetropole\/wp-content\/uploads\/sites\/6\/2026\/01\/Bulle-de-courage-768x1087.jpg 768w, https:\/\/www.jeunessesmusicales.be\/charleroimetropole\/wp-content\/uploads\/sites\/6\/2026\/01\/Bulle-de-courage-1086x1536.jpg 1086w, https:\/\/www.jeunessesmusicales.be\/charleroimetropole\/wp-content\/uploads\/sites\/6\/2026\/01\/Bulle-de-courage-74x105.jpg 74w, https:\/\/www.jeunessesmusicales.be\/charleroimetropole\/wp-content\/uploads\/sites\/6\/2026\/01\/Bulle-de-courage.jpg 1357w\" sizes=\"auto, (max-width: 500px) 100vw, 500px\" \/><\/a><\/strong><\/span><\/p>\n<div dir=\"auto\"><span style=\"color: #ef3740;\"><strong>Les stages JM, des activit\u00e9s musicales pour tous les enfants !<\/strong><\/span><\/div>\n<div dir=\"auto\"><\/div>\n<div dir=\"auto\">&#8211; Un encadrement qualifi\u00e9 &amp; comp\u00e9tent<\/div>\n<div dir=\"auto\">&#8211; En petits groupes, entre amis<\/div>\n<div dir=\"auto\">&#8211; Encadr\u00e9 par des animateurs enthousiastes<\/div>\n<div dir=\"auto\">&#8211; Dans une ambiance familiale &amp; festive<\/div>\n<div dir=\"auto\">&#8211; P\u00e9dagogiques<\/div>\n<div dir=\"auto\">&#8211; Esprit objectivement neutre<\/div>\n<div dir=\"auto\">&#8211; Tol\u00e9rant et respectueux de chacun<\/div>\n<div dir=\"auto\">&#8211; Plaisir et la d\u00e9couverte de la musique<\/div>\n<div dir=\"auto\"><\/div>\n<p><span style=\"color: #ef3740;\"><strong>Prix :<br \/>\n<\/strong><\/span>\u2022 <strong>75\u20ac <\/strong><em>(20\u20ac d&rsquo;acompte pour confirmer votre (vos) inscriptions)<br \/>\n<\/em><\/p>\n<p><span style=\"color: #ef3740;\"><span style=\"color: #2d353a;\">Votre enfant doit <strong>IMPERATIVEMENT<\/strong> \u00eatre propre.<\/span><\/span><\/p>\n<p><span style=\"color: #ef3740;\"><strong>Lieu :<br \/>\n<\/strong><\/span><strong>Rue Madr\u00e9e (grille rouge, face au num\u00e9ro 30) 6041 Gosselies<\/strong> (acc\u00e8s par l\u2019arri\u00e8re)<br \/>\n<strong>Rue Leopold 46, 6041 Gosselies<\/strong> (acc\u00e8s par l\u2019avant)<br \/>\nAttention sur certain GPS : <strong>Rue de Charleville 46, 6041 Gosselies<\/strong><\/p>\n<p><span style=\"color: #ef3740;\"><strong>Horaire :<br \/>\n<\/strong><\/span><span style=\"color: #ef3740;\"><span style=\"color: #2d353a;\">\u2022 Du <strong>lundi 16\/02 <\/strong>au <strong>vendredi 20\/02\/2026<br \/>\n<\/strong>\u2022 De <strong>9h \u00e0 16h<\/strong><\/span><\/span><\/p>\n<p><strong>\u00c0 noter :\u00a0<\/strong>pr\u00e9voir pique-nique, boissons et collations.<br \/>\n<strong><span style=\"color: #ef3740;\"><br \/>\nGarderie :<br \/>\n<\/span>De 16h \u00e0 17h du lundi au mecredi<\/strong><br \/>\n1.50\u20ac\/jour \u00e0 payer le premier jour de stage.<\/p>\n<p><span style=\"color: #ef3740;\"><strong>Paiement :<br \/>\n<\/strong><\/span>Merci de payer la somme totale <strong>avant le 09\/02\/2026<\/strong>\u00a0ou de payer un acompte de 20\u20ac end\u00e9ans les 3 jours apr\u00e8s votre inscription pour valider votre inscription sur le compte BE16 7320 3795 8474.<br \/>\n<strong> (Veuillez compl\u00e9ter les infirmations ci-dessous pour votre attestation pour d\u00e9duction fiscale et remboursement mutuelle)<\/strong><\/p>\n<p><strong><span style=\"color: #ef3740;\">Inscriptions :<br \/>\n<\/span><\/strong><span style=\"color: #2d353a;\"><em>(Apr\u00e8s votre inscriptions via le formulaire ci-dessous, un mail de confirmation est envoy\u00e9 sur votre adresse e-mail. V\u00e9rifiez si celui-ci ne se trouve pas dans votre courrier ind\u00e9sirable)<\/em><\/span><\/p>\n<p><iframe loading=\"lazy\" src=\"https:\/\/docs.google.com\/forms\/d\/e\/1FAIpQLSd9-XKAUL6VcXzb5skjKGYRLxRzhqDWayH0aQTlfm08RiKW8Q\/viewform?embedded=true\" width=\"100%\" height=\"5000\" frameborder=\"0\" marginwidth=\"0\" marginheight=\"0\"><\/iframe><\/p>\n<p><em>(Le mail de confirmation d\u2019inscription tarde \u00e0 arriver? V\u00e9rifiez si celui-ci ne se trouve pas dans votre courrier ind\u00e9sirable)<\/em><\/p>\n","protected":false},"excerpt":{"rendered":"<p>\u00ab\u00a0Les Globetrotteurs en Afrique\u00a0\u00bb Du lundi 16\/02 au vendredi 20\/02\/2026 3 &#8211; 4 ans Stage musical \u2013 Globetrotteurs en Afrique &hellip; <a href=\"https:\/\/www.jeunessesmusicales.be\/charleroimetropole\/stage-globetrotteurs-2026\/\" class=\"more-link\">Continue reading <span class=\"screen-reader-text\">Stage Carnaval | f\u00e9vrier 2026<\/span><\/a><\/p>\n","protected":false},"author":16,"featured_media":3105,"parent":0,"menu_order":0,"comment_status":"closed","ping_status":"closed","template":"","meta":{"_acf_changed":false,"footnotes":""},"class_list":["post-3092","page","type-page","status-publish","has-post-thumbnail","hentry"],"acf":[],"_links":{"self":[{"href":"https:\/\/www.jeunessesmusicales.be\/charleroimetropole\/wp-json\/wp\/v2\/pages\/3092","targetHints":{"allow":["GET"]}}],"collection":[{"href":"https:\/\/www.jeunessesmusicales.be\/charleroimetropole\/wp-json\/wp\/v2\/pages"}],"about":[{"href":"https:\/\/www.jeunessesmusicales.be\/charleroimetropole\/wp-json\/wp\/v2\/types\/page"}],"author":[{"embeddable":true,"href":"https:\/\/www.jeunessesmusicales.be\/charleroimetropole\/wp-json\/wp\/v2\/users\/16"}],"replies":[{"embeddable":true,"href":"https:\/\/www.jeunessesmusicales.be\/charleroimetropole\/wp-json\/wp\/v2\/comments?post=3092"}],"version-history":[{"count":6,"href":"https:\/\/www.jeunessesmusicales.be\/charleroimetropole\/wp-json\/wp\/v2\/pages\/3092\/revisions"}],"predecessor-version":[{"id":3124,"href":"https:\/\/www.jeunessesmusicales.be\/charleroimetropole\/wp-json\/wp\/v2\/pages\/3092\/revisions\/3124"}],"wp:featuredmedia":[{"embeddable":true,"href":"https:\/\/www.jeunessesmusicales.be\/charleroimetropole\/wp-json\/wp\/v2\/media\/3105"}],"wp:attachment":[{"href":"https:\/\/www.jeunessesmusicales.be\/charleroimetropole\/wp-json\/wp\/v2\/media?parent=3092"}],"curies":[{"name":"wp","href":"https:\/\/api.w.org\/{rel}","templated":true}]}}