{"id":50,"date":"2015-11-03T14:34:13","date_gmt":"2015-11-03T13:34:13","guid":{"rendered":"http:\/\/www.jeunessesmusicales.be\/charleroimetropole\/?page_id=50"},"modified":"2026-01-20T23:50:53","modified_gmt":"2026-01-20T22:50:53","slug":"stages","status":"publish","type":"page","link":"https:\/\/www.jeunessesmusicales.be\/charleroimetropole\/activites-tous-publics\/stages\/","title":{"rendered":"En savoir plus sur nos stages"},"content":{"rendered":"<h1 style=\"text-align: left;\"><strong>Choisissez un <\/strong><span style=\"color: #ef3740;\"><strong>stage musical pour votre (vos) enfant(s)<\/strong><br \/>\n<\/span><\/h1>\n<hr \/>\n<h3 style=\"text-align: left;\">| RENCONTRES, DECOUVERTES, <span style=\"color: #ef3740;\"><span style=\"color: #2d353a;\">PARTAGE ET<\/span> MUSIQUE.<\/span><\/h3>\n<p><a rel=\"fancybox[50]\" href=\"https:\/\/www.jeunessesmusicales.be\/charleroimetropole\/wp-content\/uploads\/sites\/6\/2015\/11\/40058926_1717397361692388_6300546568864923648_o.jpg\" rel=\"attachment wp-att-580\" class=\"fancybox\"><img loading=\"lazy\" decoding=\"async\" class=\"alignright wp-image-1100\" src=\"https:\/\/www.jeunessesmusicales.be\/charleroimetropole\/wp-content\/uploads\/sites\/6\/2015\/11\/40058926_1717397361692388_6300546568864923648_o-300x215.jpg\" alt=\"\" width=\"402\" height=\"288\" srcset=\"https:\/\/www.jeunessesmusicales.be\/charleroimetropole\/wp-content\/uploads\/sites\/6\/2015\/11\/40058926_1717397361692388_6300546568864923648_o-300x215.jpg 300w, https:\/\/www.jeunessesmusicales.be\/charleroimetropole\/wp-content\/uploads\/sites\/6\/2015\/11\/40058926_1717397361692388_6300546568864923648_o-768x550.jpg 768w, https:\/\/www.jeunessesmusicales.be\/charleroimetropole\/wp-content\/uploads\/sites\/6\/2015\/11\/40058926_1717397361692388_6300546568864923648_o-1024x733.jpg 1024w, https:\/\/www.jeunessesmusicales.be\/charleroimetropole\/wp-content\/uploads\/sites\/6\/2015\/11\/40058926_1717397361692388_6300546568864923648_o-147x105.jpg 147w, https:\/\/www.jeunessesmusicales.be\/charleroimetropole\/wp-content\/uploads\/sites\/6\/2015\/11\/40058926_1717397361692388_6300546568864923648_o.jpg 1953w\" sizes=\"auto, (max-width: 402px) 100vw, 402px\" \/><\/a>Rafra\u00eechissants et (r\u00e9)cr\u00e9atifs, <strong>ces stages s\u2019adressent \u00e0 diff\u00e9rentes <\/strong>tranches d\u2019\u00e2ges, <strong>et favorisent la d\u00e9couverte d\u2019un instrument ou de musiques d\u2019ici et d\u2019ailleurs.<\/strong><br class=\"autobr\" \/>Souvent pluridisciplinaires, ils permettent \u00e9galement de familiariser le stagiaire avec d\u2019autres formes artistiques telles que le conte musical, l\u2019expression corporelle, le th\u00e9\u00e2tre,\u2026<\/p>\n<p><strong>Les enfants, \u00e0 travers la musique, se d\u00e9couvrent et interagissent selon ce nouveau langage.<\/strong> C\u2019est une d\u00e9couverte de soi et des autres au sein de petits groupes et au moyen de canaux parfois forts diff\u00e9rents de ceux utilis\u00e9s au quotidien ! Le chant et le mouvement deviennent autant de moyens d\u2019expression \u00e0 exp\u00e9rimenter en musique !<\/p>\n<p><strong>D\u00e9couverte de soi, de l\u2019autre, des diff\u00e9rences culturelles tant au niveau des musiques, des instruments que de l\u2019approche que l\u2019on en fait sont des th\u00e9matiques r\u00e9currentes et exploitables pour chacun des stages.<\/strong><\/p>\n<div dir=\"auto\">\n<h3 style=\"text-align: left;\">| LES STAGES JM, DES ACTIVITES MUSICALES <span style=\"color: #ef3740;\">POUR TOUS LES ENFANTS<\/span> !<\/h3>\n<\/div>\n<div dir=\"auto\">\u2022 Un encadrement <strong>qualifi\u00e9 &amp; comp\u00e9tent<\/strong><\/div>\n<div dir=\"auto\">\u2022 En petits groupes, <strong>entre amis<\/strong><\/div>\n<div dir=\"auto\">\u2022 Encadr\u00e9 par des <strong>animateurs enthousiastes<\/strong><\/div>\n<div dir=\"auto\">\u2022 Dans une <strong>ambiance familiale &amp; festive<\/strong><\/div>\n<div dir=\"auto\">\u2022 <strong>P\u00e9dagogiques<\/strong><\/div>\n<div dir=\"auto\">\u2022 Esprit objectivement <strong>neutre<\/strong><\/div>\n<div dir=\"auto\">\u2022 <strong>Tol\u00e9rant et respectueux<\/strong> de chacun<\/div>\n<div dir=\"auto\">\u2022 <strong>Plaisir<\/strong> et la <strong>d\u00e9couverte<\/strong> de la musique<\/div>\n<div dir=\"auto\"><\/div>\n<hr \/>\n<h1 style=\"margin-top: 0px; text-align: left;\"><strong>Nos prochains <span style=\"color: #ef3740;\">STAGES<\/span><\/strong><\/h1>\n<div class=\"x11i5rnm xat24cr x1mh8g0r x1vvkbs xdj266r x126k92a\">\n<div dir=\"auto\" style=\"text-align: center;\">\n<hr \/>\n<div dir=\"auto\" style=\"text-align: center;\">\n<div class=\"x11i5rnm xat24cr x1mh8g0r x1vvkbs xdj266r x126k92a\">\n<div dir=\"auto\" style=\"text-align: center;\">\n<h4 style=\"text-align: left;\"><strong style=\"font-size: 35px;\"><strong><a rel=\"fancybox[50]\" href=\"https:\/\/www.jeunessesmusicales.be\/charleroimetropole\/stage-globetrotteurs-2026\/\"><img loading=\"lazy\" decoding=\"async\" class=\"alignleft wp-image-3105\" src=\"https:\/\/www.jeunessesmusicales.be\/charleroimetropole\/wp-content\/uploads\/sites\/6\/2026\/01\/Bulle-de-courage-212x300.jpg\" alt=\"\" width=\"200\" height=\"283\" \/ class=\"fancybox\" srcset=\"https:\/\/www.jeunessesmusicales.be\/charleroimetropole\/wp-content\/uploads\/sites\/6\/2026\/01\/Bulle-de-courage-212x300.jpg 212w, https:\/\/www.jeunessesmusicales.be\/charleroimetropole\/wp-content\/uploads\/sites\/6\/2026\/01\/Bulle-de-courage-724x1024.jpg 724w, https:\/\/www.jeunessesmusicales.be\/charleroimetropole\/wp-content\/uploads\/sites\/6\/2026\/01\/Bulle-de-courage-768x1087.jpg 768w, https:\/\/www.jeunessesmusicales.be\/charleroimetropole\/wp-content\/uploads\/sites\/6\/2026\/01\/Bulle-de-courage-1086x1536.jpg 1086w, https:\/\/www.jeunessesmusicales.be\/charleroimetropole\/wp-content\/uploads\/sites\/6\/2026\/01\/Bulle-de-courage-74x105.jpg 74w, https:\/\/www.jeunessesmusicales.be\/charleroimetropole\/wp-content\/uploads\/sites\/6\/2026\/01\/Bulle-de-courage.jpg 1357w\" sizes=\"auto, (max-width: 200px) 100vw, 200px\" \/><\/a>3 &#8211; 4 ans<br \/>\n<\/strong><\/strong><strong style=\"font-size: 35px;\"><span style=\"color: #ef3740;\">\u00ab\u00a0Les Globetrotteurs en Afrique\u00a0\u00bb<br \/>\n<\/span><\/strong>\u2022 Du <strong>lundi 16 f\u00e9vrier <\/strong>au\u00a0<strong>vendredi 20 f\u00e9vrier 2026<br \/>\n<\/strong>Pour en savoir plus sur le stage, cliquez sur l&rsquo;image ou le lien ci-dessous :<\/h4>\n<p style=\"text-align: left;\"><a href=\"https:\/\/www.jeunessesmusicales.be\/charleroimetropole\/stage-globetrotteurs-2026\/\">https:\/\/www.jeunessesmusicales.be\/charleroimetropole\/stage-globetrotteurs-2026\/<\/a><\/p>\n<\/div>\n<\/div>\n<\/div>\n<p>&nbsp;<\/p>\n<div dir=\"auto\" style=\"text-align: center;\">\n<div class=\"x11i5rnm xat24cr x1mh8g0r x1vvkbs xdj266r x126k92a\">\n<div dir=\"auto\" style=\"text-align: center;\">\n<p>&nbsp;<\/p>\n<hr \/>\n<div class=\"x11i5rnm xat24cr x1mh8g0r x1vvkbs xdj266r x126k92a\">\n<div dir=\"auto\" style=\"text-align: center;\">\n<h4 style=\"text-align: left;\"><strong style=\"font-size: 35px;\"><strong><a rel=\"fancybox[50]\" href=\"https:\/\/www.jeunessesmusicales.be\/charleroimetropole\/stage-bulledecourage-2026\/\"><img loading=\"lazy\" decoding=\"async\" class=\"alignleft wp-image-3100\" src=\"https:\/\/www.jeunessesmusicales.be\/charleroimetropole\/wp-content\/uploads\/sites\/6\/2026\/01\/Bulle-de-courage-2-212x300.jpg\" alt=\"\" width=\"200\" height=\"283\" \/ class=\"fancybox\" srcset=\"https:\/\/www.jeunessesmusicales.be\/charleroimetropole\/wp-content\/uploads\/sites\/6\/2026\/01\/Bulle-de-courage-2-212x300.jpg 212w, https:\/\/www.jeunessesmusicales.be\/charleroimetropole\/wp-content\/uploads\/sites\/6\/2026\/01\/Bulle-de-courage-2-724x1024.jpg 724w, https:\/\/www.jeunessesmusicales.be\/charleroimetropole\/wp-content\/uploads\/sites\/6\/2026\/01\/Bulle-de-courage-2-768x1087.jpg 768w, https:\/\/www.jeunessesmusicales.be\/charleroimetropole\/wp-content\/uploads\/sites\/6\/2026\/01\/Bulle-de-courage-2-1086x1536.jpg 1086w, https:\/\/www.jeunessesmusicales.be\/charleroimetropole\/wp-content\/uploads\/sites\/6\/2026\/01\/Bulle-de-courage-2-74x105.jpg 74w, https:\/\/www.jeunessesmusicales.be\/charleroimetropole\/wp-content\/uploads\/sites\/6\/2026\/01\/Bulle-de-courage-2.jpg 1357w\" sizes=\"auto, (max-width: 200px) 100vw, 200px\" \/><\/a>5 &#8211; 8 ans<br \/>\n<\/strong><\/strong><strong style=\"font-size: 35px;\"><span style=\"color: #ef3740;\">\u00ab\u00a0OLIVIA &amp; la bulle de courage\u00a0\u00bb<br \/>\n<\/span><\/strong>\u2022 Du <strong>lundi 16 f\u00e9vrier <\/strong>au\u00a0<strong>vendredi 20 f\u00e9vrier 2026<br \/>\n<\/strong>Pour en savoir plus sur le stage, cliquez sur l&rsquo;image ou le lien ci-dessous :<\/h4>\n<p style=\"text-align: left;\"><a href=\"https:\/\/www.jeunessesmusicales.be\/charleroimetropole\/stage-bulledecourage-2026\/\">https:\/\/www.jeunessesmusicales.be\/charleroimetropole\/stage-bulledecourage-2026\/<\/a><\/p>\n<\/div>\n<\/div>\n<p>&nbsp;<\/p>\n<\/div>\n<\/div>\n<p>&nbsp;<\/p>\n<hr \/>\n<div class=\"x11i5rnm xat24cr x1mh8g0r x1vvkbs xdj266r x126k92a\">\n<div dir=\"auto\" style=\"text-align: center;\">\n<div class=\"x11i5rnm xat24cr x1mh8g0r x1vvkbs xdj266r x126k92a\">\n<div dir=\"auto\" style=\"text-align: center;\">\n<h4 style=\"text-align: left;\"><strong style=\"font-size: 35px;\"><strong><a rel=\"fancybox[50]\" href=\"https:\/\/www.jeunessesmusicales.be\/charleroimetropole\/stage-ecolorythme-2026\/\"><img loading=\"lazy\" decoding=\"async\" class=\"alignleft wp-image-3102\" src=\"https:\/\/www.jeunessesmusicales.be\/charleroimetropole\/wp-content\/uploads\/sites\/6\/2026\/01\/Ecolorythme-212x300.jpg\" alt=\"\" width=\"200\" height=\"283\" \/ class=\"fancybox\" srcset=\"https:\/\/www.jeunessesmusicales.be\/charleroimetropole\/wp-content\/uploads\/sites\/6\/2026\/01\/Ecolorythme-212x300.jpg 212w, https:\/\/www.jeunessesmusicales.be\/charleroimetropole\/wp-content\/uploads\/sites\/6\/2026\/01\/Ecolorythme-724x1024.jpg 724w, https:\/\/www.jeunessesmusicales.be\/charleroimetropole\/wp-content\/uploads\/sites\/6\/2026\/01\/Ecolorythme-768x1087.jpg 768w, https:\/\/www.jeunessesmusicales.be\/charleroimetropole\/wp-content\/uploads\/sites\/6\/2026\/01\/Ecolorythme-1086x1536.jpg 1086w, https:\/\/www.jeunessesmusicales.be\/charleroimetropole\/wp-content\/uploads\/sites\/6\/2026\/01\/Ecolorythme-74x105.jpg 74w, https:\/\/www.jeunessesmusicales.be\/charleroimetropole\/wp-content\/uploads\/sites\/6\/2026\/01\/Ecolorythme.jpg 1357w\" sizes=\"auto, (max-width: 200px) 100vw, 200px\" \/><\/a>9 &#8211; 12 ans<br \/>\n<\/strong><\/strong><strong style=\"font-size: 35px;\"><span style=\"color: #ef3740;\">\u00ab\u00a0ECOLO-Rythme\u00a0\u00bb<br \/>\n<\/span><\/strong>\u2022 Du <strong>lundi 16 f\u00e9vrier <\/strong>au\u00a0<strong>vendredi 20 f\u00e9vrier 2026<br \/>\n<\/strong>Pour en savoir plus sur le stage, cliquez sur l&rsquo;image ou le lien ci-dessous :<\/h4>\n<p style=\"text-align: left;\"><a href=\"https:\/\/www.jeunessesmusicales.be\/charleroimetropole\/stage-ecolorythme-2026\/\">https:\/\/www.jeunessesmusicales.be\/charleroimetropole\/stage-ecolorythme-2026\/<\/a><\/p>\n<\/div>\n<\/div>\n<p>&nbsp;<\/p>\n<p>&nbsp;<\/p>\n<\/div>\n<\/div>\n<\/div>\n<\/div>\n<\/div>\n","protected":false},"excerpt":{"rendered":"<p>Choisissez un stage musical pour votre (vos) enfant(s) | RENCONTRES, DECOUVERTES, PARTAGE ET MUSIQUE. Rafra\u00eechissants et (r\u00e9)cr\u00e9atifs, ces stages s\u2019adressent &hellip; <a href=\"https:\/\/www.jeunessesmusicales.be\/charleroimetropole\/activites-tous-publics\/stages\/\" class=\"more-link\">Continue reading <span class=\"screen-reader-text\">En savoir plus sur nos stages<\/span><\/a><\/p>\n","protected":false},"author":9,"featured_media":1100,"parent":44,"menu_order":0,"comment_status":"closed","ping_status":"closed","template":"","meta":{"_acf_changed":false,"footnotes":""},"class_list":["post-50","page","type-page","status-publish","has-post-thumbnail","hentry"],"acf":[],"_links":{"self":[{"href":"https:\/\/www.jeunessesmusicales.be\/charleroimetropole\/wp-json\/wp\/v2\/pages\/50","targetHints":{"allow":["GET"]}}],"collection":[{"href":"https:\/\/www.jeunessesmusicales.be\/charleroimetropole\/wp-json\/wp\/v2\/pages"}],"about":[{"href":"https:\/\/www.jeunessesmusicales.be\/charleroimetropole\/wp-json\/wp\/v2\/types\/page"}],"author":[{"embeddable":true,"href":"https:\/\/www.jeunessesmusicales.be\/charleroimetropole\/wp-json\/wp\/v2\/users\/9"}],"replies":[{"embeddable":true,"href":"https:\/\/www.jeunessesmusicales.be\/charleroimetropole\/wp-json\/wp\/v2\/comments?post=50"}],"version-history":[{"count":68,"href":"https:\/\/www.jeunessesmusicales.be\/charleroimetropole\/wp-json\/wp\/v2\/pages\/50\/revisions"}],"predecessor-version":[{"id":3128,"href":"https:\/\/www.jeunessesmusicales.be\/charleroimetropole\/wp-json\/wp\/v2\/pages\/50\/revisions\/3128"}],"up":[{"embeddable":true,"href":"https:\/\/www.jeunessesmusicales.be\/charleroimetropole\/wp-json\/wp\/v2\/pages\/44"}],"wp:featuredmedia":[{"embeddable":true,"href":"https:\/\/www.jeunessesmusicales.be\/charleroimetropole\/wp-json\/wp\/v2\/media\/1100"}],"wp:attachment":[{"href":"https:\/\/www.jeunessesmusicales.be\/charleroimetropole\/wp-json\/wp\/v2\/media?parent=50"}],"curies":[{"name":"wp","href":"https:\/\/api.w.org\/{rel}","templated":true}]}}

<h1 style="text-align: left;"><strong>Choisissez un </strong><span style="color: #ef3740;"><strong>stage musical pour votre (vos) enfant(s)</strong><br />
</span></h1>
<hr />
<h3 style="text-align: left;">| RENCONTRES, DECOUVERTES, <span style="color: #ef3740;"><span style="color: #2d353a;">PARTAGE ET</span> MUSIQUE.</span></h3>
<p><a rel="fancybox[50]" href="https://www.jeunessesmusicales.be/charleroimetropole/wp-content/uploads/sites/6/2015/11/40058926_1717397361692388_6300546568864923648_o.jpg" rel="attachment wp-att-580" class="fancybox"><img loading="lazy" decoding="async" class="alignright wp-image-1100" src="https://www.jeunessesmusicales.be/charleroimetropole/wp-content/uploads/sites/6/2015/11/40058926_1717397361692388_6300546568864923648_o-300x215.jpg" alt="" width="402" height="288" srcset="https://www.jeunessesmusicales.be/charleroimetropole/wp-content/uploads/sites/6/2015/11/40058926_1717397361692388_6300546568864923648_o-300x215.jpg 300w, https://www.jeunessesmusicales.be/charleroimetropole/wp-content/uploads/sites/6/2015/11/40058926_1717397361692388_6300546568864923648_o-768x550.jpg 768w, https://www.jeunessesmusicales.be/charleroimetropole/wp-content/uploads/sites/6/2015/11/40058926_1717397361692388_6300546568864923648_o-1024x733.jpg 1024w, https://www.jeunessesmusicales.be/charleroimetropole/wp-content/uploads/sites/6/2015/11/40058926_1717397361692388_6300546568864923648_o-147x105.jpg 147w, https://www.jeunessesmusicales.be/charleroimetropole/wp-content/uploads/sites/6/2015/11/40058926_1717397361692388_6300546568864923648_o.jpg 1953w" sizes="auto, (max-width: 402px) 100vw, 402px" /></a>Rafraîchissants et (ré)créatifs, <strong>ces stages s’adressent à différentes </strong>tranches d’âges, <strong>et favorisent la découverte d’un instrument ou de musiques d’ici et d’ailleurs.</strong><br class="autobr" />Souvent pluridisciplinaires, ils permettent également de familiariser le stagiaire avec d’autres formes artistiques telles que le conte musical, l’expression corporelle, le théâtre,…</p>
<p><strong>Les enfants, à travers la musique, se découvrent et interagissent selon ce nouveau langage.</strong> C’est une découverte de soi et des autres au sein de petits groupes et au moyen de canaux parfois forts différents de ceux utilisés au quotidien ! Le chant et le mouvement deviennent autant de moyens d’expression à expérimenter en musique !</p>
<p><strong>Découverte de soi, de l’autre, des différences culturelles tant au niveau des musiques, des instruments que de l’approche que l’on en fait sont des thématiques récurrentes et exploitables pour chacun des stages.</strong></p>
<div dir="auto">
<h3 style="text-align: left;">| LES STAGES JM, DES ACTIVITES MUSICALES <span style="color: #ef3740;">POUR TOUS LES ENFANTS</span> !</h3>
</div>
<div dir="auto">• Un encadrement <strong>qualifié &amp; compétent</strong></div>
<div dir="auto">• En petits groupes, <strong>entre amis</strong></div>
<div dir="auto">• Encadré par des <strong>animateurs enthousiastes</strong></div>
<div dir="auto">• Dans une <strong>ambiance familiale &amp; festive</strong></div>
<div dir="auto">• <strong>Pédagogiques</strong></div>
<div dir="auto">• Esprit objectivement <strong>neutre</strong></div>
<div dir="auto">• <strong>Tolérant et respectueux</strong> de chacun</div>
<div dir="auto">• <strong>Plaisir</strong> et la <strong>découverte</strong> de la musique</div>
<div dir="auto"></div>
<hr />
<h1 style="margin-top: 0px; text-align: left;"><strong>Nos prochains <span style="color: #ef3740;">STAGES</span></strong></h1>
<div class="x11i5rnm xat24cr x1mh8g0r x1vvkbs xdj266r x126k92a">
<div dir="auto" style="text-align: center;">
<hr />
<div dir="auto" style="text-align: center;">
<div class="x11i5rnm xat24cr x1mh8g0r x1vvkbs xdj266r x126k92a">
<div dir="auto" style="text-align: center;">
<h4 style="text-align: left;"><strong style="font-size: 35px;"><strong><a rel="fancybox[50]" href="https://www.jeunessesmusicales.be/charleroimetropole/stage-globetrotteurs-2026/"><img loading="lazy" decoding="async" class="alignleft wp-image-3105" src="https://www.jeunessesmusicales.be/charleroimetropole/wp-content/uploads/sites/6/2026/01/Bulle-de-courage-212x300.jpg" alt="" width="200" height="283" / class="fancybox" srcset="https://www.jeunessesmusicales.be/charleroimetropole/wp-content/uploads/sites/6/2026/01/Bulle-de-courage-212x300.jpg 212w, https://www.jeunessesmusicales.be/charleroimetropole/wp-content/uploads/sites/6/2026/01/Bulle-de-courage-724x1024.jpg 724w, https://www.jeunessesmusicales.be/charleroimetropole/wp-content/uploads/sites/6/2026/01/Bulle-de-courage-768x1087.jpg 768w, https://www.jeunessesmusicales.be/charleroimetropole/wp-content/uploads/sites/6/2026/01/Bulle-de-courage-1086x1536.jpg 1086w, https://www.jeunessesmusicales.be/charleroimetropole/wp-content/uploads/sites/6/2026/01/Bulle-de-courage-74x105.jpg 74w, https://www.jeunessesmusicales.be/charleroimetropole/wp-content/uploads/sites/6/2026/01/Bulle-de-courage.jpg 1357w" sizes="auto, (max-width: 200px) 100vw, 200px" /></a>3 &#8211; 4 ans<br />
</strong></strong><strong style="font-size: 35px;"><span style="color: #ef3740;">« Les Globetrotteurs en Afrique »<br />
</span></strong>• Du <strong>lundi 16 février </strong>au <strong>vendredi 20 février 2026<br />
</strong>Pour en savoir plus sur le stage, cliquez sur l&rsquo;image ou le lien ci-dessous :</h4>
<p style="text-align: left;"><a href="https://www.jeunessesmusicales.be/charleroimetropole/stage-globetrotteurs-2026/">https://www.jeunessesmusicales.be/charleroimetropole/stage-globetrotteurs-2026/</a></p>
</div>
</div>
</div>
<p>&nbsp;</p>
<div dir="auto" style="text-align: center;">
<div class="x11i5rnm xat24cr x1mh8g0r x1vvkbs xdj266r x126k92a">
<div dir="auto" style="text-align: center;">
<p>&nbsp;</p>
<hr />
<div class="x11i5rnm xat24cr x1mh8g0r x1vvkbs xdj266r x126k92a">
<div dir="auto" style="text-align: center;">
<h4 style="text-align: left;"><strong style="font-size: 35px;"><strong><a rel="fancybox[50]" href="https://www.jeunessesmusicales.be/charleroimetropole/stage-bulledecourage-2026/"><img loading="lazy" decoding="async" class="alignleft wp-image-3100" src="https://www.jeunessesmusicales.be/charleroimetropole/wp-content/uploads/sites/6/2026/01/Bulle-de-courage-2-212x300.jpg" alt="" width="200" height="283" / class="fancybox" srcset="https://www.jeunessesmusicales.be/charleroimetropole/wp-content/uploads/sites/6/2026/01/Bulle-de-courage-2-212x300.jpg 212w, https://www.jeunessesmusicales.be/charleroimetropole/wp-content/uploads/sites/6/2026/01/Bulle-de-courage-2-724x1024.jpg 724w, https://www.jeunessesmusicales.be/charleroimetropole/wp-content/uploads/sites/6/2026/01/Bulle-de-courage-2-768x1087.jpg 768w, https://www.jeunessesmusicales.be/charleroimetropole/wp-content/uploads/sites/6/2026/01/Bulle-de-courage-2-1086x1536.jpg 1086w, https://www.jeunessesmusicales.be/charleroimetropole/wp-content/uploads/sites/6/2026/01/Bulle-de-courage-2-74x105.jpg 74w, https://www.jeunessesmusicales.be/charleroimetropole/wp-content/uploads/sites/6/2026/01/Bulle-de-courage-2.jpg 1357w" sizes="auto, (max-width: 200px) 100vw, 200px" /></a>5 &#8211; 8 ans<br />
</strong></strong><strong style="font-size: 35px;"><span style="color: #ef3740;">« OLIVIA &amp; la bulle de courage »<br />
</span></strong>• Du <strong>lundi 16 février </strong>au <strong>vendredi 20 février 2026<br />
</strong>Pour en savoir plus sur le stage, cliquez sur l&rsquo;image ou le lien ci-dessous :</h4>
<p style="text-align: left;"><a href="https://www.jeunessesmusicales.be/charleroimetropole/stage-bulledecourage-2026/">https://www.jeunessesmusicales.be/charleroimetropole/stage-bulledecourage-2026/</a></p>
</div>
</div>
<p>&nbsp;</p>
</div>
</div>
<p>&nbsp;</p>
<hr />
<div class="x11i5rnm xat24cr x1mh8g0r x1vvkbs xdj266r x126k92a">
<div dir="auto" style="text-align: center;">
<div class="x11i5rnm xat24cr x1mh8g0r x1vvkbs xdj266r x126k92a">
<div dir="auto" style="text-align: center;">
<h4 style="text-align: left;"><strong style="font-size: 35px;"><strong><a rel="fancybox[50]" href="https://www.jeunessesmusicales.be/charleroimetropole/stage-ecolorythme-2026/"><img loading="lazy" decoding="async" class="alignleft wp-image-3102" src="https://www.jeunessesmusicales.be/charleroimetropole/wp-content/uploads/sites/6/2026/01/Ecolorythme-212x300.jpg" alt="" width="200" height="283" / class="fancybox" srcset="https://www.jeunessesmusicales.be/charleroimetropole/wp-content/uploads/sites/6/2026/01/Ecolorythme-212x300.jpg 212w, https://www.jeunessesmusicales.be/charleroimetropole/wp-content/uploads/sites/6/2026/01/Ecolorythme-724x1024.jpg 724w, https://www.jeunessesmusicales.be/charleroimetropole/wp-content/uploads/sites/6/2026/01/Ecolorythme-768x1087.jpg 768w, https://www.jeunessesmusicales.be/charleroimetropole/wp-content/uploads/sites/6/2026/01/Ecolorythme-1086x1536.jpg 1086w, https://www.jeunessesmusicales.be/charleroimetropole/wp-content/uploads/sites/6/2026/01/Ecolorythme-74x105.jpg 74w, https://www.jeunessesmusicales.be/charleroimetropole/wp-content/uploads/sites/6/2026/01/Ecolorythme.jpg 1357w" sizes="auto, (max-width: 200px) 100vw, 200px" /></a>9 &#8211; 12 ans<br />
</strong></strong><strong style="font-size: 35px;"><span style="color: #ef3740;">« ECOLO-Rythme »<br />
</span></strong>• Du <strong>lundi 16 février </strong>au <strong>vendredi 20 février 2026<br />
</strong>Pour en savoir plus sur le stage, cliquez sur l&rsquo;image ou le lien ci-dessous :</h4>
<p style="text-align: left;"><a href="https://www.jeunessesmusicales.be/charleroimetropole/stage-ecolorythme-2026/">https://www.jeunessesmusicales.be/charleroimetropole/stage-ecolorythme-2026/</a></p>
</div>
</div>
<p>&nbsp;</p>
<p>&nbsp;</p>
</div>
</div>
</div>
</div>
</div>

<p>Choisissez un stage musical pour votre (vos) enfant(s) | RENCONTRES, DECOUVERTES, PARTAGE ET MUSIQUE. Rafraîchissants et (ré)créatifs, ces stages s’adressent &hellip; <a href="https://www.jeunessesmusicales.be/charleroimetropole/activites-tous-publics/stages/" class="more-link">Continue reading <span class="screen-reader-text">En savoir plus sur nos stages</span></a></p>
