{"id":180,"date":"2020-06-29T19:00:40","date_gmt":"2020-06-29T17:00:40","guid":{"rendered":"http:\/\/www.jeunessesmusicales.be\/liege\/?page_id=180"},"modified":"2026-04-09T11:25:19","modified_gmt":"2026-04-09T09:25:19","slug":"bruits-sons-notes","status":"publish","type":"page","link":"https:\/\/www.jeunessesmusicales.be\/liege\/ecole-de-musique\/bruits-sons-notes\/","title":{"rendered":"Bruits Sons Notes (de 3 \u00e0 11 ans)"},"content":{"rendered":"<p style=\"text-align: center;\"><a rel=\"fancybox[180]\" href=\"http:\/\/www.jeunessesmusicales.be\/liege\/ecole-de-musique\/bruits-sons-notes\/header-bsn\/\" rel=\"attachment wp-att-273\"><img loading=\"lazy\" decoding=\"async\" class=\"alignnone wp-image-273\" src=\"http:\/\/www.jeunessesmusicales.be\/liege\/wp-content\/uploads\/sites\/5\/2015\/11\/Header-BSN-300x40.jpg\" alt=\"Header BSN\" width=\"780\" height=\"104\" \/ class=\"fancybox\" srcset=\"https:\/\/www.jeunessesmusicales.be\/liege\/wp-content\/uploads\/sites\/5\/2015\/11\/Header-BSN-300x40.jpg 300w, https:\/\/www.jeunessesmusicales.be\/liege\/wp-content\/uploads\/sites\/5\/2015\/11\/Header-BSN-150x20.jpg 150w, https:\/\/www.jeunessesmusicales.be\/liege\/wp-content\/uploads\/sites\/5\/2015\/11\/Header-BSN.jpg 780w\" sizes=\"auto, (max-width: 780px) 100vw, 780px\" \/><\/a><\/p>\n<h3 style=\"text-align: center;\"><strong style=\"color: #ef3740;\"><u>Inscriptions 26-27 :<br \/>\n<\/u><\/strong><\/h3>\n<ul>\n<li style=\"font-weight: 400; text-align: center;\"><span style=\"color: #ef3740;\">R\u00e9inscriptions des <strong>anciens \u00e9l\u00e8ves<\/strong>\u00a0uniquement\u00a0: du mardi 26 mai au dimanche 14 juin.<\/span><\/li>\n<li style=\"font-weight: 400; text-align: center;\"><span style=\"color: #ef3740;\">Personnes inscrites sur <strong>liste d\u2019attente<\/strong>\u00a0: du mardi 16 (20h) au 24 juin.<\/span><\/li>\n<li style=\"font-weight: 400; text-align: center;\"><span style=\"color: #ef3740;\"><strong>Nouvelles inscriptions<\/strong> en ligne \u00e0 partir du jeudi 25 juin 20h (les nouvelles demandes d\u2019inscription envoy\u00e9es avant cette date ne seront pas prises en compte). \u00a0<\/span><\/li>\n<\/ul>\n<h2 style=\"text-align: center;\"><strong>APPRENDRE LA MUSIQUE EN S&rsquo;AMUSANT<br \/>\nPour les enfants de 3 \u00e0 12 ans<\/strong><\/h2>\n<p>&nbsp;<\/p>\n<p>De DO \u00e0 SI, en passant par le RE, le SOL ou le LA, les enfants d\u00e9couvrent la musique avec un ingr\u00e9dient essentiel : le plaisir. De l\u2019\u00e9veil musical \u00e0 la pratique d\u2019un instrument, notre approche privil\u00e9gie l\u2019\u00e9motion, la curiosit\u00e9 et la joie de jouer ensemble.<\/p>\n<h3><strong>\u00c9veil musical en mouvements (3 \u2013 5 ans)<\/strong><\/h3>\n<p>Par la chanson, la danse et le jeu, les enfants d\u00e9couvriront mille et une possibilit\u00e9s de vivre la musique, tout en s\u2019amusant. Jeux, comptines, ritournelles, rondes, rythmes chant\u00e9s&#8230; Les yeux et les oreilles grands ouverts, les petits s\u2019\u00e9veillent \u00e0 l\u2019expression musicale et corporelle.<\/p>\n<p><strong>Lieu :<\/strong> Ch\u00e2teau de P\u00e9ralta \u2013 Rue de l\u2019H\u00f4tel de Ville, 4031 Li\u00e8ge<\/p>\n<p><strong>Horaires :<\/strong><br \/>\n&#8211;\u00a0 3 ans accomplis : le mercredi de 15h \u00e0 16h<br \/>\n&#8211;\u00a0 4 ans (n\u00e9s en 2022) : le mercredi de 14h \u00e0 15h<\/p>\n<p><strong>Prix :<\/strong> 170 \u20ac<\/p>\n<p><span style=\"color: #ef3740;\"><strong><a style=\"color: #ef3740;\" href=\"https:\/\/www.jeunessesmusicales.be\/liege\/wp-content\/uploads\/sites\/5\/2025\/08\/Calendrier-eveil-25-26.pdf\">Calendrier des ateliers saison 2025 &#8211; 2026<\/a><\/strong><\/span><\/p>\n<h3><strong>\u00c9v<\/strong><strong style=\"font-size: 24px;\">eil musical et d\u00e9couverte instrumentale (5 \u2013 7 ans)<\/strong><\/h3>\n<p>Cet atelier a pour objectif de d\u00e9velopper, de mani\u00e8re ludique, le sens de la pulsation, de la mesure et du rythme.<br \/>\n\u00c0 travers le chant, le clapping, le mouvement, la danse, la percussion, l\u2019improvisation et l\u2019\u00e9criture rythmique, les enfants explorent les bases musicales en s\u2019amusant. Tout au long de l\u2019ann\u00e9e, ils d\u00e9couvrent \u00e9galement diff\u00e9rents instruments. Des musiciens professionnels sont invit\u00e9s ponctuellement pour pr\u00e9senter, expliquer et jouer de leur instrument : bois, cuivres, violon, guitare, batterie, etc.<\/p>\n<p><strong>Lieu :<\/strong> Centre culturel Ourthe et Meuse (Angleur), \u00e0 deux pas du ch\u00e2teau de P\u00e9ralta<\/p>\n<p><strong>Horaires :<\/strong><br \/>\n&#8211; 5 ans (n\u00e9s en 2021) : le mercredi de 13h45 \u00e0 14h45<br \/>\n&#8211; 6 ans (n\u00e9s en 2020) : le mercredi de 15h \u00e0 16h<\/p>\n<p><strong>Prix :<\/strong> 190 \u20ac<\/p>\n<p><span style=\"color: #ef3740;\"><strong><a style=\"color: #ef3740;\" href=\"https:\/\/www.jeunessesmusicales.be\/liege\/wp-content\/uploads\/sites\/5\/2025\/08\/Calendrier-eveil-25-26.pdf\">Calendrier des ateliers saison 2025 &#8211; 2026<\/a><\/strong><\/span><\/p>\n<h3><strong>Apprentissage et pratique instrumentale (7 \u2013 11 ans)<\/strong><\/h3>\n<p>Piano (complet), guitare (complet), batterie (complet), violon (complet), fl\u00fbte \u00e0 bec (complet), fl\u00fbte traversi\u00e8re (complet), clarinette (complet), saxophone (complet), trompette<\/p>\n<p>&#8211; 30 minutes de cours individuel par semaine (ou 1h en collectif pour la guitare)<br \/>\n&#8211; 1h de cours collectif de rythme et de lecture musicale<\/p>\n<p>Contenu du cours collectif :<br \/>\nUn atelier pour ressentir le rythme avec tout le corps : jeux rythmiques, petites percussions, body claping, chant. Un peu de contenu th\u00e9orique (valeurs rythmiques, lecture de notes, \u2026) sera \u00e9galement abord\u00e9 de mani\u00e8re ludique<\/p>\n<p><strong>Lieu :<\/strong> Rue de Londres, 24a \u2013 4020 Li\u00e8ge<\/p>\n<p><strong>Jours de cours :<\/strong><\/p>\n<p>&#8211; Lundi : trompette<br \/>\n&#8211; Mercredi : batterie, piano, guitare, vents, rythme<br \/>\n&#8211; Jeudi : violon<br \/>\n&#8211; Vendredi : piano<\/p>\n<p><strong>Prix :<\/strong> 395 \u20ac ou 2 x 200 \u20ac<\/p>\n<p><a href=\"https:\/\/www.jeunessesmusicales.be\/liege\/wp-content\/uploads\/sites\/5\/2025\/08\/Calendrier-eveil-25-26.pdf\"><span style=\"color: #ef3740;\"><strong>Calendrier des cours saison 2025 &#8211; 2026<\/strong><\/span><\/a><\/p>\n<p><strong>Infos<\/strong><br \/>\nT\u00e9l. : 04 223 66 74<br \/>\nMail : <a href=\"mailto:jmlg@jeunessesmusicales.be\">jmlg@jeunessesmusicales.be<\/a><\/p>\n","protected":false},"excerpt":{"rendered":"<p>Inscriptions 26-27 : R\u00e9inscriptions des anciens \u00e9l\u00e8ves\u00a0uniquement\u00a0: du mardi 26 mai au dimanche 14 juin. Personnes inscrites sur liste d\u2019attente\u00a0: &hellip; <a href=\"https:\/\/www.jeunessesmusicales.be\/liege\/ecole-de-musique\/bruits-sons-notes\/\" class=\"more-link\">Continue reading <span class=\"screen-reader-text\">Bruits Sons Notes (de 3 \u00e0 11 ans)<\/span><\/a><\/p>\n","protected":false},"author":13,"featured_media":0,"parent":187,"menu_order":0,"comment_status":"closed","ping_status":"closed","template":"","meta":{"_acf_changed":false,"footnotes":""},"class_list":["post-180","page","type-page","status-publish","hentry"],"acf":[],"_links":{"self":[{"href":"https:\/\/www.jeunessesmusicales.be\/liege\/wp-json\/wp\/v2\/pages\/180","targetHints":{"allow":["GET"]}}],"collection":[{"href":"https:\/\/www.jeunessesmusicales.be\/liege\/wp-json\/wp\/v2\/pages"}],"about":[{"href":"https:\/\/www.jeunessesmusicales.be\/liege\/wp-json\/wp\/v2\/types\/page"}],"author":[{"embeddable":true,"href":"https:\/\/www.jeunessesmusicales.be\/liege\/wp-json\/wp\/v2\/users\/13"}],"replies":[{"embeddable":true,"href":"https:\/\/www.jeunessesmusicales.be\/liege\/wp-json\/wp\/v2\/comments?post=180"}],"version-history":[{"count":184,"href":"https:\/\/www.jeunessesmusicales.be\/liege\/wp-json\/wp\/v2\/pages\/180\/revisions"}],"predecessor-version":[{"id":5425,"href":"https:\/\/www.jeunessesmusicales.be\/liege\/wp-json\/wp\/v2\/pages\/180\/revisions\/5425"}],"up":[{"embeddable":true,"href":"https:\/\/www.jeunessesmusicales.be\/liege\/wp-json\/wp\/v2\/pages\/187"}],"wp:attachment":[{"href":"https:\/\/www.jeunessesmusicales.be\/liege\/wp-json\/wp\/v2\/media?parent=180"}],"curies":[{"name":"wp","href":"https:\/\/api.w.org\/{rel}","templated":true}]}}

Bruits Sons Notes (de 3 à 11 ans)

<p style="text-align: center;"><a rel="fancybox[180]" href="http://www.jeunessesmusicales.be/liege/ecole-de-musique/bruits-sons-notes/header-bsn/" rel="attachment wp-att-273"><img loading="lazy" decoding="async" class="alignnone wp-image-273" src="http://www.jeunessesmusicales.be/liege/wp-content/uploads/sites/5/2015/11/Header-BSN-300x40.jpg" alt="Header BSN" width="780" height="104" / class="fancybox" srcset="https://www.jeunessesmusicales.be/liege/wp-content/uploads/sites/5/2015/11/Header-BSN-300x40.jpg 300w, https://www.jeunessesmusicales.be/liege/wp-content/uploads/sites/5/2015/11/Header-BSN-150x20.jpg 150w, https://www.jeunessesmusicales.be/liege/wp-content/uploads/sites/5/2015/11/Header-BSN.jpg 780w" sizes="auto, (max-width: 780px) 100vw, 780px" /></a></p>
<h3 style="text-align: center;"><strong style="color: #ef3740;"><u>Inscriptions 26-27 :<br />
</u></strong></h3>
<ul>
<li style="font-weight: 400; text-align: center;"><span style="color: #ef3740;">Réinscriptions des <strong>anciens élèves</strong> uniquement : du mardi 26 mai au dimanche 14 juin.</span></li>
<li style="font-weight: 400; text-align: center;"><span style="color: #ef3740;">Personnes inscrites sur <strong>liste d’attente</strong> : du mardi 16 (20h) au 24 juin.</span></li>
<li style="font-weight: 400; text-align: center;"><span style="color: #ef3740;"><strong>Nouvelles inscriptions</strong> en ligne à partir du jeudi 25 juin 20h (les nouvelles demandes d’inscription envoyées avant cette date ne seront pas prises en compte).  </span></li>
</ul>
<h2 style="text-align: center;"><strong>APPRENDRE LA MUSIQUE EN S&rsquo;AMUSANT<br />
Pour les enfants de 3 à 12 ans</strong></h2>
<p>&nbsp;</p>
<p>De DO à SI, en passant par le RE, le SOL ou le LA, les enfants découvrent la musique avec un ingrédient essentiel : le plaisir. De l’éveil musical à la pratique d’un instrument, notre approche privilégie l’émotion, la curiosité et la joie de jouer ensemble.</p>
<h3><strong>Éveil musical en mouvements (3 – 5 ans)</strong></h3>
<p>Par la chanson, la danse et le jeu, les enfants découvriront mille et une possibilités de vivre la musique, tout en s’amusant. Jeux, comptines, ritournelles, rondes, rythmes chantés&#8230; Les yeux et les oreilles grands ouverts, les petits s’éveillent à l’expression musicale et corporelle.</p>
<p><strong>Lieu :</strong> Château de Péralta – Rue de l’Hôtel de Ville, 4031 Liège</p>
<p><strong>Horaires :</strong><br />
&#8211;  3 ans accomplis : le mercredi de 15h à 16h<br />
&#8211;  4 ans (nés en 2022) : le mercredi de 14h à 15h</p>
<p><strong>Prix :</strong> 170 €</p>
<p><span style="color: #ef3740;"><strong><a style="color: #ef3740;" href="https://www.jeunessesmusicales.be/liege/wp-content/uploads/sites/5/2025/08/Calendrier-eveil-25-26.pdf">Calendrier des ateliers saison 2025 &#8211; 2026</a></strong></span></p>
<h3><strong>Év</strong><strong style="font-size: 24px;">eil musical et découverte instrumentale (5 – 7 ans)</strong></h3>
<p>Cet atelier a pour objectif de développer, de manière ludique, le sens de la pulsation, de la mesure et du rythme.<br />
À travers le chant, le clapping, le mouvement, la danse, la percussion, l’improvisation et l’écriture rythmique, les enfants explorent les bases musicales en s’amusant. Tout au long de l’année, ils découvrent également différents instruments. Des musiciens professionnels sont invités ponctuellement pour présenter, expliquer et jouer de leur instrument : bois, cuivres, violon, guitare, batterie, etc.</p>
<p><strong>Lieu :</strong> Centre culturel Ourthe et Meuse (Angleur), à deux pas du château de Péralta</p>
<p><strong>Horaires :</strong><br />
&#8211; 5 ans (nés en 2021) : le mercredi de 13h45 à 14h45<br />
&#8211; 6 ans (nés en 2020) : le mercredi de 15h à 16h</p>
<p><strong>Prix :</strong> 190 €</p>
<p><span style="color: #ef3740;"><strong><a style="color: #ef3740;" href="https://www.jeunessesmusicales.be/liege/wp-content/uploads/sites/5/2025/08/Calendrier-eveil-25-26.pdf">Calendrier des ateliers saison 2025 &#8211; 2026</a></strong></span></p>
<h3><strong>Apprentissage et pratique instrumentale (7 – 11 ans)</strong></h3>
<p>Piano (complet), guitare (complet), batterie (complet), violon (complet), flûte à bec (complet), flûte traversière (complet), clarinette (complet), saxophone (complet), trompette</p>
<p>&#8211; 30 minutes de cours individuel par semaine (ou 1h en collectif pour la guitare)<br />
&#8211; 1h de cours collectif de rythme et de lecture musicale</p>
<p>Contenu du cours collectif :<br />
Un atelier pour ressentir le rythme avec tout le corps : jeux rythmiques, petites percussions, body claping, chant. Un peu de contenu théorique (valeurs rythmiques, lecture de notes, …) sera également abordé de manière ludique</p>
<p><strong>Lieu :</strong> Rue de Londres, 24a – 4020 Liège</p>
<p><strong>Jours de cours :</strong></p>
<p>&#8211; Lundi : trompette<br />
&#8211; Mercredi : batterie, piano, guitare, vents, rythme<br />
&#8211; Jeudi : violon<br />
&#8211; Vendredi : piano</p>
<p><strong>Prix :</strong> 395 € ou 2 x 200 €</p>
<p><a href="https://www.jeunessesmusicales.be/liege/wp-content/uploads/sites/5/2025/08/Calendrier-eveil-25-26.pdf"><span style="color: #ef3740;"><strong>Calendrier des cours saison 2025 &#8211; 2026</strong></span></a></p>
<p><strong>Infos</strong><br />
Tél. : 04 223 66 74<br />
Mail : <a href="mailto:jmlg@jeunessesmusicales.be">jmlg@jeunessesmusicales.be</a></p>

<p>Inscriptions 26-27 : Réinscriptions des anciens élèves uniquement : du mardi 26 mai au dimanche 14 juin. Personnes inscrites sur liste d’attente : &hellip; <a href="https://www.jeunessesmusicales.be/liege/ecole-de-musique/bruits-sons-notes/" class="more-link">Continue reading <span class="screen-reader-text">Bruits Sons Notes (de 3 à 11 ans)</span></a></p>
