{"id":4880,"date":"2025-02-11T16:31:40","date_gmt":"2025-02-11T15:31:40","guid":{"rendered":"https:\/\/www.jeunessesmusicales.be\/liege\/?page_id=4880"},"modified":"2025-05-16T12:19:12","modified_gmt":"2025-05-16T10:19:12","slug":"festivennes","status":"publish","type":"page","link":"https:\/\/www.jeunessesmusicales.be\/liege\/festivennes\/","title":{"rendered":"Festi&rsquo;Vennes"},"content":{"rendered":"<p><img loading=\"lazy\" decoding=\"async\" class=\"aligncenter wp-image-4926 size-large\" src=\"https:\/\/www.jeunessesmusicales.be\/liege\/wp-content\/uploads\/sites\/5\/2025\/04\/Banner-Festivennes-1024x536.png\" alt=\"\" width=\"1024\" height=\"536\" srcset=\"https:\/\/www.jeunessesmusicales.be\/liege\/wp-content\/uploads\/sites\/5\/2025\/04\/Banner-Festivennes-1024x536.png 1024w, https:\/\/www.jeunessesmusicales.be\/liege\/wp-content\/uploads\/sites\/5\/2025\/04\/Banner-Festivennes-300x157.png 300w, https:\/\/www.jeunessesmusicales.be\/liege\/wp-content\/uploads\/sites\/5\/2025\/04\/Banner-Festivennes-768x402.png 768w, https:\/\/www.jeunessesmusicales.be\/liege\/wp-content\/uploads\/sites\/5\/2025\/04\/Banner-Festivennes-1536x804.png 1536w, https:\/\/www.jeunessesmusicales.be\/liege\/wp-content\/uploads\/sites\/5\/2025\/04\/Banner-Festivennes-150x79.png 150w, https:\/\/www.jeunessesmusicales.be\/liege\/wp-content\/uploads\/sites\/5\/2025\/04\/Banner-Festivennes.png 1920w\" sizes=\"auto, (max-width: 1024px) 100vw, 1024px\" \/><\/p>\n<p><img loading=\"lazy\" decoding=\"async\" class=\"size-medium wp-image-5024 aligncenter\" src=\"https:\/\/www.jeunessesmusicales.be\/liege\/wp-content\/uploads\/sites\/5\/2025\/05\/Horaires-FestiVennes-297x300.jpg\" alt=\"\" width=\"297\" height=\"300\" srcset=\"https:\/\/www.jeunessesmusicales.be\/liege\/wp-content\/uploads\/sites\/5\/2025\/05\/Horaires-FestiVennes-297x300.jpg 297w, https:\/\/www.jeunessesmusicales.be\/liege\/wp-content\/uploads\/sites\/5\/2025\/05\/Horaires-FestiVennes-1014x1024.jpg 1014w, https:\/\/www.jeunessesmusicales.be\/liege\/wp-content\/uploads\/sites\/5\/2025\/05\/Horaires-FestiVennes-768x776.jpg 768w, https:\/\/www.jeunessesmusicales.be\/liege\/wp-content\/uploads\/sites\/5\/2025\/05\/Horaires-FestiVennes-104x105.jpg 104w, https:\/\/www.jeunessesmusicales.be\/liege\/wp-content\/uploads\/sites\/5\/2025\/05\/Horaires-FestiVennes.jpg 1181w\" sizes=\"auto, (max-width: 297px) 100vw, 297px\" \/><\/p>\n<p>Dans le cadre de leur 75e anniversaire, les Jeunesses Musicales de Li\u00e8ge, en collaboration avec la Coordination des Associations, le Comit\u00e9 du Quartier et le Service Proximt\u00e9 de la Ville de Li\u00e8ge, vous propose une f\u00eate des voisins XXL avec des ateliers, des jeux en bois mais \u00e9galement un Bal en famille (15h) et des concerts propos\u00e9s d\u00e8s 13h par les \u00e9l\u00e8ves de l&rsquo;\u00e9cole de musique des Jeunesses Musicales et plusieurs groupes dans lesquels jouent les professeurs de notre \u00e9cole situ\u00e9e rue de Londres.<\/p>\n<p>Les associations du quartier vous proposeront d\u00e8s 13h diff\u00e9rentes activit\u00e9s et ateliers ainsi que des jeux en bois \u00e0 tester par les petits et les grands. A 15h un Bal en Famille rassemblant l&rsquo;\u00e9quipe des Musiciens-Intervenants des JM vous sera propos\u00e9. Venez danser avec vos enfants ! Une invitation conviviale interg\u00e9n\u00e9rationnelle \u00e0 partager !<\/p>\n<p>A 16h, grand go\u00fbter sous la forme d&rsquo;une auberge espagnole. L&rsquo;entr\u00e9e au Festi&rsquo;Vennes est gratuite mais nous vous invitons \u00e0 apporter un dessert \u00e0 partager. Un buffet sera dress\u00e9 et nous partagerons nos plus beaux g\u00e2teaux et nos plus belles p\u00e2tisseries !<\/p>\n<p>L&rsquo;apr\u00e8s-midi se poursuivra avec des concerts des \u00e9l\u00e8ves de l&rsquo;\u00e9cole et plusieurs groupes de renom au sein desquels ont le plaisir de jouer plusieurs de nos professeurs : Electric Staircase, Iona, London Quartet, Vlakidrachko, GinZeng, MD, Sweet Billie, Peter &amp; the Lions, Panache culture !<\/p>\n<p><strong>Le programme complet :\u00a0<\/strong><\/p>\n<p>En apr\u00e8s-midi : Vlakidrachko et London Sax.<\/p>\n<div>13h30 : Les Grillons (La Bulle d&rsquo;Air)<\/div>\n<div><\/div>\n<div>14h : Ensemble de l&rsquo;\u00e9cole de musique des JM de Li\u00e8ge<\/div>\n<div><\/div>\n<div>15h : Bal en famille, par l&rsquo;\u00e9quipe des JM de Li\u00e8ge<\/div>\n<div><\/div>\n<div>16h :\u00a0Electric Staircase \/ Iona<\/div>\n<div><\/div>\n<div>17h : GinZeng, avec Jean-Fran\u00e7ois Debry<\/div>\n<div><\/div>\n<div>18h : MD, avec Jean-Michel Thonon<\/div>\n<div><\/div>\n<div>19h : Sweet Billie, avec Laurence Da Costa<\/div>\n<div><\/div>\n<div>20h : Peter &amp; the Lions, avec Pierre L\u00e9onard, Jean Debry et Martin Lauwers<\/div>\n<div><\/div>\n<div>21h : Panache Culture, avec Dani\u00e8le Hickman<\/div>\n","protected":false},"excerpt":{"rendered":"<p>Dans le cadre de leur 75e anniversaire, les Jeunesses Musicales de Li\u00e8ge, en collaboration avec la Coordination des Associations, le &hellip; <a href=\"https:\/\/www.jeunessesmusicales.be\/liege\/festivennes\/\" class=\"more-link\">Continue reading <span class=\"screen-reader-text\">Festi&rsquo;Vennes<\/span><\/a><\/p>\n","protected":false},"author":13,"featured_media":0,"parent":0,"menu_order":0,"comment_status":"closed","ping_status":"closed","template":"","meta":{"_acf_changed":false,"footnotes":""},"class_list":["post-4880","page","type-page","status-publish","hentry"],"acf":[],"_links":{"self":[{"href":"https:\/\/www.jeunessesmusicales.be\/liege\/wp-json\/wp\/v2\/pages\/4880","targetHints":{"allow":["GET"]}}],"collection":[{"href":"https:\/\/www.jeunessesmusicales.be\/liege\/wp-json\/wp\/v2\/pages"}],"about":[{"href":"https:\/\/www.jeunessesmusicales.be\/liege\/wp-json\/wp\/v2\/types\/page"}],"author":[{"embeddable":true,"href":"https:\/\/www.jeunessesmusicales.be\/liege\/wp-json\/wp\/v2\/users\/13"}],"replies":[{"embeddable":true,"href":"https:\/\/www.jeunessesmusicales.be\/liege\/wp-json\/wp\/v2\/comments?post=4880"}],"version-history":[{"count":7,"href":"https:\/\/www.jeunessesmusicales.be\/liege\/wp-json\/wp\/v2\/pages\/4880\/revisions"}],"predecessor-version":[{"id":5025,"href":"https:\/\/www.jeunessesmusicales.be\/liege\/wp-json\/wp\/v2\/pages\/4880\/revisions\/5025"}],"wp:attachment":[{"href":"https:\/\/www.jeunessesmusicales.be\/liege\/wp-json\/wp\/v2\/media?parent=4880"}],"curies":[{"name":"wp","href":"https:\/\/api.w.org\/{rel}","templated":true}]}}

<p><img loading="lazy" decoding="async" class="aligncenter wp-image-4926 size-large" src="https://www.jeunessesmusicales.be/liege/wp-content/uploads/sites/5/2025/04/Banner-Festivennes-1024x536.png" alt="" width="1024" height="536" srcset="https://www.jeunessesmusicales.be/liege/wp-content/uploads/sites/5/2025/04/Banner-Festivennes-1024x536.png 1024w, https://www.jeunessesmusicales.be/liege/wp-content/uploads/sites/5/2025/04/Banner-Festivennes-300x157.png 300w, https://www.jeunessesmusicales.be/liege/wp-content/uploads/sites/5/2025/04/Banner-Festivennes-768x402.png 768w, https://www.jeunessesmusicales.be/liege/wp-content/uploads/sites/5/2025/04/Banner-Festivennes-1536x804.png 1536w, https://www.jeunessesmusicales.be/liege/wp-content/uploads/sites/5/2025/04/Banner-Festivennes-150x79.png 150w, https://www.jeunessesmusicales.be/liege/wp-content/uploads/sites/5/2025/04/Banner-Festivennes.png 1920w" sizes="auto, (max-width: 1024px) 100vw, 1024px" /></p>
<p><img loading="lazy" decoding="async" class="size-medium wp-image-5024 aligncenter" src="https://www.jeunessesmusicales.be/liege/wp-content/uploads/sites/5/2025/05/Horaires-FestiVennes-297x300.jpg" alt="" width="297" height="300" srcset="https://www.jeunessesmusicales.be/liege/wp-content/uploads/sites/5/2025/05/Horaires-FestiVennes-297x300.jpg 297w, https://www.jeunessesmusicales.be/liege/wp-content/uploads/sites/5/2025/05/Horaires-FestiVennes-1014x1024.jpg 1014w, https://www.jeunessesmusicales.be/liege/wp-content/uploads/sites/5/2025/05/Horaires-FestiVennes-768x776.jpg 768w, https://www.jeunessesmusicales.be/liege/wp-content/uploads/sites/5/2025/05/Horaires-FestiVennes-104x105.jpg 104w, https://www.jeunessesmusicales.be/liege/wp-content/uploads/sites/5/2025/05/Horaires-FestiVennes.jpg 1181w" sizes="auto, (max-width: 297px) 100vw, 297px" /></p>
<p>Dans le cadre de leur 75e anniversaire, les Jeunesses Musicales de Liège, en collaboration avec la Coordination des Associations, le Comité du Quartier et le Service Proximté de la Ville de Liège, vous propose une fête des voisins XXL avec des ateliers, des jeux en bois mais également un Bal en famille (15h) et des concerts proposés dès 13h par les élèves de l&rsquo;école de musique des Jeunesses Musicales et plusieurs groupes dans lesquels jouent les professeurs de notre école située rue de Londres.</p>
<p>Les associations du quartier vous proposeront dès 13h différentes activités et ateliers ainsi que des jeux en bois à tester par les petits et les grands. A 15h un Bal en Famille rassemblant l&rsquo;équipe des Musiciens-Intervenants des JM vous sera proposé. Venez danser avec vos enfants ! Une invitation conviviale intergénérationnelle à partager !</p>
<p>A 16h, grand goûter sous la forme d&rsquo;une auberge espagnole. L&rsquo;entrée au Festi&rsquo;Vennes est gratuite mais nous vous invitons à apporter un dessert à partager. Un buffet sera dressé et nous partagerons nos plus beaux gâteaux et nos plus belles pâtisseries !</p>
<p>L&rsquo;après-midi se poursuivra avec des concerts des élèves de l&rsquo;école et plusieurs groupes de renom au sein desquels ont le plaisir de jouer plusieurs de nos professeurs : Electric Staircase, Iona, London Quartet, Vlakidrachko, GinZeng, MD, Sweet Billie, Peter &amp; the Lions, Panache culture !</p>
<p><strong>Le programme complet : </strong></p>
<p>En après-midi : Vlakidrachko et London Sax.</p>
<div>13h30 : Les Grillons (La Bulle d&rsquo;Air)</div>
<div></div>
<div>14h : Ensemble de l&rsquo;école de musique des JM de Liège</div>
<div></div>
<div>15h : Bal en famille, par l&rsquo;équipe des JM de Liège</div>
<div></div>
<div>16h : Electric Staircase / Iona</div>
<div></div>
<div>17h : GinZeng, avec Jean-François Debry</div>
<div></div>
<div>18h : MD, avec Jean-Michel Thonon</div>
<div></div>
<div>19h : Sweet Billie, avec Laurence Da Costa</div>
<div></div>
<div>20h : Peter &amp; the Lions, avec Pierre Léonard, Jean Debry et Martin Lauwers</div>
<div></div>
<div>21h : Panache Culture, avec Danièle Hickman</div>

<p>Dans le cadre de leur 75e anniversaire, les Jeunesses Musicales de Liège, en collaboration avec la Coordination des Associations, le &hellip; <a href="https://www.jeunessesmusicales.be/liege/festivennes/" class="more-link">Continue reading <span class="screen-reader-text">Festi&rsquo;Vennes</span></a></p>
