{"id":1331,"date":"2023-01-24T12:30:42","date_gmt":"2023-01-24T11:30:42","guid":{"rendered":"https:\/\/www.jeunessesmusicales.be\/luxembourgbelge\/?page_id=1331"},"modified":"2023-01-24T12:30:42","modified_gmt":"2023-01-24T11:30:42","slug":"a-propos-des-jmlb","status":"publish","type":"page","link":"https:\/\/www.jeunessesmusicales.be\/luxembourgbelge\/infos-pratiques\/a-propos-des-jmlb\/","title":{"rendered":"\u00c0 propos des JMLB"},"content":{"rendered":"<p><strong>Actives depuis 1976 dans la Province de Luxembourg, les Jeunesses Musicales du Luxembourg belge se sont constitu\u00e9es officiellement en ASBL en f\u00e9vrier 1979.<\/strong><\/p>\n<p>Tr\u00e8s vite, l\u2019asbl se singularise par une double d\u00e9marche d\u00e9di\u00e9e pleinement aux objectifs g\u00e9n\u00e9raux des Jeunesses Musicales\u00a0: la promotion de la musique ou de l\u2019expression musicale parmi les jeunes, la promotion des jeunes musiciens.<\/p>\n<p>Le\u00a0<strong>premier axe<\/strong>\u00a0de cette d\u00e9marche consiste \u00e0 la mise en \u0153uvre dans un maximum de communes de la Province des actions r\u00e9currentes propres \u00e0\u00a0la F\u00e9d\u00e9ration des JM\u00a0:<\/p>\n<ul>\n<li>organisation de tourn\u00e9es d\u2019artistes (belges autant qu\u2019\u00e9trang\u00e8res)<\/li>\n<li>r\u00e9alisation de cycles d\u2019ateliers d\u2019\u00e9veil \u00e0 l\u2019expression musicale et artistique<\/li>\n<li>organisation de concerts publics int\u00e9gr\u00e9s au mieux \u00e0 la vie musicale moderne.<\/li>\n<\/ul>\n<p>La\u00a0<strong>seconde priorit\u00e9<\/strong>\u00a0du centre JM du Luxembourg belge est celui de d\u00e9cliner les objectifs JM dans une diversit\u00e9 de\u00a0projets originaux et cr\u00e9atifs, r\u00e9pondant le plus g\u00e9n\u00e9ralement aux besoins locaux ou aux sp\u00e9cificit\u00e9s du territoire.\u00a0L\u2019inventaire de ces projets sp\u00e9cifiques est long. \u00a0Parmi ceux-ci, certains font cependant r\u00e9f\u00e9rence et ont d\u00e9pass\u00e9 la sph\u00e8re provinciale. \u00a0C\u2019est notamment le cas :<\/p>\n<ul>\n<li>du\u00a0projet-pilote d\u2019\u00e9veil musical\u00a0men\u00e9 \u00e0 Bastogne entre 1985 et 1990 et aur\u00e9ol\u00e9 d\u2019un retentissant colloque international dirig\u00e9 par le tandem Bernard Foccroulle \u2013 Robert Wangerm\u00e9;<\/li>\n<li>de l\u2018Orchestre d\u2019Harmonie de la Province du Luxembourg\u00a0actif pendant plus de 15 ans et distingu\u00e9 du Godefroid Initiative en 1997;<\/li>\n<li>du\u00a0Gaume Jazz Festival, cr\u00e9\u00e9 en 1985 et d\u00e9di\u00e9 \u00e0 la jeune sc\u00e8ne belge et europ\u00e9enne du jazz autant qu\u2019\u00e0 la cr\u00e9ativit\u00e9 festive et la pr\u00e9sence de grandes vedettes mondiales.<\/li>\n<\/ul>\n<p>En lien, deux articles \u00e9voqueront en d\u00e9tail l\u2019historique des JM en province du Luxembourg ainsi que le\u00a0d\u00e9veloppement du projet le plus connu des JM du Lux.Be,\u00a0<a href=\"http:\/\/www.gaume-jazz.com\/\" target=\"_blank\" rel=\"noopener noreferrer\">le Gaume Jazz Festival<\/a>.<\/p>\n<p>Aujourd\u2019hui, plus de 75\u00a0% des communes sont de pr\u00e8s ou de loin touch\u00e9es par le rayonnement des activit\u00e9s qui s\u2019appuient sur une \u00e9quipe de 10 permanents professionnels, sur un conseil d\u2019administration repr\u00e9sentatif de toutes les tendances musicales et territoires de la province.<\/p>\n","protected":false},"excerpt":{"rendered":"<p>Actives depuis 1976 dans la Province de Luxembourg, les Jeunesses Musicales du Luxembourg belge se sont constitu\u00e9es officiellement en ASBL &hellip; <a href=\"https:\/\/www.jeunessesmusicales.be\/luxembourgbelge\/infos-pratiques\/a-propos-des-jmlb\/\" class=\"more-link\">Continue reading <span class=\"screen-reader-text\">\u00c0 propos des JMLB<\/span><\/a><\/p>\n","protected":false},"author":44,"featured_media":0,"parent":55,"menu_order":0,"comment_status":"closed","ping_status":"closed","template":"","meta":{"_acf_changed":false,"footnotes":""},"class_list":["post-1331","page","type-page","status-publish","hentry"],"acf":[],"_links":{"self":[{"href":"https:\/\/www.jeunessesmusicales.be\/luxembourgbelge\/wp-json\/wp\/v2\/pages\/1331","targetHints":{"allow":["GET"]}}],"collection":[{"href":"https:\/\/www.jeunessesmusicales.be\/luxembourgbelge\/wp-json\/wp\/v2\/pages"}],"about":[{"href":"https:\/\/www.jeunessesmusicales.be\/luxembourgbelge\/wp-json\/wp\/v2\/types\/page"}],"author":[{"embeddable":true,"href":"https:\/\/www.jeunessesmusicales.be\/luxembourgbelge\/wp-json\/wp\/v2\/users\/44"}],"replies":[{"embeddable":true,"href":"https:\/\/www.jeunessesmusicales.be\/luxembourgbelge\/wp-json\/wp\/v2\/comments?post=1331"}],"version-history":[{"count":1,"href":"https:\/\/www.jeunessesmusicales.be\/luxembourgbelge\/wp-json\/wp\/v2\/pages\/1331\/revisions"}],"predecessor-version":[{"id":1332,"href":"https:\/\/www.jeunessesmusicales.be\/luxembourgbelge\/wp-json\/wp\/v2\/pages\/1331\/revisions\/1332"}],"up":[{"embeddable":true,"href":"https:\/\/www.jeunessesmusicales.be\/luxembourgbelge\/wp-json\/wp\/v2\/pages\/55"}],"wp:attachment":[{"href":"https:\/\/www.jeunessesmusicales.be\/luxembourgbelge\/wp-json\/wp\/v2\/media?parent=1331"}],"curies":[{"name":"wp","href":"https:\/\/api.w.org\/{rel}","templated":true}]}}

À propos des JMLB

<p><strong>Actives depuis 1976 dans la Province de Luxembourg, les Jeunesses Musicales du Luxembourg belge se sont constituées officiellement en ASBL en février 1979.</strong></p>
<p>Très vite, l’asbl se singularise par une double démarche dédiée pleinement aux objectifs généraux des Jeunesses Musicales : la promotion de la musique ou de l’expression musicale parmi les jeunes, la promotion des jeunes musiciens.</p>
<p>Le <strong>premier axe</strong> de cette démarche consiste à la mise en œuvre dans un maximum de communes de la Province des actions récurrentes propres à la Fédération des JM :</p>
<ul>
<li>organisation de tournées d’artistes (belges autant qu’étrangères)</li>
<li>réalisation de cycles d’ateliers d’éveil à l’expression musicale et artistique</li>
<li>organisation de concerts publics intégrés au mieux à la vie musicale moderne.</li>
</ul>
<p>La <strong>seconde priorité</strong> du centre JM du Luxembourg belge est celui de décliner les objectifs JM dans une diversité de projets originaux et créatifs, répondant le plus généralement aux besoins locaux ou aux spécificités du territoire. L’inventaire de ces projets spécifiques est long.  Parmi ceux-ci, certains font cependant référence et ont dépassé la sphère provinciale.  C’est notamment le cas :</p>
<ul>
<li>du projet-pilote d’éveil musical mené à Bastogne entre 1985 et 1990 et auréolé d’un retentissant colloque international dirigé par le tandem Bernard Foccroulle – Robert Wangermé;</li>
<li>de l‘Orchestre d’Harmonie de la Province du Luxembourg actif pendant plus de 15 ans et distingué du Godefroid Initiative en 1997;</li>
<li>du Gaume Jazz Festival, créé en 1985 et dédié à la jeune scène belge et européenne du jazz autant qu’à la créativité festive et la présence de grandes vedettes mondiales.</li>
</ul>
<p>En lien, deux articles évoqueront en détail l’historique des JM en province du Luxembourg ainsi que le développement du projet le plus connu des JM du Lux.Be, <a href="http://www.gaume-jazz.com/" target="_blank" rel="noopener noreferrer">le Gaume Jazz Festival</a>.</p>
<p>Aujourd’hui, plus de 75 % des communes sont de près ou de loin touchées par le rayonnement des activités qui s’appuient sur une équipe de 10 permanents professionnels, sur un conseil d’administration représentatif de toutes les tendances musicales et territoires de la province.</p>

<p>Actives depuis 1976 dans la Province de Luxembourg, les Jeunesses Musicales du Luxembourg belge se sont constituées officiellement en ASBL &hellip; <a href="https://www.jeunessesmusicales.be/luxembourgbelge/infos-pratiques/a-propos-des-jmlb/" class="more-link">Continue reading <span class="screen-reader-text">À propos des JMLB</span></a></p>
