{"id":1870,"date":"2025-03-20T10:36:19","date_gmt":"2025-03-20T09:36:19","guid":{"rendered":"https:\/\/www.jeunessesmusicales.be\/luxembourgbelge\/?page_id=1870"},"modified":"2025-05-27T12:30:04","modified_gmt":"2025-05-27T10:30:04","slug":"stages-dete-2025-rendez-vous-a-izel","status":"publish","type":"page","link":"https:\/\/www.jeunessesmusicales.be\/luxembourgbelge\/stages-dete-2025-rendez-vous-a-izel\/","title":{"rendered":"Stages d&rsquo;\u00e9t\u00e9 2025 &#8211; \u00ab\u00a0Kids Against The Machine\u00a0\u00bb &#8211; Rendez-vous \u00e0 Izel!"},"content":{"rendered":"<h2><strong>Du 07 au 11 juillet + concert le 12 juillet 2025<\/strong><\/h2>\n<h3>\u26a0 \u00ab\u00a0Kids Against The Machine\u00a0\u00bb \u2013 NOUVEAU PROJET !<\/h3>\n<p>Save the dates !<\/p>\n<p>Cette ann\u00e9e, on embarque pour une toute nouvelle aventure musicale !<br \/>\nApr\u00e8s des ann\u00e9es inoubliables avec les Petits Gaumais du Jazz, Maxime, Giovanna et toute l\u2019\u00e9quipe des Jeunesses Musicales vous proposent un stage in\u00e9dit !<\/p>\n<p>Une semaine rythm\u00e9e par la musique, les sourires et les arts plastiques,<a rel=\"fancybox[1870]\" href=\"https:\/\/www.jeunessesmusicales.be\/luxembourgbelge\/wp-content\/uploads\/sites\/4\/2025\/04\/Flyer-KATM.jpg\" class=\"fancybox\"><img loading=\"lazy\" decoding=\"async\" class=\"size-medium wp-image-1880 alignright\" src=\"https:\/\/www.jeunessesmusicales.be\/luxembourgbelge\/wp-content\/uploads\/sites\/4\/2025\/04\/Flyer-KATM-212x300.jpg\" alt=\"\" width=\"212\" height=\"300\" srcset=\"https:\/\/www.jeunessesmusicales.be\/luxembourgbelge\/wp-content\/uploads\/sites\/4\/2025\/04\/Flyer-KATM-212x300.jpg 212w, https:\/\/www.jeunessesmusicales.be\/luxembourgbelge\/wp-content\/uploads\/sites\/4\/2025\/04\/Flyer-KATM-724x1024.jpg 724w, https:\/\/www.jeunessesmusicales.be\/luxembourgbelge\/wp-content\/uploads\/sites\/4\/2025\/04\/Flyer-KATM-768x1087.jpg 768w, https:\/\/www.jeunessesmusicales.be\/luxembourgbelge\/wp-content\/uploads\/sites\/4\/2025\/04\/Flyer-KATM-1086x1536.jpg 1086w, https:\/\/www.jeunessesmusicales.be\/luxembourgbelge\/wp-content\/uploads\/sites\/4\/2025\/04\/Flyer-KATM-74x105.jpg 74w, https:\/\/www.jeunessesmusicales.be\/luxembourgbelge\/wp-content\/uploads\/sites\/4\/2025\/04\/Flyer-KATM.jpg 1357w\" sizes=\"auto, (max-width: 212px) 100vw, 212px\" \/><\/a><br \/>\nUn concert final explosif dans le cadre du tout nouveau <strong>Festival KazKabane,<\/strong><br \/>\nUn voyage \u00e0 travers l\u2019histoire et l\u2019\u00e9volution de la musique jama\u00efcaine!<\/p>\n<p>\u2728 Les enfants partageront la sc\u00e8ne avec The Utopians et quelques invit\u00e9s surprises !<\/p>\n<p>Infos &amp; inscriptions ici \u2b07<br \/>\n<a href=\"https:\/\/docs.google.com\/forms\/d\/e\/1FAIpQLSdgLLp_vUj5zCCyYM2W1JkpKjfg-FdEamcLBtKPCC299OHziQ\/viewform?usp=preview\">Formulaire d&rsquo;inscription<\/a><\/p>\n<p>Venez nombreux pour cette premi\u00e8re \u00e9dition m\u00e9morable !<\/p>\n<p><em>Merci \u00e0 tou.te.s pour ces moments familiaux et conviviaux d&rsquo;exception !<\/em><\/p>\n","protected":false},"excerpt":{"rendered":"<p>Du 07 au 11 juillet + concert le 12 juillet 2025 \u26a0 \u00ab\u00a0Kids Against The Machine\u00a0\u00bb \u2013 NOUVEAU PROJET ! &hellip; <a href=\"https:\/\/www.jeunessesmusicales.be\/luxembourgbelge\/stages-dete-2025-rendez-vous-a-izel\/\" class=\"more-link\">Continue reading <span class=\"screen-reader-text\">Stages d&rsquo;\u00e9t\u00e9 2025 &#8211; \u00ab\u00a0Kids Against The Machine\u00a0\u00bb &#8211; Rendez-vous \u00e0 Izel!<\/span><\/a><\/p>\n","protected":false},"author":50,"featured_media":0,"parent":0,"menu_order":0,"comment_status":"closed","ping_status":"closed","template":"","meta":{"_acf_changed":false,"footnotes":""},"class_list":["post-1870","page","type-page","status-publish","hentry"],"acf":[],"_links":{"self":[{"href":"https:\/\/www.jeunessesmusicales.be\/luxembourgbelge\/wp-json\/wp\/v2\/pages\/1870","targetHints":{"allow":["GET"]}}],"collection":[{"href":"https:\/\/www.jeunessesmusicales.be\/luxembourgbelge\/wp-json\/wp\/v2\/pages"}],"about":[{"href":"https:\/\/www.jeunessesmusicales.be\/luxembourgbelge\/wp-json\/wp\/v2\/types\/page"}],"author":[{"embeddable":true,"href":"https:\/\/www.jeunessesmusicales.be\/luxembourgbelge\/wp-json\/wp\/v2\/users\/50"}],"replies":[{"embeddable":true,"href":"https:\/\/www.jeunessesmusicales.be\/luxembourgbelge\/wp-json\/wp\/v2\/comments?post=1870"}],"version-history":[{"count":9,"href":"https:\/\/www.jeunessesmusicales.be\/luxembourgbelge\/wp-json\/wp\/v2\/pages\/1870\/revisions"}],"predecessor-version":[{"id":1951,"href":"https:\/\/www.jeunessesmusicales.be\/luxembourgbelge\/wp-json\/wp\/v2\/pages\/1870\/revisions\/1951"}],"wp:attachment":[{"href":"https:\/\/www.jeunessesmusicales.be\/luxembourgbelge\/wp-json\/wp\/v2\/media?parent=1870"}],"curies":[{"name":"wp","href":"https:\/\/api.w.org\/{rel}","templated":true}]}}

Stages d&rsquo;été 2025 &#8211; « Kids Against The Machine » &#8211; Rendez-vous à Izel!

<h2><strong>Du 07 au 11 juillet + concert le 12 juillet 2025</strong></h2>
<h3>⚠ « Kids Against The Machine » – NOUVEAU PROJET !</h3>
<p>Save the dates !</p>
<p>Cette année, on embarque pour une toute nouvelle aventure musicale !<br />
Après des années inoubliables avec les Petits Gaumais du Jazz, Maxime, Giovanna et toute l’équipe des Jeunesses Musicales vous proposent un stage inédit !</p>
<p>Une semaine rythmée par la musique, les sourires et les arts plastiques,<a rel="fancybox[1870]" href="https://www.jeunessesmusicales.be/luxembourgbelge/wp-content/uploads/sites/4/2025/04/Flyer-KATM.jpg" class="fancybox"><img loading="lazy" decoding="async" class="size-medium wp-image-1880 alignright" src="https://www.jeunessesmusicales.be/luxembourgbelge/wp-content/uploads/sites/4/2025/04/Flyer-KATM-212x300.jpg" alt="" width="212" height="300" srcset="https://www.jeunessesmusicales.be/luxembourgbelge/wp-content/uploads/sites/4/2025/04/Flyer-KATM-212x300.jpg 212w, https://www.jeunessesmusicales.be/luxembourgbelge/wp-content/uploads/sites/4/2025/04/Flyer-KATM-724x1024.jpg 724w, https://www.jeunessesmusicales.be/luxembourgbelge/wp-content/uploads/sites/4/2025/04/Flyer-KATM-768x1087.jpg 768w, https://www.jeunessesmusicales.be/luxembourgbelge/wp-content/uploads/sites/4/2025/04/Flyer-KATM-1086x1536.jpg 1086w, https://www.jeunessesmusicales.be/luxembourgbelge/wp-content/uploads/sites/4/2025/04/Flyer-KATM-74x105.jpg 74w, https://www.jeunessesmusicales.be/luxembourgbelge/wp-content/uploads/sites/4/2025/04/Flyer-KATM.jpg 1357w" sizes="auto, (max-width: 212px) 100vw, 212px" /></a><br />
Un concert final explosif dans le cadre du tout nouveau <strong>Festival KazKabane,</strong><br />
Un voyage à travers l’histoire et l’évolution de la musique jamaïcaine!</p>
<p>✨ Les enfants partageront la scène avec The Utopians et quelques invités surprises !</p>
<p>Infos &amp; inscriptions ici ⬇<br />
<a href="https://docs.google.com/forms/d/e/1FAIpQLSdgLLp_vUj5zCCyYM2W1JkpKjfg-FdEamcLBtKPCC299OHziQ/viewform?usp=preview">Formulaire d&rsquo;inscription</a></p>
<p>Venez nombreux pour cette première édition mémorable !</p>
<p><em>Merci à tou.te.s pour ces moments familiaux et conviviaux d&rsquo;exception !</em></p>

<p>Du 07 au 11 juillet + concert le 12 juillet 2025 ⚠ « Kids Against The Machine » – NOUVEAU PROJET ! &hellip; <a href="https://www.jeunessesmusicales.be/luxembourgbelge/stages-dete-2025-rendez-vous-a-izel/" class="more-link">Continue reading <span class="screen-reader-text">Stages d&rsquo;été 2025 &#8211; « Kids Against The Machine » &#8211; Rendez-vous à Izel!</span></a></p>
