{"id":1966,"date":"2025-06-10T13:56:30","date_gmt":"2025-06-10T11:56:30","guid":{"rendered":"https:\/\/www.jeunessesmusicales.be\/luxembourgbelge\/?page_id=1966"},"modified":"2025-06-10T14:07:47","modified_gmt":"2025-06-10T12:07:47","slug":"stage-voyage-musical-a-lacademie-de-musique-darlon","status":"publish","type":"page","link":"https:\/\/www.jeunessesmusicales.be\/luxembourgbelge\/stage-voyage-musical-a-lacademie-de-musique-darlon\/","title":{"rendered":"Stage \u00ab\u00a0Voyage musical\u00a0\u00bb \u00e0 l&rsquo;Acad\u00e9mie de Musique d&rsquo;Arlon"},"content":{"rendered":"<h4><strong>Du 18 au 22 ao\u00fbt 2025 pour les enfants de 6 \u00e0 11 ans<\/strong><\/h4>\n<p>Par la pratique vocale et musicale, des jeux progressifs, des arts plastiques, les enfants embarquent pour un voyage musical \u00e0 la d\u00e9couverte des rythmes d&rsquo;ici et d&rsquo;ailleurs. Offrez \u00e0 vos enfants une exp\u00e9rience enrichissante pendant laquelle la musique et la cr\u00e9ativit\u00e9 s\u2019entrem\u00ealent pour une semaine inoubliable !<\/p>\n<p>Ce stage est anim\u00e9 par Lionel Brack, animateur professionnel des Jeunesses Musicales du Luxembourg Belge.<\/p>\n<p>Prix : 100\u20ac \/ enfant<\/p>\n<p>Dates et horaires : Du 18 au 22 ao\u00fbt 2025\u00a0 de 09h30 \u00e0 16h (garderie possible d\u00e9s 08h30 et jusque 17h30)<\/p>\n<p>Lieu : Acad\u00e9mie de Musique d&rsquo;Arlon, place des Chasseurs Ardennais 10, 6700 Arlon (La salle se trouve au 3\u00e8me \u00e9tage)<\/p>\n<p>Inscription via ce lien :\u00a0<a href=\"https:\/\/docs.google.com\/forms\/d\/e\/1FAIpQLScELwqhfiMfx72cuDF09wMi6S5QkJWmGrhQ5bm0zA4diQRypg\/viewform?usp=dialog\" target=\"_blank\" rel=\"noopener\">inscription stage du 18 au 22 ao\u00fbt<\/a><\/p>\n<p><a rel=\"fancybox[1966]\" href=\"https:\/\/www.jeunessesmusicales.be\/luxembourgbelge\/wp-content\/uploads\/sites\/4\/2025\/06\/Stage-du-18-au-22-aout.jpg\" class=\"fancybox\"><img loading=\"lazy\" decoding=\"async\" class=\"alignnone size-medium wp-image-1963\" src=\"https:\/\/www.jeunessesmusicales.be\/luxembourgbelge\/wp-content\/uploads\/sites\/4\/2025\/06\/Stage-du-18-au-22-aout-212x300.jpg\" alt=\"\" width=\"212\" height=\"300\" srcset=\"https:\/\/www.jeunessesmusicales.be\/luxembourgbelge\/wp-content\/uploads\/sites\/4\/2025\/06\/Stage-du-18-au-22-aout-212x300.jpg 212w, https:\/\/www.jeunessesmusicales.be\/luxembourgbelge\/wp-content\/uploads\/sites\/4\/2025\/06\/Stage-du-18-au-22-aout-724x1024.jpg 724w, https:\/\/www.jeunessesmusicales.be\/luxembourgbelge\/wp-content\/uploads\/sites\/4\/2025\/06\/Stage-du-18-au-22-aout-768x1087.jpg 768w, https:\/\/www.jeunessesmusicales.be\/luxembourgbelge\/wp-content\/uploads\/sites\/4\/2025\/06\/Stage-du-18-au-22-aout-1086x1536.jpg 1086w, https:\/\/www.jeunessesmusicales.be\/luxembourgbelge\/wp-content\/uploads\/sites\/4\/2025\/06\/Stage-du-18-au-22-aout-74x105.jpg 74w, https:\/\/www.jeunessesmusicales.be\/luxembourgbelge\/wp-content\/uploads\/sites\/4\/2025\/06\/Stage-du-18-au-22-aout.jpg 1357w\" sizes=\"auto, (max-width: 212px) 100vw, 212px\" \/><\/a><\/p>\n","protected":false},"excerpt":{"rendered":"<p>Du 18 au 22 ao\u00fbt 2025 pour les enfants de 6 \u00e0 11 ans Par la pratique vocale et musicale, &hellip; <a href=\"https:\/\/www.jeunessesmusicales.be\/luxembourgbelge\/stage-voyage-musical-a-lacademie-de-musique-darlon\/\" class=\"more-link\">Continue reading <span class=\"screen-reader-text\">Stage \u00ab\u00a0Voyage musical\u00a0\u00bb \u00e0 l&rsquo;Acad\u00e9mie de Musique d&rsquo;Arlon<\/span><\/a><\/p>\n","protected":false},"author":51,"featured_media":1963,"parent":0,"menu_order":0,"comment_status":"closed","ping_status":"closed","template":"","meta":{"_acf_changed":false,"footnotes":""},"class_list":["post-1966","page","type-page","status-publish","has-post-thumbnail","hentry"],"acf":[],"_links":{"self":[{"href":"https:\/\/www.jeunessesmusicales.be\/luxembourgbelge\/wp-json\/wp\/v2\/pages\/1966","targetHints":{"allow":["GET"]}}],"collection":[{"href":"https:\/\/www.jeunessesmusicales.be\/luxembourgbelge\/wp-json\/wp\/v2\/pages"}],"about":[{"href":"https:\/\/www.jeunessesmusicales.be\/luxembourgbelge\/wp-json\/wp\/v2\/types\/page"}],"author":[{"embeddable":true,"href":"https:\/\/www.jeunessesmusicales.be\/luxembourgbelge\/wp-json\/wp\/v2\/users\/51"}],"replies":[{"embeddable":true,"href":"https:\/\/www.jeunessesmusicales.be\/luxembourgbelge\/wp-json\/wp\/v2\/comments?post=1966"}],"version-history":[{"count":4,"href":"https:\/\/www.jeunessesmusicales.be\/luxembourgbelge\/wp-json\/wp\/v2\/pages\/1966\/revisions"}],"predecessor-version":[{"id":1976,"href":"https:\/\/www.jeunessesmusicales.be\/luxembourgbelge\/wp-json\/wp\/v2\/pages\/1966\/revisions\/1976"}],"wp:featuredmedia":[{"embeddable":true,"href":"https:\/\/www.jeunessesmusicales.be\/luxembourgbelge\/wp-json\/wp\/v2\/media\/1963"}],"wp:attachment":[{"href":"https:\/\/www.jeunessesmusicales.be\/luxembourgbelge\/wp-json\/wp\/v2\/media?parent=1966"}],"curies":[{"name":"wp","href":"https:\/\/api.w.org\/{rel}","templated":true}]}}

Stage « Voyage musical » à l&rsquo;Académie de Musique d&rsquo;Arlon

<h4><strong>Du 18 au 22 août 2025 pour les enfants de 6 à 11 ans</strong></h4>
<p>Par la pratique vocale et musicale, des jeux progressifs, des arts plastiques, les enfants embarquent pour un voyage musical à la découverte des rythmes d&rsquo;ici et d&rsquo;ailleurs. Offrez à vos enfants une expérience enrichissante pendant laquelle la musique et la créativité s’entremêlent pour une semaine inoubliable !</p>
<p>Ce stage est animé par Lionel Brack, animateur professionnel des Jeunesses Musicales du Luxembourg Belge.</p>
<p>Prix : 100€ / enfant</p>
<p>Dates et horaires : Du 18 au 22 août 2025  de 09h30 à 16h (garderie possible dés 08h30 et jusque 17h30)</p>
<p>Lieu : Académie de Musique d&rsquo;Arlon, place des Chasseurs Ardennais 10, 6700 Arlon (La salle se trouve au 3ème étage)</p>
<p>Inscription via ce lien : <a href="https://docs.google.com/forms/d/e/1FAIpQLScELwqhfiMfx72cuDF09wMi6S5QkJWmGrhQ5bm0zA4diQRypg/viewform?usp=dialog" target="_blank" rel="noopener">inscription stage du 18 au 22 août</a></p>
<p><a rel="fancybox[1966]" href="https://www.jeunessesmusicales.be/luxembourgbelge/wp-content/uploads/sites/4/2025/06/Stage-du-18-au-22-aout.jpg" class="fancybox"><img loading="lazy" decoding="async" class="alignnone size-medium wp-image-1963" src="https://www.jeunessesmusicales.be/luxembourgbelge/wp-content/uploads/sites/4/2025/06/Stage-du-18-au-22-aout-212x300.jpg" alt="" width="212" height="300" srcset="https://www.jeunessesmusicales.be/luxembourgbelge/wp-content/uploads/sites/4/2025/06/Stage-du-18-au-22-aout-212x300.jpg 212w, https://www.jeunessesmusicales.be/luxembourgbelge/wp-content/uploads/sites/4/2025/06/Stage-du-18-au-22-aout-724x1024.jpg 724w, https://www.jeunessesmusicales.be/luxembourgbelge/wp-content/uploads/sites/4/2025/06/Stage-du-18-au-22-aout-768x1087.jpg 768w, https://www.jeunessesmusicales.be/luxembourgbelge/wp-content/uploads/sites/4/2025/06/Stage-du-18-au-22-aout-1086x1536.jpg 1086w, https://www.jeunessesmusicales.be/luxembourgbelge/wp-content/uploads/sites/4/2025/06/Stage-du-18-au-22-aout-74x105.jpg 74w, https://www.jeunessesmusicales.be/luxembourgbelge/wp-content/uploads/sites/4/2025/06/Stage-du-18-au-22-aout.jpg 1357w" sizes="auto, (max-width: 212px) 100vw, 212px" /></a></p>

<p>Du 18 au 22 août 2025 pour les enfants de 6 à 11 ans Par la pratique vocale et musicale, &hellip; <a href="https://www.jeunessesmusicales.be/luxembourgbelge/stage-voyage-musical-a-lacademie-de-musique-darlon/" class="more-link">Continue reading <span class="screen-reader-text">Stage « Voyage musical » à l&rsquo;Académie de Musique d&rsquo;Arlon</span></a></p>
