{"id":37,"date":"2015-11-03T14:10:51","date_gmt":"2015-11-03T13:10:51","guid":{"rendered":"http:\/\/www.jeunessesmusicales.be\/luxembourgbelge\/?page_id=37"},"modified":"2025-12-16T13:37:44","modified_gmt":"2025-12-16T12:37:44","slug":"ateliers-a-lecole","status":"publish","type":"page","link":"https:\/\/www.jeunessesmusicales.be\/luxembourgbelge\/ateliers-a-lecole\/","title":{"rendered":"Ateliers d&rsquo;\u00e9veil musical \u00e0 l&rsquo;\u00e9cole"},"content":{"rendered":"<h3><span style=\"color: #ef3740;\">L\u2019atelier d\u2019\u00e9veil \u00e0 l\u2019expression musicale s\u2019adresse aux enfants, d\u00e8s le plus jeune \u00e2ge, dans l\u2019enseignement fondamental (maternel et\/ou primaire), les cr\u00e8ches, l\u2019enseignement sp\u00e9cial et\/ou dans tout autre contexte ad\u00e9quat.<\/span><\/h3>\n<p><a rel=\"fancybox[37]\" href=\"http:\/\/www.jeunessesmusicales.be\/luxembourgbelge\/wp-content\/uploads\/sites\/4\/2015\/12\/lahage19.jpg\" rel=\"attachment wp-att-174\" class=\"fancybox\"><img loading=\"lazy\" decoding=\"async\" class=\" wp-image-174 alignright\" src=\"http:\/\/www.jeunessesmusicales.be\/luxembourgbelge\/wp-content\/uploads\/sites\/4\/2015\/12\/lahage19-199x300.jpg\" alt=\"lahage19\" width=\"214\" height=\"322\" srcset=\"https:\/\/www.jeunessesmusicales.be\/luxembourgbelge\/wp-content\/uploads\/sites\/4\/2015\/12\/lahage19-199x300.jpg 199w, https:\/\/www.jeunessesmusicales.be\/luxembourgbelge\/wp-content\/uploads\/sites\/4\/2015\/12\/lahage19-681x1024.jpg 681w, https:\/\/www.jeunessesmusicales.be\/luxembourgbelge\/wp-content\/uploads\/sites\/4\/2015\/12\/lahage19-70x105.jpg 70w, https:\/\/www.jeunessesmusicales.be\/luxembourgbelge\/wp-content\/uploads\/sites\/4\/2015\/12\/lahage19.jpg 2000w\" sizes=\"auto, (max-width: 214px) 100vw, 214px\" \/><\/a>Il consiste en cycles de s\u00e9ances progressives et ludiques d\u2019\u00e9veil de l\u2019enfant et des tout-petits, adapt\u00e9es \u00e0 l\u2019\u00e2ge et \u00e0 la personnalit\u00e9 de ceux-ci, par la musique, le chant, le rythme, le mouvement &amp; la danse, l\u2019\u00e9coute, les d\u00e9couvertes vivantes des instruments et plus globalement tout ce qui se rapporte \u00e0 l\u2019expression musicale.<\/p>\n<p>Cette action s\u2019articule en toute compl\u00e9mentarit\u00e9 avec les programmes p\u00e9dagogiques et compl\u00e8te la formation dispens\u00e9e par les enseignants titulaires.<\/p>\n<p>Chaque ann\u00e9e : + de 3.300 s\u00e9ances et 6.300 enfants concern\u00e9s; chaque semaine, entre presque 150 classes visit\u00e9es.<\/p>\n<p>&nbsp;<\/p>\n<p><strong>T\u00e9l\u00e9chargez le PDF d&rsquo;informations :\u00a0<a href=\"https:\/\/www.jeunessesmusicales.be\/luxembourgbelge\/wp-content\/uploads\/sites\/4\/2025\/05\/Infos-eveil-05-2025.pdf\" target=\"_blank\" rel=\"noopener\"><em>Brochure \u00e9veil musical 2025-2026<\/em><\/a><\/strong><\/p>\n<p><strong>Demandez un cycle d&rsquo;\u00e9veil musical pour votre classe<\/strong> <strong>\/ \u00e9cole.<\/strong><\/p>\n<p>Le formulaire d&rsquo;inscription pour l&rsquo;ann\u00e9e scolaire 2026-2027 sera mis en ligne courant du mois de mai 2026.<\/p>\n<p>Des questions ? Contactez notre responsable p\u00e9dagogique : b.lesuisse@jeunessesmusicales.be<\/p>\n<p>&nbsp;<\/p>\n<p>&nbsp;<\/p>\n<h3><span style=\"color: #ef3740;\">Les ateliers d&rsquo;\u00e9veil \u00e0 l&rsquo;expression musicale, ce qu&rsquo;il faut savoir :<\/span><\/h3>\n<h5><span style=\"color: #ef3740;\"><strong><a rel=\"fancybox[37]\" href=\"http:\/\/www.jeunessesmusicales.be\/luxembourgbelge\/wp-content\/uploads\/sites\/4\/2015\/12\/stvincent2.jpg\" rel=\"attachment wp-att-172\" class=\"fancybox\"><img loading=\"lazy\" decoding=\"async\" class=\" wp-image-172 alignleft\" src=\"http:\/\/www.jeunessesmusicales.be\/luxembourgbelge\/wp-content\/uploads\/sites\/4\/2015\/12\/stvincent2-200x300.jpg\" alt=\"stvincent2\" width=\"237\" height=\"356\" srcset=\"https:\/\/www.jeunessesmusicales.be\/luxembourgbelge\/wp-content\/uploads\/sites\/4\/2015\/12\/stvincent2-200x300.jpg 200w, https:\/\/www.jeunessesmusicales.be\/luxembourgbelge\/wp-content\/uploads\/sites\/4\/2015\/12\/stvincent2-682x1024.jpg 682w, https:\/\/www.jeunessesmusicales.be\/luxembourgbelge\/wp-content\/uploads\/sites\/4\/2015\/12\/stvincent2-70x105.jpg 70w, https:\/\/www.jeunessesmusicales.be\/luxembourgbelge\/wp-content\/uploads\/sites\/4\/2015\/12\/stvincent2.jpg 1181w\" sizes=\"auto, (max-width: 237px) 100vw, 237px\" \/><\/a><\/strong><\/span><span style=\"color: #ef3740;\"><strong>Ses objectifs<\/strong><\/span><\/h5>\n<ul>\n<li>D\u00e9velopper les possibilit\u00e9s musicales des enfants d\u00e8s leur plus jeune \u00e2ge.<\/li>\n<li>Faciliter leur approche au monde sonore (\u00e9coute) et \u00e0 l\u2019expression vocale (chant).<\/li>\n<li>Accro\u00eetre leur sens artistique et leurs potentialit\u00e9s sensorielles.<\/li>\n<li>Stimuler leur cr\u00e9ativit\u00e9, leur imagination par des activit\u00e9s centr\u00e9es sur le jeu, l\u2019exp\u00e9rimentation, l\u2019invention.<\/li>\n<li>Permettre aux enseignant(e)s de vivre activement un moment musical avec leurs \u00e9l\u00e8ves, et selon leur volont\u00e9, avoir acc\u00e8s \u00e0 une formation continu\u00e9e compl\u00e9mentaire.<\/li>\n<\/ul>\n<p><strong><span style=\"color: #ef3740;\">SES MOYENS<\/span><\/strong><\/p>\n<p>Des professionnels d\u00fbment sp\u00e9cialis\u00e9s basant leurs interventions en toute compl\u00e9mentarit\u00e9 avec les enseignants. La p\u00e9dagogie d\u00e9ploy\u00e9e par ces \u00ab\u00a0musiciens intervenants\u00a0\u00bb est principalement ludique, bas\u00e9e sur le chant, et cr\u00e9e un cadre \u00ab\u00a0non scolaire\u00a0\u00bb souvent heureux. Actuellement, 6 employ\u00e9s forment l\u2019\u00e9quipe d\u2019animation des JM.<\/p>\n<h5><strong><span style=\"color: #ef3740;\">Ce qu\u2019on y fait<\/span><\/strong><\/h5>\n<ul>\n<li><span style=\"color: #2d353a;\"><strong>De la pratique vocale par l\u2019apprentissage de comptines, de chants, de danses, de phrases rythmiques, &#8230;.<\/strong><\/span><\/li>\n<li><span style=\"color: #2d353a;\"><strong>Des jeux divers et progressifs<\/strong> faisant intervenir des \u00e9l\u00e9ments de psychomotricit\u00e9, la discrimination auditive, l\u2019association son &amp; mouvement, la pose et le travail de la voix, la structuration rythmique,&#8230;<\/span><\/li>\n<li><strong>De la pratique instrumentale<\/strong> (improvisations, compositions \u00e9l\u00e9mentaires ou non conventionnelles, &#8230;.)<\/li>\n<\/ul>\n<h5><strong><span style=\"color: #ef3740;\">Ce qu\u2019on n\u2019y fait pas<\/span><\/strong><\/h5>\n<ul>\n<li><strong><span style=\"color: #2d353a;\">Remplacer l\u2019enseignant(e)\u00a0: <\/span><\/strong><span style=\"color: #2d353a;\">Les ateliers d\u2019\u00e9veil compl\u00e8tent le travail des titulaires des classes et peuvent leur servir de formation compl\u00e9mentaire r\u00e9utilisable selon leur motivation.<\/span><\/li>\n<li>Remplacer l\u2019enseignement musical dispens\u00e9 par les \u00e9coles de musique, les acad\u00e9mies, &#8230;.<\/li>\n<\/ul>\n<p>De par sa nature, l\u2019atelier d\u2019\u00e9veil \u00e0 l\u2019expression musicale s\u2019adresse \u00e0 tous les \u00e9l\u00e8ves, quel que soit leur niveau et constitue un apport essentiellement diff\u00e9rent et compl\u00e9mentaire de celui du cours de solf\u00e8ge et d\u2019instrument traditionnellement dispens\u00e9 par l\u2019enseignement artistique.<\/p>\n<p>&nbsp;<\/p>\n<p><span style=\"color: #ef3740;\"><strong><em>BON A SAVOIR<\/em><\/strong><\/span><\/p>\n<p>Il est \u00e9tabli que les retomb\u00e9es d\u2019un \u00e9veil musical (ainsi appliqu\u00e9) touche le d\u00e9veloppement global de l\u2019enfant tant dans la structuration de sa personnalit\u00e9 que dans les disciplines d\u2019apprentissage (math, fran\u00e7ais, apprentissage des langues \u00e9trang\u00e8res, \u2026) ou encore dans ses performances cr\u00e9atives\u00a0!<\/p>\n<p>C\u2019est en tout cas ce qu\u2019a mis en \u00e9vidence un important projet pilote men\u00e9 par les JM du Luxembourg belge durant plusieurs ann\u00e9es et ponctu\u00e9 par un Colloque du Conseil de la Musique pr\u00e9sid\u00e9 par Robert Wangerm\u00e9e \u00e0 Bastogne.<\/p>\n<p>Pourtant, nombreuses sont encore les personnes qui attribuent \u00e0 l\u2019\u00e9veil musical une seule dimension esth\u00e9tique.<\/p>\n<h4><strong><span style=\"color: #ef3740;\"><em>Ce qu\u2019en pensent les enseignants<\/em><\/span><\/strong><\/h4>\n<p><em> \u00ab\u00a0Chaque s\u00e9ance d\u00e9bute par un bonjour musical, un \u00e9chauffement de voix, \u2026 Les enfants \u00e9coutent une histoire qui m\u00e8ne \u00e0 une chanson, re\u00e7oivent les consignes du prochain jeu de hauteur, d\u2019intensit\u00e9 du son, \u2026 Les inhibitions se l\u00e8vent de fa\u00e7on spectaculaire. J\u2019ai pu observer les enfants de l\u2019ext\u00e9rieur et j\u2019ai beaucoup appris.\u00a0\u00bb\u00a0\u00a0 Madame DASSONVILLE\u00a0: institutrice \u2013 \u00e9cole communale de Humain (Marche)<\/em><\/p>\n<p><em>\u00ab\u00a0A l\u2019\u00e9cole, il n\u2019y a pas que les maths et le fran\u00e7ais\u00a0; et la musique peut, entre autres, pr\u00e9parer admirablement les enfants \u00e0 l\u2019acquisition optimale des autres branches\u00a0\u00bb Monsieur BOLLAND\u00a0: instituteur en chef \u2013 \u00e9cole communale de Amonines<\/em><\/p>\n<p><em>\u00ab\u00a0Ces ateliers permettent \u00e0 l\u2019enseignant d\u2019apprendre des nouvelles fa\u00e7ons d\u2019enseigner mais \u00e9galement de red\u00e9couvrir certaines possibilit\u00e9s musicales trop souvent oubli\u00e9es.\u00a0\u00bb\u00a0\u00a0 Madame ADAM\u00a0: institutrice maternelle \u2013 \u00e9cole communale de Mabompr\u00e9<\/em><\/p>\n<p>&nbsp;<\/p>\n<h4><span style=\"color: #344149;\">Retrouvez \u00e9galement : <\/span><\/h4>\n<h4><a href=\"https:\/\/www.jeunessesmusicales.be\/luxembourgbelge\/activites-tous-publics\/stages\/\"><span style=\"color: #344149;\">\u2022 nos <strong>ateliers extrascolaires et stages<\/strong> durant les vacances scolaires \u00e0 destination des <strong>enfants, adolescents et adultes<\/strong><\/span><\/a><\/h4>\n<h4><a href=\"https:\/\/www.jeunessesmusicales.be\/luxembourgbelge\/activites-a-lecole\/concerts-a-lecole\/\"><span style=\"color: #344149;\">\u2022 nos <strong>concerts p\u00e9dagogiques <\/strong>organis\u00e9s dans les \u00e9coles de la province pour les <strong>enfants de maternelle, primaire et secondaire<\/strong><\/span><\/a><\/h4>\n","protected":false},"excerpt":{"rendered":"<p>L\u2019atelier d\u2019\u00e9veil \u00e0 l\u2019expression musicale s\u2019adresse aux enfants, d\u00e8s le plus jeune \u00e2ge, dans l\u2019enseignement fondamental (maternel et\/ou primaire), les &hellip; <a href=\"https:\/\/www.jeunessesmusicales.be\/luxembourgbelge\/ateliers-a-lecole\/\" class=\"more-link\">Continue reading <span class=\"screen-reader-text\">Ateliers d&rsquo;\u00e9veil musical \u00e0 l&rsquo;\u00e9cole<\/span><\/a><\/p>\n","protected":false},"author":3,"featured_media":948,"parent":0,"menu_order":0,"comment_status":"closed","ping_status":"closed","template":"","meta":{"_acf_changed":false,"footnotes":""},"class_list":["post-37","page","type-page","status-publish","has-post-thumbnail","hentry"],"acf":[],"_links":{"self":[{"href":"https:\/\/www.jeunessesmusicales.be\/luxembourgbelge\/wp-json\/wp\/v2\/pages\/37","targetHints":{"allow":["GET"]}}],"collection":[{"href":"https:\/\/www.jeunessesmusicales.be\/luxembourgbelge\/wp-json\/wp\/v2\/pages"}],"about":[{"href":"https:\/\/www.jeunessesmusicales.be\/luxembourgbelge\/wp-json\/wp\/v2\/types\/page"}],"author":[{"embeddable":true,"href":"https:\/\/www.jeunessesmusicales.be\/luxembourgbelge\/wp-json\/wp\/v2\/users\/3"}],"replies":[{"embeddable":true,"href":"https:\/\/www.jeunessesmusicales.be\/luxembourgbelge\/wp-json\/wp\/v2\/comments?post=37"}],"version-history":[{"count":43,"href":"https:\/\/www.jeunessesmusicales.be\/luxembourgbelge\/wp-json\/wp\/v2\/pages\/37\/revisions"}],"predecessor-version":[{"id":2075,"href":"https:\/\/www.jeunessesmusicales.be\/luxembourgbelge\/wp-json\/wp\/v2\/pages\/37\/revisions\/2075"}],"wp:featuredmedia":[{"embeddable":true,"href":"https:\/\/www.jeunessesmusicales.be\/luxembourgbelge\/wp-json\/wp\/v2\/media\/948"}],"wp:attachment":[{"href":"https:\/\/www.jeunessesmusicales.be\/luxembourgbelge\/wp-json\/wp\/v2\/media?parent=37"}],"curies":[{"name":"wp","href":"https:\/\/api.w.org\/{rel}","templated":true}]}}