{"id":47,"date":"2018-01-08T13:00:09","date_gmt":"2018-01-08T12:00:09","guid":{"rendered":"http:\/\/www.jeunessesmusicales.be\/luxembourgbelge\/?page_id=47"},"modified":"2026-04-03T10:14:39","modified_gmt":"2026-04-03T08:14:39","slug":"concerts-publics","status":"publish","type":"page","link":"https:\/\/www.jeunessesmusicales.be\/luxembourgbelge\/activites-tous-publics\/concerts-publics\/","title":{"rendered":"Concerts publics"},"content":{"rendered":"<h3><span style=\"color: #ef3740;\">Les Jeunesses Musicales du Luxembourg belge, ce sont aussi des <b>concerts publics <\/b>durant toute l&rsquo;ann\u00e9e.<\/span><span style=\"color: #2d353a;\"><span class=\"color_32\">\u00a0<\/span><\/span><\/h3>\n<p class=\"font_8\"><span style=\"color: #2d353a;\"><span class=\"color_32\">Outre les divers partenariats culturels, nous proposons des concerts publics \u00e0 travers la province du Luxembourg tout au long de l&rsquo;ann\u00e9e&#8230;<\/span><\/span><\/p>\n<p>&nbsp;<\/p>\n<p><span style=\"color: #ef3740;\"><a style=\"color: #ef3740;\" href=\"https:\/\/www.ccbeaucanton.be\/chomonmotion\" target=\"_blank\" rel=\"noopener\">CHOMON-MOTION &#8211; Mardi 28 avril 2026 \u00e0 15h &#8211; Centre culturel de Chiny<\/a><\/span><\/p>\n<p><strong>CINE-CONCERT\/MARIMBA, PIANO ET PROJECTIONS &#8211; <em>Familles &#8211; de 3 \u00e0 12 ans<\/em><\/strong><\/p>\n<p class=\"font_8 wixui-rich-text__text\"><span class=\"color_37 wixui-rich-text__text\"><span class=\"wixui-rich-text__text\">Un duo \u00e0 trois claviers : voil\u00e0 de quoi r\u00e9unir le piano, le marimba et le vibraphone<a rel=\"fancybox[47]\" href=\"https:\/\/www.jeunessesmusicales.be\/luxembourgbelge\/wp-content\/uploads\/sites\/4\/2026\/04\/AFFICHE-CHOMON-MOTION.jpg\" class=\"fancybox\"><img loading=\"lazy\" decoding=\"async\" class=\"size-medium wp-image-2139 alignright\" src=\"https:\/\/www.jeunessesmusicales.be\/luxembourgbelge\/wp-content\/uploads\/sites\/4\/2026\/04\/AFFICHE-CHOMON-MOTION-212x300.jpg\" alt=\"\" width=\"212\" height=\"300\" srcset=\"https:\/\/www.jeunessesmusicales.be\/luxembourgbelge\/wp-content\/uploads\/sites\/4\/2026\/04\/AFFICHE-CHOMON-MOTION-212x300.jpg 212w, https:\/\/www.jeunessesmusicales.be\/luxembourgbelge\/wp-content\/uploads\/sites\/4\/2026\/04\/AFFICHE-CHOMON-MOTION-724x1024.jpg 724w, https:\/\/www.jeunessesmusicales.be\/luxembourgbelge\/wp-content\/uploads\/sites\/4\/2026\/04\/AFFICHE-CHOMON-MOTION-768x1086.jpg 768w, https:\/\/www.jeunessesmusicales.be\/luxembourgbelge\/wp-content\/uploads\/sites\/4\/2026\/04\/AFFICHE-CHOMON-MOTION-1086x1536.jpg 1086w, https:\/\/www.jeunessesmusicales.be\/luxembourgbelge\/wp-content\/uploads\/sites\/4\/2026\/04\/AFFICHE-CHOMON-MOTION-74x105.jpg 74w, https:\/\/www.jeunessesmusicales.be\/luxembourgbelge\/wp-content\/uploads\/sites\/4\/2026\/04\/AFFICHE-CHOMON-MOTION.jpg 1358w\" sizes=\"auto, (max-width: 212px) 100vw, 212px\" \/><\/a><\/span><\/span><\/p>\n<p class=\"font_8 wixui-rich-text__text\"><span class=\"color_37 wixui-rich-text__text\"><span class=\"wixui-rich-text__text\">Sous les mains expertes des musiciens, compositeurs et improvisateurs Pierre Quiriny et Jean Jadin.<\/span><\/span><span class=\"color_37 wixui-rich-text__text\"><span class=\"wixui-rich-text__text\">Ils \u00ab se l\u00e2chent \u00bb en improvisations musicales d\u00e9lirantes avec leur langage musical contemporain exp\u00e9rimental, qui convient parfaitement aux images tout aussi exp\u00e9rimentales du cin\u00e9aste Segundo de Chom\u00f3n.\u00a0<\/span><\/span><\/p>\n<p class=\"font_8 wixui-rich-text__text\"><span class=\"color_37 wixui-rich-text__text\"><span class=\"wixui-rich-text__text\">Le cin\u00e9-concert propos\u00e9 par le duo tourne autour de ce pionnier du cin\u00e9ma muet et d\u2019animation, l\u2019un des ma\u00eetres incontest\u00e9s des premiers trucages cin\u00e9matographiques et des d\u00e9buts de la mise en couleurs des images anim\u00e9es.<\/span><\/span><\/p>\n<p><span style=\"color: #ef3740;\"><a style=\"color: #ef3740;\" href=\"https:\/\/www.mcfa.be\/agenda\/effel-quartet\/\" target=\"_blank\" rel=\"noopener\">EFFEL QUARTET &#8211; Mercredi 13 mai 2026 \u00e0 20h30 &#8211; Eglise Saint-Etienne \u00e0 Waha,<\/a><\/span><\/p>\n<p><b>MUSIQUE CLASSIQUE \/ CONTEMPORAINE M\u00c9LODIQUE<\/b><\/p>\n<p data-start=\"86\" data-end=\"332\"><strong data-start=\"86\" data-end=\"210\">Fond\u00e9 en septembre 2023 au Conservatoire Royal de Bruxelles, Effel est un quatuor international de saxophones classiques<\/strong>, nous invitant \u00e0 d\u00e9couvrir un programme unique qui met en valeur la richesse rythmique et m\u00e9lodique de ses instruments. Hommage aux diff\u00e9rentes origines des membres \u2014 Pologne, Allemagne, Espagne et Hongrie \u2014 mais aussi au r\u00e9pertoire souvent m\u00e9connu \u00e9crit pour quatuor de saxophones, leur projet s\u2019articule principalement autour de deux \u0153uvres : une transcription de la <strong data-start=\"589\" data-end=\"610\">Suite Bergamasque<\/strong> de Claude Debussy et la <strong data-start=\"635\" data-end=\"653\">Suite Ciudades<\/strong> de Guillermo Largo, dont les six mouvements repr\u00e9sentent chacun une ville du monde.<a rel=\"fancybox[47]\" href=\"https:\/\/www.jeunessesmusicales.be\/luxembourgbelge\/wp-content\/uploads\/sites\/4\/2025\/10\/Effel-Quartet-1\u00a9Abel-Verheyden.jpeg\" class=\"fancybox\"><img loading=\"lazy\" decoding=\"async\" class=\" wp-image-2035 aligncenter\" src=\"https:\/\/www.jeunessesmusicales.be\/luxembourgbelge\/wp-content\/uploads\/sites\/4\/2025\/10\/Effel-Quartet-1\u00a9Abel-Verheyden-300x200.jpeg\" alt=\"\" width=\"518\" height=\"345\" srcset=\"https:\/\/www.jeunessesmusicales.be\/luxembourgbelge\/wp-content\/uploads\/sites\/4\/2025\/10\/Effel-Quartet-1\u00a9Abel-Verheyden-300x200.jpeg 300w, https:\/\/www.jeunessesmusicales.be\/luxembourgbelge\/wp-content\/uploads\/sites\/4\/2025\/10\/Effel-Quartet-1\u00a9Abel-Verheyden-1024x683.jpeg 1024w, https:\/\/www.jeunessesmusicales.be\/luxembourgbelge\/wp-content\/uploads\/sites\/4\/2025\/10\/Effel-Quartet-1\u00a9Abel-Verheyden-768x512.jpeg 768w, https:\/\/www.jeunessesmusicales.be\/luxembourgbelge\/wp-content\/uploads\/sites\/4\/2025\/10\/Effel-Quartet-1\u00a9Abel-Verheyden-1536x1024.jpeg 1536w, https:\/\/www.jeunessesmusicales.be\/luxembourgbelge\/wp-content\/uploads\/sites\/4\/2025\/10\/Effel-Quartet-1\u00a9Abel-Verheyden-150x100.jpeg 150w, https:\/\/www.jeunessesmusicales.be\/luxembourgbelge\/wp-content\/uploads\/sites\/4\/2025\/10\/Effel-Quartet-1\u00a9Abel-Verheyden.jpeg 1920w\" sizes=\"auto, (max-width: 518px) 100vw, 518px\" \/><\/a><\/p>\n<p>En collaboration avec la maison de la culture de Marche-en-Famenne.<\/p>\n<p><a href=\"https:\/\/www.mcfa.be\/agenda\/harmonys-brass-band\/\" target=\"_blank\" rel=\"noopener\"><span style=\"color: #ef3740;\">HARMONY&rsquo;S BRASS BAND &#8211; vendredi 22 mai 2026 \u00e0 20h30 &#8211; Halle \u00e9v\u00e8nementielle \u00e0 Redu<\/span><\/a><\/p>\n<div id=\"WRchTxt5-5ik\" class=\"s2\">\n<p>Tourn\u00e9e internationale \u2013 Fanfare dans la tradition des Rail Bands d\u2019Afrique de l\u2019Ouest<\/p>\n<p><a rel=\"fancybox[47]\" href=\"https:\/\/www.jeunessesmusicales.be\/luxembourgbelge\/wp-content\/uploads\/sites\/4\/2025\/10\/Harmonys-Brass-Band1b\u00a9HBB.jpg\" class=\"fancybox\"><img loading=\"lazy\" decoding=\"async\" class=\"size-medium wp-image-2034 alignleft\" src=\"https:\/\/www.jeunessesmusicales.be\/luxembourgbelge\/wp-content\/uploads\/sites\/4\/2025\/10\/Harmonys-Brass-Band1b\u00a9HBB-300x240.jpg\" alt=\"\" width=\"300\" height=\"240\" srcset=\"https:\/\/www.jeunessesmusicales.be\/luxembourgbelge\/wp-content\/uploads\/sites\/4\/2025\/10\/Harmonys-Brass-Band1b\u00a9HBB-300x240.jpg 300w, https:\/\/www.jeunessesmusicales.be\/luxembourgbelge\/wp-content\/uploads\/sites\/4\/2025\/10\/Harmonys-Brass-Band1b\u00a9HBB-1024x819.jpg 1024w, https:\/\/www.jeunessesmusicales.be\/luxembourgbelge\/wp-content\/uploads\/sites\/4\/2025\/10\/Harmonys-Brass-Band1b\u00a9HBB-768x614.jpg 768w, https:\/\/www.jeunessesmusicales.be\/luxembourgbelge\/wp-content\/uploads\/sites\/4\/2025\/10\/Harmonys-Brass-Band1b\u00a9HBB-1536x1229.jpg 1536w, https:\/\/www.jeunessesmusicales.be\/luxembourgbelge\/wp-content\/uploads\/sites\/4\/2025\/10\/Harmonys-Brass-Band1b\u00a9HBB-131x105.jpg 131w, https:\/\/www.jeunessesmusicales.be\/luxembourgbelge\/wp-content\/uploads\/sites\/4\/2025\/10\/Harmonys-Brass-Band1b\u00a9HBB.jpg 1920w\" sizes=\"auto, (max-width: 300px) 100vw, 300px\" \/><\/a>\u200b\u200b\u200b\u200bDans les ann\u00e9es 1970, au Mali, le l\u00e9gendaire Rail Band, l\u2019Orchestre du Buffet de la gare de Bamako, groupe mythique, au service des compagnies ferroviaires, r\u00e9volutionne la sc\u00e8ne musicale en fusionnant jazz, rythmes afro-cubains et sonorit\u00e9s mandingues.<\/p>\n<p>Depuis 2021, Harmony\u2019s Brass Band perp\u00e9tue cette tradition musicale en la faisant rayonner \u00e0 travers le monde. Pr\u00e9sents sur les sc\u00e8nes des festivals les plus prestigieux, ces musiciens restent fid\u00e8les aux chants et rythmes b\u00e9ninois, tout en int\u00e9grant des influences jazz et Nouvelle-Orl\u00e9ans.\u200b<\/p>\n<\/div>\n<p>En collaboration avec la maison de la culture de Marche-en-Famenne.<\/p>\n<div id=\"WRchTxt5-5ik\" class=\"s2\">\n<p class=\"font_8\"><strong style=\"font-size: 29px;\"><span style=\"color: #4f748f;\">D&rsquo;autres concerts publics \u00e0 venir&#8230;<\/span><\/strong><\/p>\n<\/div>\n<p><span style=\"color: #ef3740;\">KAZKABANE &#8211; Dimanche 12 Juillet 2026 de 9h \u00e0 17h &#8211; Festival musical familial au centre culturel d&rsquo;Izel<\/span><\/p>\n<p>Notre festival Kazkabane est d&rsquo;ores et d\u00e9j\u00e0 programm\u00e9 &#8211; Infos \u00e0 vernir<\/p>\n<p>&nbsp;<\/p>\n<p><strong>Retrouvez les artistes &amp; projets musicaux disponibles : <a href=\"https:\/\/jeunessesmusicales.be\/wp-content\/uploads\/2025\/04\/JM_Brochure_2025-2026.pdf\" target=\"_blank\" rel=\"noopener\">Brochure JM 25-26 consultable en ligne<\/a><\/strong><\/p>\n<p><a href=\"https:\/\/www.jeunessesmusicales.be\/luxembourgbelge\/contact\/\"><em>Contactez notre charg\u00e9e de diffusion pour <strong>programmer un concert<\/strong> en province de Luxembourg !<\/em><\/a><\/p>\n<h3><span style=\"color: #344149;\">Retrouvez \u00e9galement\u00a0<\/span><a href=\"https:\/\/www.jeunessesmusicales.be\/luxembourgbelge\/activites-a-lecole\/concerts-a-lecole\/\"><span style=\"color: #344149;\">nos <strong>concerts p\u00e9dagogiques <\/strong>organis\u00e9s dans les \u00e9coles de la province pour les <strong>enfants de maternelle, primaire et secondaire !<\/strong><\/span><\/a><\/h3>\n","protected":false},"excerpt":{"rendered":"<p>Les Jeunesses Musicales du Luxembourg belge, ce sont aussi des concerts publics durant toute l&rsquo;ann\u00e9e.\u00a0 Outre les divers partenariats culturels, &hellip; <a href=\"https:\/\/www.jeunessesmusicales.be\/luxembourgbelge\/activites-tous-publics\/concerts-publics\/\" class=\"more-link\">Continue reading <span class=\"screen-reader-text\">Concerts publics<\/span><\/a><\/p>\n","protected":false},"author":3,"featured_media":0,"parent":43,"menu_order":0,"comment_status":"closed","ping_status":"closed","template":"","meta":{"_acf_changed":false,"footnotes":""},"class_list":["post-47","page","type-page","status-publish","hentry"],"acf":[],"_links":{"self":[{"href":"https:\/\/www.jeunessesmusicales.be\/luxembourgbelge\/wp-json\/wp\/v2\/pages\/47","targetHints":{"allow":["GET"]}}],"collection":[{"href":"https:\/\/www.jeunessesmusicales.be\/luxembourgbelge\/wp-json\/wp\/v2\/pages"}],"about":[{"href":"https:\/\/www.jeunessesmusicales.be\/luxembourgbelge\/wp-json\/wp\/v2\/types\/page"}],"author":[{"embeddable":true,"href":"https:\/\/www.jeunessesmusicales.be\/luxembourgbelge\/wp-json\/wp\/v2\/users\/3"}],"replies":[{"embeddable":true,"href":"https:\/\/www.jeunessesmusicales.be\/luxembourgbelge\/wp-json\/wp\/v2\/comments?post=47"}],"version-history":[{"count":43,"href":"https:\/\/www.jeunessesmusicales.be\/luxembourgbelge\/wp-json\/wp\/v2\/pages\/47\/revisions"}],"predecessor-version":[{"id":2140,"href":"https:\/\/www.jeunessesmusicales.be\/luxembourgbelge\/wp-json\/wp\/v2\/pages\/47\/revisions\/2140"}],"up":[{"embeddable":true,"href":"https:\/\/www.jeunessesmusicales.be\/luxembourgbelge\/wp-json\/wp\/v2\/pages\/43"}],"wp:attachment":[{"href":"https:\/\/www.jeunessesmusicales.be\/luxembourgbelge\/wp-json\/wp\/v2\/media?parent=47"}],"curies":[{"name":"wp","href":"https:\/\/api.w.org\/{rel}","templated":true}]}}

<h3><span style="color: #ef3740;">Les Jeunesses Musicales du Luxembourg belge, ce sont aussi des <b>concerts publics </b>durant toute l&rsquo;année.</span><span style="color: #2d353a;"><span class="color_32"> </span></span></h3>
<p class="font_8"><span style="color: #2d353a;"><span class="color_32">Outre les divers partenariats culturels, nous proposons des concerts publics à travers la province du Luxembourg tout au long de l&rsquo;année&#8230;</span></span></p>
<p>&nbsp;</p>
<p><span style="color: #ef3740;"><a style="color: #ef3740;" href="https://www.ccbeaucanton.be/chomonmotion" target="_blank" rel="noopener">CHOMON-MOTION &#8211; Mardi 28 avril 2026 à 15h &#8211; Centre culturel de Chiny</a></span></p>
<p><strong>CINE-CONCERT/MARIMBA, PIANO ET PROJECTIONS &#8211; <em>Familles &#8211; de 3 à 12 ans</em></strong></p>
<p class="font_8 wixui-rich-text__text"><span class="color_37 wixui-rich-text__text"><span class="wixui-rich-text__text">Un duo à trois claviers : voilà de quoi réunir le piano, le marimba et le vibraphone<a rel="fancybox[47]" href="https://www.jeunessesmusicales.be/luxembourgbelge/wp-content/uploads/sites/4/2026/04/AFFICHE-CHOMON-MOTION.jpg" class="fancybox"><img loading="lazy" decoding="async" class="size-medium wp-image-2139 alignright" src="https://www.jeunessesmusicales.be/luxembourgbelge/wp-content/uploads/sites/4/2026/04/AFFICHE-CHOMON-MOTION-212x300.jpg" alt="" width="212" height="300" srcset="https://www.jeunessesmusicales.be/luxembourgbelge/wp-content/uploads/sites/4/2026/04/AFFICHE-CHOMON-MOTION-212x300.jpg 212w, https://www.jeunessesmusicales.be/luxembourgbelge/wp-content/uploads/sites/4/2026/04/AFFICHE-CHOMON-MOTION-724x1024.jpg 724w, https://www.jeunessesmusicales.be/luxembourgbelge/wp-content/uploads/sites/4/2026/04/AFFICHE-CHOMON-MOTION-768x1086.jpg 768w, https://www.jeunessesmusicales.be/luxembourgbelge/wp-content/uploads/sites/4/2026/04/AFFICHE-CHOMON-MOTION-1086x1536.jpg 1086w, https://www.jeunessesmusicales.be/luxembourgbelge/wp-content/uploads/sites/4/2026/04/AFFICHE-CHOMON-MOTION-74x105.jpg 74w, https://www.jeunessesmusicales.be/luxembourgbelge/wp-content/uploads/sites/4/2026/04/AFFICHE-CHOMON-MOTION.jpg 1358w" sizes="auto, (max-width: 212px) 100vw, 212px" /></a></span></span></p>
<p class="font_8 wixui-rich-text__text"><span class="color_37 wixui-rich-text__text"><span class="wixui-rich-text__text">Sous les mains expertes des musiciens, compositeurs et improvisateurs Pierre Quiriny et Jean Jadin.</span></span><span class="color_37 wixui-rich-text__text"><span class="wixui-rich-text__text">Ils « se lâchent » en improvisations musicales délirantes avec leur langage musical contemporain expérimental, qui convient parfaitement aux images tout aussi expérimentales du cinéaste Segundo de Chomón. </span></span></p>
<p class="font_8 wixui-rich-text__text"><span class="color_37 wixui-rich-text__text"><span class="wixui-rich-text__text">Le ciné-concert proposé par le duo tourne autour de ce pionnier du cinéma muet et d’animation, l’un des maîtres incontestés des premiers trucages cinématographiques et des débuts de la mise en couleurs des images animées.</span></span></p>
<p><span style="color: #ef3740;"><a style="color: #ef3740;" href="https://www.mcfa.be/agenda/effel-quartet/" target="_blank" rel="noopener">EFFEL QUARTET &#8211; Mercredi 13 mai 2026 à 20h30 &#8211; Eglise Saint-Etienne à Waha,</a></span></p>
<p><b>MUSIQUE CLASSIQUE / CONTEMPORAINE MÉLODIQUE</b></p>
<p data-start="86" data-end="332"><strong data-start="86" data-end="210">Fondé en septembre 2023 au Conservatoire Royal de Bruxelles, Effel est un quatuor international de saxophones classiques</strong>, nous invitant à découvrir un programme unique qui met en valeur la richesse rythmique et mélodique de ses instruments. Hommage aux différentes origines des membres — Pologne, Allemagne, Espagne et Hongrie — mais aussi au répertoire souvent méconnu écrit pour quatuor de saxophones, leur projet s’articule principalement autour de deux œuvres : une transcription de la <strong data-start="589" data-end="610">Suite Bergamasque</strong> de Claude Debussy et la <strong data-start="635" data-end="653">Suite Ciudades</strong> de Guillermo Largo, dont les six mouvements représentent chacun une ville du monde.<a rel="fancybox[47]" href="https://www.jeunessesmusicales.be/luxembourgbelge/wp-content/uploads/sites/4/2025/10/Effel-Quartet-1©Abel-Verheyden.jpeg" class="fancybox"><img loading="lazy" decoding="async" class=" wp-image-2035 aligncenter" src="https://www.jeunessesmusicales.be/luxembourgbelge/wp-content/uploads/sites/4/2025/10/Effel-Quartet-1©Abel-Verheyden-300x200.jpeg" alt="" width="518" height="345" srcset="https://www.jeunessesmusicales.be/luxembourgbelge/wp-content/uploads/sites/4/2025/10/Effel-Quartet-1©Abel-Verheyden-300x200.jpeg 300w, https://www.jeunessesmusicales.be/luxembourgbelge/wp-content/uploads/sites/4/2025/10/Effel-Quartet-1©Abel-Verheyden-1024x683.jpeg 1024w, https://www.jeunessesmusicales.be/luxembourgbelge/wp-content/uploads/sites/4/2025/10/Effel-Quartet-1©Abel-Verheyden-768x512.jpeg 768w, https://www.jeunessesmusicales.be/luxembourgbelge/wp-content/uploads/sites/4/2025/10/Effel-Quartet-1©Abel-Verheyden-1536x1024.jpeg 1536w, https://www.jeunessesmusicales.be/luxembourgbelge/wp-content/uploads/sites/4/2025/10/Effel-Quartet-1©Abel-Verheyden-150x100.jpeg 150w, https://www.jeunessesmusicales.be/luxembourgbelge/wp-content/uploads/sites/4/2025/10/Effel-Quartet-1©Abel-Verheyden.jpeg 1920w" sizes="auto, (max-width: 518px) 100vw, 518px" /></a></p>
<p>En collaboration avec la maison de la culture de Marche-en-Famenne.</p>
<p><a href="https://www.mcfa.be/agenda/harmonys-brass-band/" target="_blank" rel="noopener"><span style="color: #ef3740;">HARMONY&rsquo;S BRASS BAND &#8211; vendredi 22 mai 2026 à 20h30 &#8211; Halle évènementielle à Redu</span></a></p>
<div id="WRchTxt5-5ik" class="s2">
<p>Tournée internationale – Fanfare dans la tradition des Rail Bands d’Afrique de l’Ouest</p>
<p><a rel="fancybox[47]" href="https://www.jeunessesmusicales.be/luxembourgbelge/wp-content/uploads/sites/4/2025/10/Harmonys-Brass-Band1b©HBB.jpg" class="fancybox"><img loading="lazy" decoding="async" class="size-medium wp-image-2034 alignleft" src="https://www.jeunessesmusicales.be/luxembourgbelge/wp-content/uploads/sites/4/2025/10/Harmonys-Brass-Band1b©HBB-300x240.jpg" alt="" width="300" height="240" srcset="https://www.jeunessesmusicales.be/luxembourgbelge/wp-content/uploads/sites/4/2025/10/Harmonys-Brass-Band1b©HBB-300x240.jpg 300w, https://www.jeunessesmusicales.be/luxembourgbelge/wp-content/uploads/sites/4/2025/10/Harmonys-Brass-Band1b©HBB-1024x819.jpg 1024w, https://www.jeunessesmusicales.be/luxembourgbelge/wp-content/uploads/sites/4/2025/10/Harmonys-Brass-Band1b©HBB-768x614.jpg 768w, https://www.jeunessesmusicales.be/luxembourgbelge/wp-content/uploads/sites/4/2025/10/Harmonys-Brass-Band1b©HBB-1536x1229.jpg 1536w, https://www.jeunessesmusicales.be/luxembourgbelge/wp-content/uploads/sites/4/2025/10/Harmonys-Brass-Band1b©HBB-131x105.jpg 131w, https://www.jeunessesmusicales.be/luxembourgbelge/wp-content/uploads/sites/4/2025/10/Harmonys-Brass-Band1b©HBB.jpg 1920w" sizes="auto, (max-width: 300px) 100vw, 300px" /></a>​​​​Dans les années 1970, au Mali, le légendaire Rail Band, l’Orchestre du Buffet de la gare de Bamako, groupe mythique, au service des compagnies ferroviaires, révolutionne la scène musicale en fusionnant jazz, rythmes afro-cubains et sonorités mandingues.</p>
<p>Depuis 2021, Harmony’s Brass Band perpétue cette tradition musicale en la faisant rayonner à travers le monde. Présents sur les scènes des festivals les plus prestigieux, ces musiciens restent fidèles aux chants et rythmes béninois, tout en intégrant des influences jazz et Nouvelle-Orléans.​</p>
</div>
<p>En collaboration avec la maison de la culture de Marche-en-Famenne.</p>
<div id="WRchTxt5-5ik" class="s2">
<p class="font_8"><strong style="font-size: 29px;"><span style="color: #4f748f;">D&rsquo;autres concerts publics à venir&#8230;</span></strong></p>
</div>
<p><span style="color: #ef3740;">KAZKABANE &#8211; Dimanche 12 Juillet 2026 de 9h à 17h &#8211; Festival musical familial au centre culturel d&rsquo;Izel</span></p>
<p>Notre festival Kazkabane est d&rsquo;ores et déjà programmé &#8211; Infos à vernir</p>
<p>&nbsp;</p>
<p><strong>Retrouvez les artistes &amp; projets musicaux disponibles : <a href="https://jeunessesmusicales.be/wp-content/uploads/2025/04/JM_Brochure_2025-2026.pdf" target="_blank" rel="noopener">Brochure JM 25-26 consultable en ligne</a></strong></p>
<p><a href="https://www.jeunessesmusicales.be/luxembourgbelge/contact/"><em>Contactez notre chargée de diffusion pour <strong>programmer un concert</strong> en province de Luxembourg !</em></a></p>
<h3><span style="color: #344149;">Retrouvez également </span><a href="https://www.jeunessesmusicales.be/luxembourgbelge/activites-a-lecole/concerts-a-lecole/"><span style="color: #344149;">nos <strong>concerts pédagogiques </strong>organisés dans les écoles de la province pour les <strong>enfants de maternelle, primaire et secondaire !</strong></span></a></h3>

<p>Les Jeunesses Musicales du Luxembourg belge, ce sont aussi des concerts publics durant toute l&rsquo;année.  Outre les divers partenariats culturels, &hellip; <a href="https://www.jeunessesmusicales.be/luxembourgbelge/activites-tous-publics/concerts-publics/" class="more-link">Continue reading <span class="screen-reader-text">Concerts publics</span></a></p>
