{"id":49,"date":"2015-11-03T14:12:23","date_gmt":"2015-11-03T13:12:23","guid":{"rendered":"http:\/\/www.jeunessesmusicales.be\/luxembourgbelge\/?page_id=49"},"modified":"2026-03-23T13:29:44","modified_gmt":"2026-03-23T12:29:44","slug":"stages","status":"publish","type":"page","link":"https:\/\/www.jeunessesmusicales.be\/luxembourgbelge\/activites-tous-publics\/stages\/","title":{"rendered":"Stages &#038; ateliers extrascolaires"},"content":{"rendered":"<h3><span style=\"color: #ef3740;\">Les Jeunesses Musicales du Luxembourg belge organisent \u00e9galement des <strong>ateliers extrascolaires et stages<\/strong> durant les vacances scolaires \u00e0 destination des <strong>enfants et adolescents<\/strong>.<\/span><span style=\"color: #2d353a;\"><span class=\"color_32\">\u00a0<\/span><\/span><\/h3>\n<p class=\"font_8\"><span style=\"color: #2d353a;\"><span class=\"color_32\">Outre les nombreux partenariats (avec les centre culturels not.) qui am\u00e8nent nos animateur.ice.s \u00e0 proposer de l&rsquo;\u00e9veil et de l&rsquo;animation musicale \u00e0 travers la province du Luxembourg&#8230; vous pouvez retrouver ici une <strong>liste non exhaustive<\/strong> des ateliers extrascolaires et stages que nous proposons <strong>prochainement<\/strong>.<\/span><\/span><\/p>\n<p><span style=\"color: #ef3740;\"><em>Revenez sur cette page au cours de l&rsquo;ann\u00e9e et suivez-nous sur les r\u00e9seaux sociaux pour \u00eatre inform\u00e9.e.s des diff\u00e9rentes offres de stages et d&rsquo;ateliers !<\/em><\/span><\/p>\n<h4><strong>Arlon &#8211; Stage \u00ab\u00a0Musique et arts plastiques\u00a0\u00bb du lundi 27 au jeudi 30 avril 2026 avec la collaboration de la Maison de la Culture d&rsquo;Arlon.<\/strong><\/h4>\n<p>&nbsp;<\/p>\n<p><a rel=\"fancybox[49]\" href=\"https:\/\/www.jeunessesmusicales.be\/luxembourgbelge\/wp-content\/uploads\/sites\/4\/2026\/03\/Capture-decran-2026-03-05-101838.png\" class=\"fancybox\"><img loading=\"lazy\" decoding=\"async\" class=\"size-medium wp-image-2121 alignleft\" src=\"https:\/\/www.jeunessesmusicales.be\/luxembourgbelge\/wp-content\/uploads\/sites\/4\/2026\/03\/Capture-decran-2026-03-05-101838-300x300.png\" alt=\"\" width=\"300\" height=\"300\" srcset=\"https:\/\/www.jeunessesmusicales.be\/luxembourgbelge\/wp-content\/uploads\/sites\/4\/2026\/03\/Capture-decran-2026-03-05-101838-300x300.png 300w, https:\/\/www.jeunessesmusicales.be\/luxembourgbelge\/wp-content\/uploads\/sites\/4\/2026\/03\/Capture-decran-2026-03-05-101838-150x150.png 150w, https:\/\/www.jeunessesmusicales.be\/luxembourgbelge\/wp-content\/uploads\/sites\/4\/2026\/03\/Capture-decran-2026-03-05-101838-105x105.png 105w, https:\/\/www.jeunessesmusicales.be\/luxembourgbelge\/wp-content\/uploads\/sites\/4\/2026\/03\/Capture-decran-2026-03-05-101838-200x200.png 200w, https:\/\/www.jeunessesmusicales.be\/luxembourgbelge\/wp-content\/uploads\/sites\/4\/2026\/03\/Capture-decran-2026-03-05-101838.png 373w\" sizes=\"auto, (max-width: 300px) 100vw, 300px\" \/><\/a><\/p>\n<p><strong>De 8 \u00e0 12 ans<\/strong><\/p>\n<p><strong>Avec Lionel Brack<\/strong><\/p>\n<p><strong>Prix : 115 \u20ac<\/strong><\/p>\n<p>Horaire : 9h-16h. Garderie accessible \u00e0 partir de 8h et jusque 17h30.<\/p>\n<p>Stage\u00a0cr\u00e9atif anim\u00e9 par Lionel Brack, musicien des Jeunesses Musicales du Luxembourg belge. Une semaine ludique autour de la musique, de l\u2019\u00e9coute, de l\u2019expression musicale et des arts plastiques o\u00f9 l\u2019animateur s\u2019adaptera \u00e0 l\u2019\u00e2ge et \u00e0 la personnalit\u00e9 des enfants.<\/p>\n<p>Gr\u00e2ce au chant, au rythme, au mouvement et \u00e0 la danse, \u00e0 l\u2019\u00e9coute, aux d\u00e9couvertes vivantes des instruments et plus globalement \u00e0 tout ce qui se rapporte \u00e0 l\u2019expression artistique, les enfants vivront une semaine qui stimulera leur cr\u00e9ativit\u00e9 et leur imagination ! Pr\u00e9voir pique-nique de midi et collations.<\/p>\n<p><a href=\"https:\/\/maison-culture-arlon.be\/stages\/\">Infos et inscription au stage<\/a><\/p>\n<p>&nbsp;<\/p>\n<h4><strong>Stage \u00ab\u00a0Kids Against The Machine\u00a0\u00bb du 06 au 11 juillet 2026 au Centre Culturel d&rsquo;Izel:<\/strong><\/h4>\n<h3><span style=\"color: #ef3740;\"><em><strong>\u00ab\u00a0GOD SAVE THE KIDS\u00a0\u00bb<\/strong><\/em><\/span><\/h3>\n<p>Cet \u00e9t\u00e9, vos enfants embarquent pour <strong>un voyage musical et artistique en Angleterre<\/strong>\u2026 sans quitter Izel !<\/p>\n<p><img loading=\"lazy\" decoding=\"async\" class=\"an1\" draggable=\"false\" src=\"https:\/\/fonts.gstatic.com\/s\/e\/notoemoji\/17.0\/1f4c5\/72.png\" alt=\"\" width=\"37\" height=\"37\" data-emoji=\"\" aria-label=\"\" \/> <strong>Quand :<\/strong> 7-11 juillet 2026<br \/>\n<img loading=\"lazy\" decoding=\"async\" class=\"an1\" draggable=\"false\" src=\"https:\/\/fonts.gstatic.com\/s\/e\/notoemoji\/17.0\/1f4cd\/72.png\" alt=\"\" width=\"37\" height=\"37\" data-emoji=\"\" aria-label=\"\" \/> <strong>O\u00f9 :<\/strong> Centre culturel de Izel, avenue Germain Gilson, 48, 6810 Chiny<br \/>\n<img loading=\"lazy\" decoding=\"async\" class=\"an1\" draggable=\"false\" src=\"https:\/\/fonts.gstatic.com\/s\/e\/notoemoji\/17.0\/1f558\/72.png\" alt=\"\" width=\"35\" height=\"35\" data-emoji=\"\" aria-label=\"\" \/> <strong>Horaires :<\/strong> 9h-16h (garderie 8h-17h)<br \/>\n<img loading=\"lazy\" decoding=\"async\" class=\"an1\" draggable=\"false\" src=\"https:\/\/fonts.gstatic.com\/s\/e\/notoemoji\/17.0\/1f466\/72.png\" alt=\"\" width=\"41\" height=\"41\" data-emoji=\"\" aria-label=\"\" \/><img loading=\"lazy\" decoding=\"async\" class=\"an1\" draggable=\"false\" src=\"https:\/\/fonts.gstatic.com\/s\/e\/notoemoji\/17.0\/1f467\/72.png\" alt=\"\" width=\"40\" height=\"40\" data-emoji=\"\" aria-label=\"\" \/> <strong>Pour les 5-14 ans<\/strong><a rel=\"fancybox[49]\" href=\"https:\/\/www.jeunessesmusicales.be\/luxembourgbelge\/wp-content\/uploads\/sites\/4\/2026\/03\/KATM-26-god-save-the-kids-IA.jpg\" class=\"fancybox\"><br \/>\n<\/a><\/p>\n<p>Au programme :<\/p>\n<ul>\n<li>Explorer la musique anglaise de tous les temps :\u00a0<img loading=\"lazy\" decoding=\"async\" class=\"an1\" draggable=\"false\" src=\"https:\/\/fonts.gstatic.com\/s\/e\/notoemoji\/17.0\/1f3b8\/72.png\" alt=\"\" width=\"41\" height=\"41\" data-emoji=\"\" aria-label=\"\" \/>Ce stage permettra aux enfants de d\u00e9couvrir la richesse des sc\u00e8nes anglaises, de la pop contagieuse des ann\u00e9es 60 \u00e0 la britpop des ann\u00e9es 90, &#8230; Et si ce petit pays avait vraiment chang\u00e9 la musique du monde ? Audace, m\u00e9lodie, innovation et identit\u00e9 seront nos mots d\u2019ordre pour explorer cet univers unique<\/li>\n<li>Cr\u00e9er et inventer en atelier artistique : cabines t\u00e9l\u00e9phoniques, Union Jack, univers de Banksy, personnages imaginaires\u2026 <img loading=\"lazy\" decoding=\"async\" class=\"an1\" draggable=\"false\" src=\"https:\/\/fonts.gstatic.com\/s\/e\/notoemoji\/17.0\/1f3a8\/72.png\" alt=\"\" width=\"37\" height=\"37\" data-emoji=\"\" aria-label=\"\" \/><\/li>\n<li>D\u00e9couvrir l\u2019histoire et la culture qui ont chang\u00e9 la musique pour toujours <img loading=\"lazy\" decoding=\"async\" class=\"an1\" draggable=\"false\" src=\"https:\/\/fonts.gstatic.com\/s\/e\/notoemoji\/17.0\/1f30d\/72.png\" alt=\"\" width=\"40\" height=\"40\" data-emoji=\"\" aria-label=\"\" \/><\/li>\n<\/ul>\n<p><img loading=\"lazy\" decoding=\"async\" class=\"an1\" draggable=\"false\" src=\"https:\/\/fonts.gstatic.com\/s\/e\/notoemoji\/17.0\/1f4b0\/72.png\" alt=\"\" width=\"42\" height=\"42\" data-emoji=\"\" aria-label=\"\" \/> <strong>Tarifs :<\/strong> 130\u20ac\/enfant | 110\u20ac d\u00e8s le 2e<\/p>\n<p><img loading=\"lazy\" decoding=\"async\" class=\"an1\" draggable=\"false\" src=\"https:\/\/fonts.gstatic.com\/s\/e\/notoemoji\/17.0\/1f3b6\/72.png\" alt=\"\" width=\"38\" height=\"38\" data-emoji=\"\" aria-label=\"\" \/> <strong>Cl\u00f4ture en beaut\u00e9 :<\/strong> le samedi 11 juillet, vos artistes pr\u00e9senteront leurs cr\u00e9ations sur sc\u00e8ne lors du <strong>festival familial KazKabane<\/strong>.<\/p>\n<ul>\n<li>2 entr\u00e9es offertes par famille pour le concert<\/li>\n<li>Acc\u00e8s en avant-premi\u00e8re \u00e0 la billetterie du festival<\/li>\n<\/ul>\n<p><img loading=\"lazy\" decoding=\"async\" class=\"an1\" draggable=\"false\" src=\"https:\/\/fonts.gstatic.com\/s\/e\/notoemoji\/17.0\/1f4cc\/72.png\" alt=\"\" width=\"37\" height=\"37\" data-emoji=\"\" aria-label=\"\" \/> <strong>Inscription :<\/strong> un formulaire par enfant <a href=\"https:\/\/forms.gle\/hRCp6saUQGytgKcs6\" target=\"_blank\" rel=\"noopener\" data-saferedirecturl=\"https:\/\/www.google.com\/url?q=https:\/\/forms.gle\/hRCp6saUQGytgKcs6&amp;source=gmail&amp;ust=1774097630565000&amp;usg=AOvVaw0rzcdY0H1v-xy5MuWorn0B\">CLIQUEZ ICI<\/a><\/p>\n<p>Pour toute question : <strong><a rel=\"noopener\">jmlb@jeunessesmusicales.be<\/a><\/strong><\/p>\n<p>Pr\u00eats pour une semaine de sons, couleurs et cr\u00e9ativit\u00e9 ?<\/p>\n<h2><strong><span style=\"color: #ef3740;\">Ateliers extrascolaires<\/span><\/strong><\/h2>\n<h3><span style=\"color: #2d353a;\"><strong>Bellefontaine &#8211; La Chanterie &#8211; ateliers 2025-2026<\/strong><\/span><\/h3>\n<div id=\"WRchTxt5-5ik\" class=\"s2\">\n<p class=\"font_8\"><span style=\"color: #2d353a;\"><span class=\"color_32\">Les mercredis apr\u00e8s-midi de l&rsquo;ann\u00e9e scolaire 2024-2025 &#8211; \u00c9cole communale de <strong>Bellefontaine<\/strong><br \/>\n<b>Atelier <\/b>extrascolaire d&rsquo;\u00e9veil musical &#8211; <strong>Enfants d\u00e8s 1\u00e8re maternelle<br \/>\n<\/strong><\/span><\/span><span style=\"color: #ef3740;\"><span class=\"color_32\"><strong>Inscriptions ouvertes &#8211; <\/strong><\/span><span class=\"color_32\"><strong>Rentr\u00e9e d\u00e8s ce mercredi 10 septembre\u00a0<\/strong><\/span><\/span><span style=\"color: #2d353a;\"><span class=\"color_32\"><strong><br \/>\n<\/strong><\/span><\/span><\/p>\n<p class=\"font_8\"><a href=\"https:\/\/www.jeunessesmusicales.be\/luxembourgbelge\/activites-tous-publics\/chanterie\/\" target=\"_blank\" rel=\"noopener\">infos et inscription La Chanterie<\/a><\/p>\n<\/div>\n<h3><strong>Bastogne \u2013 Saperlipapote \u2013 2025-2026<\/strong><\/h3>\n<p>La Saperlipapote se situe en plein centre ville, dans les locaux de la consultation ONE de\u00a0<strong>Bastogne<\/strong>. Qu\u2019est-ce qu\u2019on y fait? Pour l\u2019enfant: Je peux y rencontrer d\u2019autres enfants, m\u2019\u00e9veiller \u00e0 la musique, aux livres, \u00e0 la psychomotricit\u00e9, c\u00f4toyer d\u2019autres personnes que mes proches. Pour l\u2019adulte: Faire une pause dans le quotidien, observer et jouer avec son enfant, papoter, \u00e9changer nos exp\u00e9riences. Pour les deux: Un moment d\u2019\u00e9veil musical o\u00f9 l\u2019on chante, on danse, on joue des instruments,\u2026 avec un animateur des Jeunesses Musicales (un atelier d\u2019\u00e9veil musical est propos\u00e9 \u00e0 chaque fin de rencontre).<\/p>\n<p><a href=\"https:\/\/my.one.be\/lieu-de-rencontre\/12664170\">Infos<\/a><\/p>\n<div id=\"WRchTxt5-5ik\" class=\"s2\">\n<h3><strong>Bertogne \u2013 Matins C\u00e2lins \u2013 2025-2026<\/strong><\/h3>\n<\/div>\n<div id=\"WRchTxt5-5ik\" class=\"s2\">\n<p>Pour les petits de moins de 3 ans, accompagn\u00e9s de papa, maman, papy, mamy, marraine, tonton\u2026<\/p>\n<ul>\n<li>Pour l\u2019enfant : rencontrer des copains, s\u2019\u00e9veiller \u00e0 la musique, aux livres, \u00e0 la psychomotricit\u00e9,\u2026<\/li>\n<li>Pour l\u2019adulte : faire une pause dans le quotidien, observer et jouer avec ses enfants, papoter, \u00e9changer,\u2026<\/li>\n<\/ul>\n<p>Moments de chants, de danse, de lecture, de psychomotricit\u00e9 avec un animateur (Jeunesses Musicales, PEP\u2019S, biblioth\u00e9caire,\u2026)<\/p>\n<p><a href=\"https:\/\/www.bastogne.be\/agenda\/matins-calins?u=b5c709b03e1a46b2938e11520c107a9c\">infos<\/a><\/p>\n<\/div>\n<div id=\"WRchTxt5-5ik\" class=\"s2\"><\/div>\n<div id=\"WRchTxt5-5ik\" class=\"s2\">\n<p>&nbsp;<\/p>\n<\/div>\n<h3>Int\u00e9ress\u00e9.e par un atelier d&rsquo;\u00e9veil ou d&rsquo;expression musicale dans votre centre culturel, votre centre d&rsquo;expression et de cr\u00e9ativit\u00e9, votre \u00e9cole&#8230; ? <a href=\"https:\/\/www.jeunessesmusicales.be\/luxembourgbelge\/activites-a-lecole\/ateliers-a-lecole\/\"><strong>Jetez un \u0153il \u00e0 nos propositions et contactez-nous !<\/strong><\/a><\/h3>\n<h3><a href=\"https:\/\/www.jeunessesmusicales.be\/luxembourgbelge\/activites-a-lecole\/ateliers-a-lecole\/\"><em>Retrouvez \u00e9galement nos cycles d&rsquo;\u00e9veil musical dans les \u00e9coles, cr\u00e8ches, etc.<\/em><\/a><\/h3>\n","protected":false},"excerpt":{"rendered":"<p>Les Jeunesses Musicales du Luxembourg belge organisent \u00e9galement des ateliers extrascolaires et stages durant les vacances scolaires \u00e0 destination des &hellip; <a href=\"https:\/\/www.jeunessesmusicales.be\/luxembourgbelge\/activites-tous-publics\/stages\/\" class=\"more-link\">Continue reading <span class=\"screen-reader-text\">Stages &#038; ateliers extrascolaires<\/span><\/a><\/p>\n","protected":false},"author":3,"featured_media":1659,"parent":43,"menu_order":0,"comment_status":"closed","ping_status":"closed","template":"","meta":{"_acf_changed":false,"footnotes":""},"class_list":["post-49","page","type-page","status-publish","has-post-thumbnail","hentry"],"acf":[],"_links":{"self":[{"href":"https:\/\/www.jeunessesmusicales.be\/luxembourgbelge\/wp-json\/wp\/v2\/pages\/49","targetHints":{"allow":["GET"]}}],"collection":[{"href":"https:\/\/www.jeunessesmusicales.be\/luxembourgbelge\/wp-json\/wp\/v2\/pages"}],"about":[{"href":"https:\/\/www.jeunessesmusicales.be\/luxembourgbelge\/wp-json\/wp\/v2\/types\/page"}],"author":[{"embeddable":true,"href":"https:\/\/www.jeunessesmusicales.be\/luxembourgbelge\/wp-json\/wp\/v2\/users\/3"}],"replies":[{"embeddable":true,"href":"https:\/\/www.jeunessesmusicales.be\/luxembourgbelge\/wp-json\/wp\/v2\/comments?post=49"}],"version-history":[{"count":81,"href":"https:\/\/www.jeunessesmusicales.be\/luxembourgbelge\/wp-json\/wp\/v2\/pages\/49\/revisions"}],"predecessor-version":[{"id":2137,"href":"https:\/\/www.jeunessesmusicales.be\/luxembourgbelge\/wp-json\/wp\/v2\/pages\/49\/revisions\/2137"}],"up":[{"embeddable":true,"href":"https:\/\/www.jeunessesmusicales.be\/luxembourgbelge\/wp-json\/wp\/v2\/pages\/43"}],"wp:featuredmedia":[{"embeddable":true,"href":"https:\/\/www.jeunessesmusicales.be\/luxembourgbelge\/wp-json\/wp\/v2\/media\/1659"}],"wp:attachment":[{"href":"https:\/\/www.jeunessesmusicales.be\/luxembourgbelge\/wp-json\/wp\/v2\/media?parent=49"}],"curies":[{"name":"wp","href":"https:\/\/api.w.org\/{rel}","templated":true}]}}