{"id":2,"date":"2015-09-28T07:55:43","date_gmt":"2015-09-28T06:55:43","guid":{"rendered":"http:\/\/www.jeunessesmusicales.be\/monsborinage\/?page_id=2"},"modified":"2026-04-30T09:54:40","modified_gmt":"2026-04-30T07:54:40","slug":"page-d-exemple","status":"publish","type":"page","link":"https:\/\/www.jeunessesmusicales.be\/monsborinage\/","title":{"rendered":"Accueil"},"content":{"rendered":"<div class=\"o9v6fnle cxmmr5t8 oygrvhab hcukyx3x c1et5uql ii04i59q\">\n<div dir=\"auto\"><\/div>\n<\/div>\n<h5 style=\"text-align: center;\"><span style=\"font-size: 35px;\">Bienvenue sur le site des Jeunesses Musicales de Mons-Borinage !<\/span><\/h5>\n<div dir=\"auto\">\n<p style=\"text-align: center;\"><iframe loading=\"lazy\" title=\"Les JM Wallonie-Bruxelles, c&#039;est quoi ?\" width=\"500\" height=\"281\" src=\"https:\/\/www.youtube.com\/embed\/DIRSChMqp1M?feature=oembed&#038;enablejsapi=1&#038;origin=https:\/\/www.jeunessesmusicales.be\" frameborder=\"0\" allow=\"accelerometer; autoplay; clipboard-write; encrypted-media; gyroscope; picture-in-picture; web-share\" referrerpolicy=\"strict-origin-when-cross-origin\" allowfullscreen><\/iframe><\/p>\n<div class=\"kvgmc6g5 cxmmr5t8 oygrvhab hcukyx3x c1et5uql ii04i59q\"><\/div>\n<div class=\"kvgmc6g5 cxmmr5t8 oygrvhab hcukyx3x c1et5uql ii04i59q\">\n<div dir=\"auto\">\n<div><\/div>\n<\/div>\n<\/div>\n<\/div>\n<div class=\"text_exposed_show\">\n<div dir=\"auto\">\n<p style=\"text-align: center;\">Vous y retrouverez toutes les informations que vous recherchez et bien plus encore\u2026<\/p>\n<p style=\"text-align: center;\">Pour les directeurs, accueillants et enseignants: vous trouverez dans ces pages la panoplie d\u2019activit\u00e9s qui peuvent prendre place dans votre \u00e9tablissement: <strong><a href=\"https:\/\/www.jeunessesmusicales.be\/monsborinage\/ateliers-a-lecole\/\">Eveil musical,\u00a0ateliers th\u00e9matiques<\/a>,\u00a0<a href=\"https:\/\/www.jeunessesmusicales.be\/monsborinage\/concerts-a-lecole\/\">concerts \u00e0 l\u2019\u00e9cole<\/a> et <a href=\"https:\/\/www.jeunessesmusicales.be\/monsborinage\/les-journees-j-m\/\">Journ\u00e9es JM<\/a><\/strong>\u00a0font partie de l\u2019\u00e9ventail propos\u00e9 mais non exhaustif.<\/p>\n<p style=\"text-align: center;\">Pour les parents qui cherchent une activit\u00e9 extrascolaire: vous pourrez \u00e9galement d\u00e9couvrir nos <a href=\"https:\/\/www.jeunessesmusicales.be\/monsborinage\/ateliers-extrascolaires\/\"><strong>ateliers extrascolaires<\/strong><\/a> durant l&rsquo;ann\u00e9e et <a href=\"https:\/\/www.jeunessesmusicales.be\/monsborinage\/stages-saison-2026\/\"><strong>nos stages<\/strong><\/a>\u00a0pendant les vacances scolaires.<\/p>\n<h1 style=\"text-align: center;\"><strong><span style=\"color: #2df78f;\">NOTRE CALENDRIER<a href=\"https:\/\/www.jeunessesmusicales.be\/monsborinage\/wp-content\/uploads\/sites\/3\/2026\/02\/illustration-fleche-isolee_23-2151904221.avif\"><img loading=\"lazy\" decoding=\"async\" class=\"alignnone wp-image-3731\" src=\"https:\/\/www.jeunessesmusicales.be\/monsborinage\/wp-content\/uploads\/sites\/3\/2026\/02\/illustration-fleche-isolee_23-2151904221.avif\" alt=\"\" width=\"81\" height=\"81\" srcset=\"https:\/\/www.jeunessesmusicales.be\/monsborinage\/wp-content\/uploads\/sites\/3\/2026\/02\/illustration-fleche-isolee_23-2151904221.avif 740w, https:\/\/www.jeunessesmusicales.be\/monsborinage\/wp-content\/uploads\/sites\/3\/2026\/02\/illustration-fleche-isolee_23-2151904221-300x300.jpg 300w, https:\/\/www.jeunessesmusicales.be\/monsborinage\/wp-content\/uploads\/sites\/3\/2026\/02\/illustration-fleche-isolee_23-2151904221-150x150.jpg 150w, https:\/\/www.jeunessesmusicales.be\/monsborinage\/wp-content\/uploads\/sites\/3\/2026\/02\/illustration-fleche-isolee_23-2151904221-105x105.jpg 105w, https:\/\/www.jeunessesmusicales.be\/monsborinage\/wp-content\/uploads\/sites\/3\/2026\/02\/illustration-fleche-isolee_23-2151904221-200x200.jpg 200w\" sizes=\"auto, (max-width: 81px) 100vw, 81px\" \/><\/a><\/span><\/strong><\/h1>\n<p><a rel=\"fancybox[2]\" href=\"https:\/\/www.jeunessesmusicales.be\/monsborinage\/wp-content\/uploads\/sites\/3\/2026\/04\/Calendrier-Mai-2026.png\" class=\"fancybox\"><img loading=\"lazy\" decoding=\"async\" class=\"wp-image-3879 aligncenter\" src=\"https:\/\/www.jeunessesmusicales.be\/monsborinage\/wp-content\/uploads\/sites\/3\/2026\/04\/Calendrier-Mai-2026.png\" alt=\"\" width=\"1076\" height=\"761\" srcset=\"https:\/\/www.jeunessesmusicales.be\/monsborinage\/wp-content\/uploads\/sites\/3\/2026\/04\/Calendrier-Mai-2026.png 2000w, https:\/\/www.jeunessesmusicales.be\/monsborinage\/wp-content\/uploads\/sites\/3\/2026\/04\/Calendrier-Mai-2026-300x212.png 300w, https:\/\/www.jeunessesmusicales.be\/monsborinage\/wp-content\/uploads\/sites\/3\/2026\/04\/Calendrier-Mai-2026-1024x724.png 1024w, https:\/\/www.jeunessesmusicales.be\/monsborinage\/wp-content\/uploads\/sites\/3\/2026\/04\/Calendrier-Mai-2026-768x543.png 768w, https:\/\/www.jeunessesmusicales.be\/monsborinage\/wp-content\/uploads\/sites\/3\/2026\/04\/Calendrier-Mai-2026-1536x1086.png 1536w, https:\/\/www.jeunessesmusicales.be\/monsborinage\/wp-content\/uploads\/sites\/3\/2026\/04\/Calendrier-Mai-2026-150x105.png 150w\" sizes=\"auto, (max-width: 1076px) 100vw, 1076px\" \/><\/a><br \/>\n<a rel=\"fancybox[2]\" href=\"https:\/\/www.jeunessesmusicales.be\/monsborinage\/wp-content\/uploads\/sites\/3\/2025\/09\/1.png\" class=\"fancybox\"><img loading=\"lazy\" decoding=\"async\" class=\" wp-image-3534 aligncenter\" src=\"https:\/\/www.jeunessesmusicales.be\/monsborinage\/wp-content\/uploads\/sites\/3\/2025\/09\/1.png\" alt=\"\" width=\"1010\" height=\"374\" srcset=\"https:\/\/www.jeunessesmusicales.be\/monsborinage\/wp-content\/uploads\/sites\/3\/2025\/09\/1.png 851w, https:\/\/www.jeunessesmusicales.be\/monsborinage\/wp-content\/uploads\/sites\/3\/2025\/09\/1-300x111.png 300w, https:\/\/www.jeunessesmusicales.be\/monsborinage\/wp-content\/uploads\/sites\/3\/2025\/09\/1-768x284.png 768w, https:\/\/www.jeunessesmusicales.be\/monsborinage\/wp-content\/uploads\/sites\/3\/2025\/09\/1-150x56.png 150w\" sizes=\"auto, (max-width: 1010px) 100vw, 1010px\" \/><\/a><\/p>\n<\/div>\n<div class=\"o9v6fnle cxmmr5t8 oygrvhab hcukyx3x c1et5uql ii04i59q\">\n<h4 dir=\"auto\"><\/h4>\n<\/div>\n<\/div>\n<p><strong>\u00a0\u00a0\u00a0\u00a0<\/strong><\/p>\n","protected":false},"excerpt":{"rendered":"<p>Bienvenue sur le site des Jeunesses Musicales de Mons-Borinage ! Vous y retrouverez toutes les informations que vous recherchez et &hellip; <a href=\"https:\/\/www.jeunessesmusicales.be\/monsborinage\/\" class=\"more-link\">Continue reading <span class=\"screen-reader-text\">Accueil<\/span><\/a><\/p>\n","protected":false},"author":1,"featured_media":0,"parent":0,"menu_order":0,"comment_status":"closed","ping_status":"closed","template":"","meta":{"_acf_changed":false,"footnotes":""},"class_list":["post-2","page","type-page","status-publish","hentry"],"acf":[],"_links":{"self":[{"href":"https:\/\/www.jeunessesmusicales.be\/monsborinage\/wp-json\/wp\/v2\/pages\/2","targetHints":{"allow":["GET"]}}],"collection":[{"href":"https:\/\/www.jeunessesmusicales.be\/monsborinage\/wp-json\/wp\/v2\/pages"}],"about":[{"href":"https:\/\/www.jeunessesmusicales.be\/monsborinage\/wp-json\/wp\/v2\/types\/page"}],"author":[{"embeddable":true,"href":"https:\/\/www.jeunessesmusicales.be\/monsborinage\/wp-json\/wp\/v2\/users\/1"}],"replies":[{"embeddable":true,"href":"https:\/\/www.jeunessesmusicales.be\/monsborinage\/wp-json\/wp\/v2\/comments?post=2"}],"version-history":[{"count":71,"href":"https:\/\/www.jeunessesmusicales.be\/monsborinage\/wp-json\/wp\/v2\/pages\/2\/revisions"}],"predecessor-version":[{"id":3881,"href":"https:\/\/www.jeunessesmusicales.be\/monsborinage\/wp-json\/wp\/v2\/pages\/2\/revisions\/3881"}],"wp:attachment":[{"href":"https:\/\/www.jeunessesmusicales.be\/monsborinage\/wp-json\/wp\/v2\/media?parent=2"}],"curies":[{"name":"wp","href":"https:\/\/api.w.org\/{rel}","templated":true}]}}