{"id":34,"date":"2015-11-03T13:41:26","date_gmt":"2015-11-03T12:41:26","guid":{"rendered":"http:\/\/www.jeunessesmusicales.be\/monsborinage\/?page_id=34"},"modified":"2026-05-04T15:27:25","modified_gmt":"2026-05-04T13:27:25","slug":"ateliers-a-lecole","status":"publish","type":"page","link":"https:\/\/www.jeunessesmusicales.be\/monsborinage\/ateliers-a-lecole\/","title":{"rendered":"Ateliers \u00e0 l&rsquo;\u00e9cole ou ailleurs"},"content":{"rendered":"<p><a rel=\"fancybox[34]\" href=\"https:\/\/www.jeunessesmusicales.be\/monsborinage\/wp-content\/uploads\/sites\/3\/2025\/03\/Nos-ateliers-deveil-musical-seront-de-retour-pour-la-prochaine-rentree-scolaire-Photoroom.png\" class=\"fancybox\"> <img loading=\"lazy\" decoding=\"async\" class=\"alignnone size-full wp-image-3325\" src=\"https:\/\/www.jeunessesmusicales.be\/monsborinage\/wp-content\/uploads\/sites\/3\/2025\/03\/Nos-ateliers-deveil-musical-seront-de-retour-pour-la-prochaine-rentree-scolaire-Photoroom.png\" alt=\"\" width=\"1280\" height=\"904\" srcset=\"https:\/\/www.jeunessesmusicales.be\/monsborinage\/wp-content\/uploads\/sites\/3\/2025\/03\/Nos-ateliers-deveil-musical-seront-de-retour-pour-la-prochaine-rentree-scolaire-Photoroom.png 1280w, https:\/\/www.jeunessesmusicales.be\/monsborinage\/wp-content\/uploads\/sites\/3\/2025\/03\/Nos-ateliers-deveil-musical-seront-de-retour-pour-la-prochaine-rentree-scolaire-Photoroom-300x212.png 300w, https:\/\/www.jeunessesmusicales.be\/monsborinage\/wp-content\/uploads\/sites\/3\/2025\/03\/Nos-ateliers-deveil-musical-seront-de-retour-pour-la-prochaine-rentree-scolaire-Photoroom-1024x723.png 1024w, https:\/\/www.jeunessesmusicales.be\/monsborinage\/wp-content\/uploads\/sites\/3\/2025\/03\/Nos-ateliers-deveil-musical-seront-de-retour-pour-la-prochaine-rentree-scolaire-Photoroom-768x542.png 768w, https:\/\/www.jeunessesmusicales.be\/monsborinage\/wp-content\/uploads\/sites\/3\/2025\/03\/Nos-ateliers-deveil-musical-seront-de-retour-pour-la-prochaine-rentree-scolaire-Photoroom-150x105.png 150w\" sizes=\"auto, (max-width: 1280px) 100vw, 1280px\" \/><\/a><\/p>\n<p>&nbsp;<\/p>\n<table class=\" aligncenter\" style=\"height: 158px; width: 41.894%; border-collapse: collapse; background-color: #813df5;\">\n<tbody>\n<tr style=\"height: 71px;\">\n<td style=\"width: 100%; height: 71px;\">\n<h1><span style=\"color: #fafafa;\"><a style=\"color: #fafafa;\" rel=\"fancybox[34]\" href=\"https:\/\/www.jeunessesmusicales.be\/monsborinage\/wp-content\/uploads\/sites\/3\/2026\/04\/Catalogue-scolaire-JM-Mons-Low.pdf\" target=\"_blank\" rel=\"noopener\"><strong>Notre catalogue scolaire de<\/strong><\/a><strong><span style=\"color: #fafafa;\">\u00a0la\u00a0saison 2026-27!<\/span><a href=\"https:\/\/www.jeunessesmusicales.be\/monsborinage\/wp-content\/uploads\/sites\/3\/2026\/04\/Capture_d_ecran_2026-04-27_104415-removebg-preview-e1777280040715.png\" class=\"fancybox\"><img loading=\"lazy\" decoding=\"async\" class=\"wp-image-3876 alignright\" src=\"https:\/\/www.jeunessesmusicales.be\/monsborinage\/wp-content\/uploads\/sites\/3\/2026\/04\/Capture_d_ecran_2026-04-27_104415-removebg-preview-e1777280040715.png\" alt=\"\" width=\"97\" height=\"96\" srcset=\"https:\/\/www.jeunessesmusicales.be\/monsborinage\/wp-content\/uploads\/sites\/3\/2026\/04\/Capture_d_ecran_2026-04-27_104415-removebg-preview-e1777280040715.png 314w, https:\/\/www.jeunessesmusicales.be\/monsborinage\/wp-content\/uploads\/sites\/3\/2026\/04\/Capture_d_ecran_2026-04-27_104415-removebg-preview-e1777280040715-300x294.png 300w, https:\/\/www.jeunessesmusicales.be\/monsborinage\/wp-content\/uploads\/sites\/3\/2026\/04\/Capture_d_ecran_2026-04-27_104415-removebg-preview-e1777280040715-150x150.png 150w, https:\/\/www.jeunessesmusicales.be\/monsborinage\/wp-content\/uploads\/sites\/3\/2026\/04\/Capture_d_ecran_2026-04-27_104415-removebg-preview-e1777280040715-107x105.png 107w, https:\/\/www.jeunessesmusicales.be\/monsborinage\/wp-content\/uploads\/sites\/3\/2026\/04\/Capture_d_ecran_2026-04-27_104415-removebg-preview-e1777280040715-200x200.png 200w\" sizes=\"auto, (max-width: 97px) 100vw, 97px\" \/><\/a><\/strong><\/span><\/h1>\n<\/td>\n<\/tr>\n<\/tbody>\n<\/table>\n<p>&nbsp;<\/p>\n<p>&nbsp;<\/p>\n<h3><span style=\"color: #000000;\"><a style=\"color: #000000;\" rel=\"fancybox[34]\" href=\"https:\/\/www.jeunessesmusicales.be\/monsborinage\/wp-content\/uploads\/sites\/3\/2025\/05\/blue-notification-warning-icon-attention-sms-sign-internet-message-3d-rendering.png\" class=\"fancybox\">\u00a0 \u00a0 \u00a0 \u00a0 <\/a><a style=\"color: #000000;\" rel=\"fancybox[34]\" href=\"https:\/\/www.jeunessesmusicales.be\/monsborinage\/wp-content\/uploads\/sites\/3\/2025\/05\/blue-notification-warning-icon-attention-sms-sign-internet-message-3d-rendering.png\" class=\"fancybox\"><img loading=\"lazy\" decoding=\"async\" class=\"alignnone wp-image-3441\" src=\"https:\/\/www.jeunessesmusicales.be\/monsborinage\/wp-content\/uploads\/sites\/3\/2025\/05\/blue-notification-warning-icon-attention-sms-sign-internet-message-3d-rendering.png\" alt=\"\" width=\"199\" height=\"149\" srcset=\"https:\/\/www.jeunessesmusicales.be\/monsborinage\/wp-content\/uploads\/sites\/3\/2025\/05\/blue-notification-warning-icon-attention-sms-sign-internet-message-3d-rendering.png 1920w, https:\/\/www.jeunessesmusicales.be\/monsborinage\/wp-content\/uploads\/sites\/3\/2025\/05\/blue-notification-warning-icon-attention-sms-sign-internet-message-3d-rendering-300x225.png 300w, https:\/\/www.jeunessesmusicales.be\/monsborinage\/wp-content\/uploads\/sites\/3\/2025\/05\/blue-notification-warning-icon-attention-sms-sign-internet-message-3d-rendering-1024x768.png 1024w, https:\/\/www.jeunessesmusicales.be\/monsborinage\/wp-content\/uploads\/sites\/3\/2025\/05\/blue-notification-warning-icon-attention-sms-sign-internet-message-3d-rendering-768x576.png 768w, https:\/\/www.jeunessesmusicales.be\/monsborinage\/wp-content\/uploads\/sites\/3\/2025\/05\/blue-notification-warning-icon-attention-sms-sign-internet-message-3d-rendering-1536x1152.png 1536w, https:\/\/www.jeunessesmusicales.be\/monsborinage\/wp-content\/uploads\/sites\/3\/2025\/05\/blue-notification-warning-icon-attention-sms-sign-internet-message-3d-rendering-140x105.png 140w\" sizes=\"auto, (max-width: 199px) 100vw, 199px\" \/><\/a><span style=\"color: #2a3deb;\"><strong>Aucune demande ne sera prise par t\u00e9l\u00e9phone<\/strong><\/span><a style=\"color: #000000;\" rel=\"fancybox[34]\" href=\"https:\/\/www.jeunessesmusicales.be\/monsborinage\/wp-content\/uploads\/sites\/3\/2025\/05\/blue-notification-warning-icon-attention-sms-sign-internet-message-3d-rendering.png\" class=\"fancybox\"><img loading=\"lazy\" decoding=\"async\" class=\"alignnone wp-image-3441\" src=\"https:\/\/www.jeunessesmusicales.be\/monsborinage\/wp-content\/uploads\/sites\/3\/2025\/05\/blue-notification-warning-icon-attention-sms-sign-internet-message-3d-rendering.png\" alt=\"\" width=\"199\" height=\"149\" srcset=\"https:\/\/www.jeunessesmusicales.be\/monsborinage\/wp-content\/uploads\/sites\/3\/2025\/05\/blue-notification-warning-icon-attention-sms-sign-internet-message-3d-rendering.png 1920w, https:\/\/www.jeunessesmusicales.be\/monsborinage\/wp-content\/uploads\/sites\/3\/2025\/05\/blue-notification-warning-icon-attention-sms-sign-internet-message-3d-rendering-300x225.png 300w, https:\/\/www.jeunessesmusicales.be\/monsborinage\/wp-content\/uploads\/sites\/3\/2025\/05\/blue-notification-warning-icon-attention-sms-sign-internet-message-3d-rendering-1024x768.png 1024w, https:\/\/www.jeunessesmusicales.be\/monsborinage\/wp-content\/uploads\/sites\/3\/2025\/05\/blue-notification-warning-icon-attention-sms-sign-internet-message-3d-rendering-768x576.png 768w, https:\/\/www.jeunessesmusicales.be\/monsborinage\/wp-content\/uploads\/sites\/3\/2025\/05\/blue-notification-warning-icon-attention-sms-sign-internet-message-3d-rendering-1536x1152.png 1536w, https:\/\/www.jeunessesmusicales.be\/monsborinage\/wp-content\/uploads\/sites\/3\/2025\/05\/blue-notification-warning-icon-attention-sms-sign-internet-message-3d-rendering-140x105.png 140w\" sizes=\"auto, (max-width: 199px) 100vw, 199px\" \/><\/a><\/span><\/h3>\n<table style=\"width: 100%; border-collapse: collapse; background-color: #edc02b;\">\n<tbody>\n<tr>\n<td style=\"width: 100%;\">\n<h4>Pour construire avec vous une programmation fluide, coh\u00e9rente et pleinement adapt\u00e9e \u00e0 votre \u00e9cole, nous vous invitons \u00e0 s\u00e9lectionner d\u00e8s votre demande la p\u00e9riode id\u00e9ale parmi nos 5 cr\u00e9neaux : septembre\/octobre, novembre\/d\u00e9cembre, janvier\/f\u00e9vrier, mars\/avril, mai\/juin.<\/h4>\n<p><strong>Associer un bon Ville \u00e0 chaque atelier, c\u2019est maximiser vos opportunit\u00e9s :<\/strong> plus d\u2019activit\u00e9s pour vos \u00e9l\u00e8ves, un budget optimis\u00e9 et une gestion simplifi\u00e9e. Un vrai levier pour enrichir votre projet !<\/p>\n<p>Pour garantir des interventions de qualit\u00e9 et une organisation optimale sur le terrain, chaque \u00e9cole peut b\u00e9n\u00e9ficier de <strong>deux animations diff\u00e9rentes maximum (maternelle et primaire)<\/strong>.<\/p>\n<p>C\u00f4t\u00e9 maternelles, nous privil\u00e9gions des interventions regroup\u00e9es pour plus d\u2019impact et d\u2019efficacit\u00e9 : <strong>une animation seule (30 min) est donc \u00e0 combiner avec une autre classe, maternelle ou primaire.<\/strong><\/td>\n<\/tr>\n<\/tbody>\n<\/table>\n<p>&nbsp;<\/p>\n<p><a rel=\"fancybox[34]\" href=\"https:\/\/www.jeunessesmusicales.be\/monsborinage\/wp-content\/uploads\/sites\/3\/2026\/04\/Tarifs-et-conditions-ME-2.png\" class=\"fancybox\"><img loading=\"lazy\" decoding=\"async\" class=\"wp-image-3852 alignleft\" src=\"https:\/\/www.jeunessesmusicales.be\/monsborinage\/wp-content\/uploads\/sites\/3\/2026\/04\/Tarifs-et-conditions-ME-2.png\" alt=\"\" width=\"289\" height=\"514\" srcset=\"https:\/\/www.jeunessesmusicales.be\/monsborinage\/wp-content\/uploads\/sites\/3\/2026\/04\/Tarifs-et-conditions-ME-2.png 1080w, https:\/\/www.jeunessesmusicales.be\/monsborinage\/wp-content\/uploads\/sites\/3\/2026\/04\/Tarifs-et-conditions-ME-2-169x300.png 169w, https:\/\/www.jeunessesmusicales.be\/monsborinage\/wp-content\/uploads\/sites\/3\/2026\/04\/Tarifs-et-conditions-ME-2-576x1024.png 576w, https:\/\/www.jeunessesmusicales.be\/monsborinage\/wp-content\/uploads\/sites\/3\/2026\/04\/Tarifs-et-conditions-ME-2-768x1365.png 768w, https:\/\/www.jeunessesmusicales.be\/monsborinage\/wp-content\/uploads\/sites\/3\/2026\/04\/Tarifs-et-conditions-ME-2-864x1536.png 864w, https:\/\/www.jeunessesmusicales.be\/monsborinage\/wp-content\/uploads\/sites\/3\/2026\/04\/Tarifs-et-conditions-ME-2-59x105.png 59w\" sizes=\"auto, (max-width: 289px) 100vw, 289px\" \/><\/a><\/p>\n<p>&nbsp;<\/p>\n<p><span style=\"text-decoration: underline;\"><a style=\"font-size: 20px;\" rel=\"fancybox[34]\" href=\"https:\/\/www.jeunessesmusicales.be\/monsborinage\/wp-content\/uploads\/sites\/3\/2024\/12\/conditions-generales-ateliers-scolaires.png\" class=\"fancybox\"><img loading=\"lazy\" decoding=\"async\" class=\"wp-image-3220 alignnone\" src=\"https:\/\/www.jeunessesmusicales.be\/monsborinage\/wp-content\/uploads\/sites\/3\/2024\/12\/conditions-generales-ateliers-scolaires.png\" alt=\"\" width=\"661\" height=\"467\" srcset=\"https:\/\/www.jeunessesmusicales.be\/monsborinage\/wp-content\/uploads\/sites\/3\/2024\/12\/conditions-generales-ateliers-scolaires.png 2245w, https:\/\/www.jeunessesmusicales.be\/monsborinage\/wp-content\/uploads\/sites\/3\/2024\/12\/conditions-generales-ateliers-scolaires-300x212.png 300w, https:\/\/www.jeunessesmusicales.be\/monsborinage\/wp-content\/uploads\/sites\/3\/2024\/12\/conditions-generales-ateliers-scolaires-1024x724.png 1024w, https:\/\/www.jeunessesmusicales.be\/monsborinage\/wp-content\/uploads\/sites\/3\/2024\/12\/conditions-generales-ateliers-scolaires-768x543.png 768w, https:\/\/www.jeunessesmusicales.be\/monsborinage\/wp-content\/uploads\/sites\/3\/2024\/12\/conditions-generales-ateliers-scolaires-1536x1086.png 1536w, https:\/\/www.jeunessesmusicales.be\/monsborinage\/wp-content\/uploads\/sites\/3\/2024\/12\/conditions-generales-ateliers-scolaires-2048x1448.png 2048w, https:\/\/www.jeunessesmusicales.be\/monsborinage\/wp-content\/uploads\/sites\/3\/2024\/12\/conditions-generales-ateliers-scolaires-150x105.png 150w\" sizes=\"auto, (max-width: 661px) 100vw, 661px\" \/><\/a><\/span><\/p>\n<p>&nbsp;<\/p>\n<p>&nbsp;<\/p>\n<p>&nbsp;<\/p>\n<p><a rel=\"fancybox[34]\" href=\"mailto:c.cornil@jeunessesmusicales.be\" target=\"_blank\" rel=\"noopener\"><img loading=\"lazy\" decoding=\"async\" class=\" wp-image-3790 alignright\" src=\"https:\/\/www.jeunessesmusicales.be\/monsborinage\/wp-content\/uploads\/sites\/3\/2026\/03\/Capture-decran-2026-03-19-150049.png\" alt=\"\" width=\"396\" height=\"198\" \/ class=\"fancybox\" srcset=\"https:\/\/www.jeunessesmusicales.be\/monsborinage\/wp-content\/uploads\/sites\/3\/2026\/03\/Capture-decran-2026-03-19-150049.png 895w, https:\/\/www.jeunessesmusicales.be\/monsborinage\/wp-content\/uploads\/sites\/3\/2026\/03\/Capture-decran-2026-03-19-150049-300x150.png 300w, https:\/\/www.jeunessesmusicales.be\/monsborinage\/wp-content\/uploads\/sites\/3\/2026\/03\/Capture-decran-2026-03-19-150049-768x384.png 768w, https:\/\/www.jeunessesmusicales.be\/monsborinage\/wp-content\/uploads\/sites\/3\/2026\/03\/Capture-decran-2026-03-19-150049-150x75.png 150w\" sizes=\"auto, (max-width: 396px) 100vw, 396px\" \/><\/a><\/p>\n<p><span style=\"text-decoration: underline;\">Conditions de travail indispensables<\/span><\/p>\n<p>La<strong> pr\u00e9sence de l&rsquo;enseignant est \u00e9videmment requise<\/strong> pour des raisons de s\u00e9curit\u00e9. De plus la collaboration de celui-ci permet un prolongement p\u00e9dagogique au sein de la classe pour une meilleure attente des objectifs. Chaque atelier est propos\u00e9 pour une classe de <strong>maximum 25 enfants.<\/strong> L&rsquo;atelier doit se d\u00e9rouler dans un local calme qui permet un \u00e9coute et un travail musical sereins.<\/p>\n<p>&nbsp;<\/p>\n<p>&nbsp;<\/p>\n<p><span style=\"text-decoration: underline;\">Proc\u00e9dure<\/span><\/p>\n<ol>\n<li>Envoi par l\u2019\u00e9cole du bon de commande via notre site web (cf. bouton Commande ici) <strong>de pr\u00e9f\u00e9rence avant fin juillet 2026.<a rel=\"fancybox[34]\" href=\"https:\/\/docs.google.com\/forms\/d\/e\/1FAIpQLSeZZwXNegClVhoz8cah6fZsVBQcu6eERugokgsgbpDsYNw_YA\/viewform?usp=header\" target=\"_blank\" rel=\"noopener\"><img loading=\"lazy\" decoding=\"async\" class=\"wp-image-2910 alignright\" src=\"https:\/\/www.jeunessesmusicales.be\/monsborinage\/wp-content\/uploads\/sites\/3\/2024\/04\/Design-sans-titre-2.png\" alt=\"\" width=\"265\" height=\"265\" \/ class=\"fancybox\" srcset=\"https:\/\/www.jeunessesmusicales.be\/monsborinage\/wp-content\/uploads\/sites\/3\/2024\/04\/Design-sans-titre-2.png 500w, https:\/\/www.jeunessesmusicales.be\/monsborinage\/wp-content\/uploads\/sites\/3\/2024\/04\/Design-sans-titre-2-300x300.png 300w, https:\/\/www.jeunessesmusicales.be\/monsborinage\/wp-content\/uploads\/sites\/3\/2024\/04\/Design-sans-titre-2-150x150.png 150w, https:\/\/www.jeunessesmusicales.be\/monsborinage\/wp-content\/uploads\/sites\/3\/2024\/04\/Design-sans-titre-2-105x105.png 105w, https:\/\/www.jeunessesmusicales.be\/monsborinage\/wp-content\/uploads\/sites\/3\/2024\/04\/Design-sans-titre-2-200x200.png 200w\" sizes=\"auto, (max-width: 265px) 100vw, 265px\" \/><\/a><\/strong><\/li>\n<li>Les J.M prennent contact pour proposer une programmation.<\/li>\n<li>Les J.M. confirment, par l\u2019envoi d\u2019un contrat \u00e0 l\u2019\u00e9cole, la r\u00e9alisation des ateliers demand\u00e9s (dont copie \u00e0 nous retourner pour accord).<\/li>\n<li>R\u00e9alisation des animations.<\/li>\n<li>Facturation (facture envoy\u00e9e par mail sauf contrordre de votre part) apr\u00e8s ex\u00e9cution des animations.<\/li>\n<\/ol>\n<div>\n<p>&nbsp;<\/p>\n<p>&nbsp;<\/p>\n<p>&nbsp;<\/p>\n<h3><\/h3>\n<\/div>\n<h4><span style=\"color: #ebac2f;\"><strong>Charg\u00e9e de Programmation des ateliers: Cornil Camille<\/strong><\/span><\/h4>\n<h4><strong><a href=\"mailto:c.cornil@jeunessesmusicales.be\">c.cornil@jeunessesmusicales.be<\/a> &#8211; 0472 49 75 22<\/strong><\/h4>\n","protected":false},"excerpt":{"rendered":"<p>&nbsp; Notre catalogue scolaire de\u00a0la\u00a0saison 2026-27! &nbsp; &nbsp; \u00a0 \u00a0 \u00a0 \u00a0 Aucune demande ne sera prise par t\u00e9l\u00e9phone Pour &hellip; <a href=\"https:\/\/www.jeunessesmusicales.be\/monsborinage\/ateliers-a-lecole\/\" class=\"more-link\">Continue reading <span class=\"screen-reader-text\">Ateliers \u00e0 l&rsquo;\u00e9cole ou ailleurs<\/span><\/a><\/p>\n","protected":false},"author":3,"featured_media":0,"parent":0,"menu_order":0,"comment_status":"closed","ping_status":"closed","template":"","meta":{"_acf_changed":false,"footnotes":""},"class_list":["post-34","page","type-page","status-publish","hentry"],"acf":[],"_links":{"self":[{"href":"https:\/\/www.jeunessesmusicales.be\/monsborinage\/wp-json\/wp\/v2\/pages\/34","targetHints":{"allow":["GET"]}}],"collection":[{"href":"https:\/\/www.jeunessesmusicales.be\/monsborinage\/wp-json\/wp\/v2\/pages"}],"about":[{"href":"https:\/\/www.jeunessesmusicales.be\/monsborinage\/wp-json\/wp\/v2\/types\/page"}],"author":[{"embeddable":true,"href":"https:\/\/www.jeunessesmusicales.be\/monsborinage\/wp-json\/wp\/v2\/users\/3"}],"replies":[{"embeddable":true,"href":"https:\/\/www.jeunessesmusicales.be\/monsborinage\/wp-json\/wp\/v2\/comments?post=34"}],"version-history":[{"count":98,"href":"https:\/\/www.jeunessesmusicales.be\/monsborinage\/wp-json\/wp\/v2\/pages\/34\/revisions"}],"predecessor-version":[{"id":3909,"href":"https:\/\/www.jeunessesmusicales.be\/monsborinage\/wp-json\/wp\/v2\/pages\/34\/revisions\/3909"}],"wp:attachment":[{"href":"https:\/\/www.jeunessesmusicales.be\/monsborinage\/wp-json\/wp\/v2\/media?parent=34"}],"curies":[{"name":"wp","href":"https:\/\/api.w.org\/{rel}","templated":true}]}}