{"id":3581,"date":"2025-09-23T10:21:22","date_gmt":"2025-09-23T08:21:22","guid":{"rendered":"https:\/\/www.jeunessesmusicales.be\/monsborinage\/?page_id=3581"},"modified":"2026-04-08T14:52:33","modified_gmt":"2026-04-08T12:52:33","slug":"matinees-enchantees","status":"publish","type":"page","link":"https:\/\/www.jeunessesmusicales.be\/monsborinage\/matinees-enchantees\/","title":{"rendered":"&#x2728; Matin\u00e9es Enchant\u00e9es: Un rendez-vous musical pour les tout-petits\u2026"},"content":{"rendered":"<p data-start=\"222\" data-end=\"243\"><strong data-start=\"222\" data-end=\"241\"><a rel=\"fancybox[3581]\" href=\"https:\/\/www.jeunessesmusicales.be\/monsborinage\/wp-content\/uploads\/sites\/3\/2025\/09\/Matinees-Enchantees.png\" class=\"fancybox\"><img loading=\"lazy\" decoding=\"async\" class=\" wp-image-3582 alignleft\" src=\"https:\/\/www.jeunessesmusicales.be\/monsborinage\/wp-content\/uploads\/sites\/3\/2025\/09\/Matinees-Enchantees.png\" alt=\"\" width=\"462\" height=\"462\" srcset=\"https:\/\/www.jeunessesmusicales.be\/monsborinage\/wp-content\/uploads\/sites\/3\/2025\/09\/Matinees-Enchantees.png 1080w, https:\/\/www.jeunessesmusicales.be\/monsborinage\/wp-content\/uploads\/sites\/3\/2025\/09\/Matinees-Enchantees-300x300.png 300w, https:\/\/www.jeunessesmusicales.be\/monsborinage\/wp-content\/uploads\/sites\/3\/2025\/09\/Matinees-Enchantees-1024x1024.png 1024w, https:\/\/www.jeunessesmusicales.be\/monsborinage\/wp-content\/uploads\/sites\/3\/2025\/09\/Matinees-Enchantees-150x150.png 150w, https:\/\/www.jeunessesmusicales.be\/monsborinage\/wp-content\/uploads\/sites\/3\/2025\/09\/Matinees-Enchantees-768x768.png 768w, https:\/\/www.jeunessesmusicales.be\/monsborinage\/wp-content\/uploads\/sites\/3\/2025\/09\/Matinees-Enchantees-105x105.png 105w, https:\/\/www.jeunessesmusicales.be\/monsborinage\/wp-content\/uploads\/sites\/3\/2025\/09\/Matinees-Enchantees-200x200.png 200w\" sizes=\"auto, (max-width: 462px) 100vw, 462px\" \/><\/a>Tous les mardis<\/strong><\/p>\n<ul>\n<li data-start=\"246\" data-end=\"278\"><strong data-start=\"246\" data-end=\"258\">9h \u2013 10h<\/strong> : 6 mois \u2192 1 an \u00bd<\/li>\n<li data-start=\"281\" data-end=\"350\"><strong data-start=\"281\" data-end=\"298\">10h30 \u2013 11h30<\/strong> : 1 an \u00bd \u2192 3 ans<br data-start=\"315\" data-end=\"318\" \/><em data-start=\"318\" data-end=\"348\">(max.14 enfants par groupe; accompagn\u00e9 de leur parent, grand-parent&#8230;)<\/em><\/li>\n<\/ul>\n<p data-start=\"352\" data-end=\"499\">Chantez, jouez, bougez et partagez un moment unique avec votre enfant.<br data-start=\"422\" data-end=\"425\" \/>Au programme : comptines, chansons, jeux musicaux et beaucoup de rires !<a rel=\"fancybox[3581]\" href=\"https:\/\/forms.gle\/DGsvVtfL8StkzvbX7\" target=\"_blank\" rel=\"noopener\"><img loading=\"lazy\" decoding=\"async\" class=\"wp-image-2890 alignright\" src=\"https:\/\/www.jeunessesmusicales.be\/monsborinage\/wp-content\/uploads\/sites\/3\/2024\/04\/Design-sans-titre.png\" alt=\"\" width=\"165\" height=\"165\" \/ class=\"fancybox\" srcset=\"https:\/\/www.jeunessesmusicales.be\/monsborinage\/wp-content\/uploads\/sites\/3\/2024\/04\/Design-sans-titre.png 500w, https:\/\/www.jeunessesmusicales.be\/monsborinage\/wp-content\/uploads\/sites\/3\/2024\/04\/Design-sans-titre-300x300.png 300w, https:\/\/www.jeunessesmusicales.be\/monsborinage\/wp-content\/uploads\/sites\/3\/2024\/04\/Design-sans-titre-150x150.png 150w, https:\/\/www.jeunessesmusicales.be\/monsborinage\/wp-content\/uploads\/sites\/3\/2024\/04\/Design-sans-titre-105x105.png 105w, https:\/\/www.jeunessesmusicales.be\/monsborinage\/wp-content\/uploads\/sites\/3\/2024\/04\/Design-sans-titre-200x200.png 200w\" sizes=\"auto, (max-width: 165px) 100vw, 165px\" \/><\/a><\/p>\n<p data-start=\"352\" data-end=\"499\"><strong>Pourquoi venir ?<\/strong><\/p>\n<p data-start=\"522\" data-end=\"657\">&#x2728;Une bulle de complicit\u00e9 avec votre enfant<br data-start=\"566\" data-end=\"569\" \/>&#x2728;L\u2019\u00e9veil musical d\u00e8s le plus jeune \u00e2ge<br data-start=\"609\" data-end=\"612\" \/>&#x2728;&#x200d;&#x200d;Un moment convivial entre familles<\/p>\n<p data-start=\"522\" data-end=\"657\"><strong>Infos pratiques<\/strong><\/p>\n<ul>\n<li>8\u00a0\u20ac \/ s\u00e9ance par enfant<\/li>\n<li>Abonnement : 10 s\u00e9ances + 1 offerte \u2192 80 \u20ac<\/li>\n<li>Merci de laisser go\u00fbters et GSM de c\u00f4t\u00e9 (eau uniquement).<\/li>\n<\/ul>\n","protected":false},"excerpt":{"rendered":"<p>Tous les mardis 9h \u2013 10h : 6 mois \u2192 1 an \u00bd 10h30 \u2013 11h30 : 1 an \u00bd &hellip; <a href=\"https:\/\/www.jeunessesmusicales.be\/monsborinage\/matinees-enchantees\/\" class=\"more-link\">Continue reading <span class=\"screen-reader-text\">&#x2728; Matin\u00e9es Enchant\u00e9es: Un rendez-vous musical pour les tout-petits\u2026<\/span><\/a><\/p>\n","protected":false},"author":21,"featured_media":0,"parent":0,"menu_order":0,"comment_status":"closed","ping_status":"closed","template":"","meta":{"_acf_changed":false,"footnotes":""},"class_list":["post-3581","page","type-page","status-publish","hentry"],"acf":[],"_links":{"self":[{"href":"https:\/\/www.jeunessesmusicales.be\/monsborinage\/wp-json\/wp\/v2\/pages\/3581","targetHints":{"allow":["GET"]}}],"collection":[{"href":"https:\/\/www.jeunessesmusicales.be\/monsborinage\/wp-json\/wp\/v2\/pages"}],"about":[{"href":"https:\/\/www.jeunessesmusicales.be\/monsborinage\/wp-json\/wp\/v2\/types\/page"}],"author":[{"embeddable":true,"href":"https:\/\/www.jeunessesmusicales.be\/monsborinage\/wp-json\/wp\/v2\/users\/21"}],"replies":[{"embeddable":true,"href":"https:\/\/www.jeunessesmusicales.be\/monsborinage\/wp-json\/wp\/v2\/comments?post=3581"}],"version-history":[{"count":15,"href":"https:\/\/www.jeunessesmusicales.be\/monsborinage\/wp-json\/wp\/v2\/pages\/3581\/revisions"}],"predecessor-version":[{"id":3835,"href":"https:\/\/www.jeunessesmusicales.be\/monsborinage\/wp-json\/wp\/v2\/pages\/3581\/revisions\/3835"}],"wp:attachment":[{"href":"https:\/\/www.jeunessesmusicales.be\/monsborinage\/wp-json\/wp\/v2\/media?parent=3581"}],"curies":[{"name":"wp","href":"https:\/\/api.w.org\/{rel}","templated":true}]}}