{"id":1788,"date":"2018-11-21T14:34:35","date_gmt":"2018-11-21T13:34:35","guid":{"rendered":"https:\/\/www.jeunessesmusicales.be\/namur\/ligny-copy\/"},"modified":"2026-03-02T09:13:25","modified_gmt":"2026-03-02T08:13:25","slug":"sombreffe","status":"publish","type":"page","link":"https:\/\/www.jeunessesmusicales.be\/namur\/ateliers\/sombreffe\/","title":{"rendered":"Ateliers Sombreffe"},"content":{"rendered":"<h3><img loading=\"lazy\" decoding=\"async\" class=\"aligncenter\" src=\"https:\/\/www.jeunessesmusicales.be\/namur\/wp-content\/uploads\/sites\/2\/2025\/06\/Cocci-Kiddy-site-test-copie.jpg\" alt=\"\" width=\"668\" height=\"348\" \/><\/h3>\n<h3>Sessions de mars \u00e0 juin 2026<\/h3>\n<p><strong>Horaire:<\/strong><br \/>\nCoccinote (0-3 ans): de 9h30 \u00e0 10h30 <span style=\"color: #ef3740;\"><strong>COMPLET<\/strong><\/span><br \/>\nCoccinote (0-3 ans): de 10h30 \u00e0 11h30 <span style=\"color: #ef3740;\"><strong>COMPLET, possibilit\u00e9 de s&rsquo;inscrire sur liste d&rsquo;attente<\/strong><\/span><br \/>\nKiddynote (3-6 ans): de 11h30 \u00e0 12h30<br \/>\n<strong>Lieu :<\/strong> Maison de Village de Boign\u00e9e (Place de Boign\u00e9e, 5140 Sombreffe)<br \/>\n<strong>Dates : <\/strong>14\/3, 28\/3, 11\/4, 25\/4, 9\/5, 23\/5, 13\/6, 27\/6<br \/>\n<strong>Prix :<\/strong><span style=\"color: #2d353a;\"> 80\u20ac la session de 8 samedis.<\/span><\/p>\n<h3>Formulaire d&rsquo;inscription<\/h3>\n<p><em>(Le mail de confirmation d\u2019inscription tarde \u00e0 arriver? V\u00e9rifiez si celui-ci ne se trouve pas dans votre courrier ind\u00e9sirable)<\/em><\/p>\n\n<div class=\"wpcf7 no-js\" id=\"wpcf7-f1795-o1\" lang=\"fr-FR\" dir=\"ltr\" data-wpcf7-id=\"1795\">\n<div class=\"screen-reader-response\"><p role=\"status\" aria-live=\"polite\" aria-atomic=\"true\"><\/p> <ul><\/ul><\/div>\n<form action=\"\/namur\/wp-json\/wp\/v2\/pages\/1788#wpcf7-f1795-o1\" method=\"post\" class=\"wpcf7-form init\" aria-label=\"Formulaire de contact\" novalidate=\"novalidate\" data-status=\"init\">\n<fieldset class=\"hidden-fields-container\"><input type=\"hidden\" name=\"_wpcf7\" value=\"1795\" \/><input type=\"hidden\" name=\"_wpcf7_version\" value=\"6.1.5\" \/><input type=\"hidden\" name=\"_wpcf7_locale\" value=\"fr_FR\" \/><input type=\"hidden\" name=\"_wpcf7_unit_tag\" value=\"wpcf7-f1795-o1\" \/><input type=\"hidden\" name=\"_wpcf7_container_post\" value=\"0\" \/><input type=\"hidden\" name=\"_wpcf7_posted_data_hash\" value=\"\" \/><input type=\"hidden\" name=\"_wpcf7_recaptcha_response\" value=\"\" \/>\n<\/fieldset>\n<p><span class=\"wpcf7-form-control-wrap\" data-name=\"select-435\"><select class=\"wpcf7-form-control wpcf7-select\" aria-invalid=\"false\" name=\"select-435\"><option value=\"S25-26\/C2 Ateliers Coccinote (0-3 ans) 10h30 LISTE D&#039;ATTENTE\">S25-26\/C2 Ateliers Coccinote (0-3 ans) 10h30 LISTE D&#039;ATTENTE<\/option><option value=\"S25-26\/K2 Ateliers Kiddynote (3-6 ans) 11h30\">S25-26\/K2 Ateliers Kiddynote (3-6 ans) 11h30<\/option><\/select><\/span>\n<\/p>\n<p>Nom de famille de l'enfant (obligatoire)\n<\/p>\n<p><span class=\"wpcf7-form-control-wrap\" data-name=\"nom\"><input size=\"40\" maxlength=\"400\" class=\"wpcf7-form-control wpcf7-text wpcf7-validates-as-required\" aria-required=\"true\" aria-invalid=\"false\" value=\"\" type=\"text\" name=\"nom\" \/><\/span>\n<\/p>\n<p>Pr\u00e9nom de l'enfant (obligatoire)\n<\/p>\n<p><span class=\"wpcf7-form-control-wrap\" data-name=\"prenom\"><input size=\"40\" maxlength=\"400\" class=\"wpcf7-form-control wpcf7-text wpcf7-validates-as-required\" aria-required=\"true\" aria-invalid=\"false\" value=\"\" type=\"text\" name=\"prenom\" \/><\/span>\n<\/p>\n<p>Date de naissance (obligatoire)\n<\/p>\n<p><span class=\"wpcf7-form-control-wrap\" data-name=\"datedenaissance\"><input size=\"40\" maxlength=\"400\" class=\"wpcf7-form-control wpcf7-text wpcf7-validates-as-required\" aria-required=\"true\" aria-invalid=\"false\" value=\"\" type=\"text\" name=\"datedenaissance\" \/><\/span>\n<\/p>\n<p>Adresse (obligatoire)\n<\/p>\n<p><span class=\"wpcf7-form-control-wrap\" data-name=\"Adresse\"><input size=\"40\" maxlength=\"400\" class=\"wpcf7-form-control wpcf7-text wpcf7-validates-as-required\" aria-required=\"true\" aria-invalid=\"false\" value=\"\" type=\"text\" name=\"Adresse\" \/><\/span>\n<\/p>\n<p>Code postal (obligatoire)\n<\/p>\n<p><span class=\"wpcf7-form-control-wrap\" data-name=\"codepostal\"><input size=\"40\" maxlength=\"400\" class=\"wpcf7-form-control wpcf7-text wpcf7-validates-as-required\" aria-required=\"true\" aria-invalid=\"false\" value=\"\" type=\"text\" name=\"codepostal\" \/><\/span>\n<\/p>\n<p>Ville (obligatoire)\n<\/p>\n<p><span class=\"wpcf7-form-control-wrap\" data-name=\"ville\"><input size=\"40\" maxlength=\"400\" class=\"wpcf7-form-control wpcf7-text wpcf7-validates-as-required\" aria-required=\"true\" aria-invalid=\"false\" value=\"\" type=\"text\" name=\"ville\" \/><\/span>\n<\/p>\n<p>Num\u00e9ro de t\u00e9l\u00e9phone 1 (obligatoire)\n<\/p>\n<p><span class=\"wpcf7-form-control-wrap\" data-name=\"telephone1\"><input size=\"40\" maxlength=\"400\" class=\"wpcf7-form-control wpcf7-text wpcf7-validates-as-required\" aria-required=\"true\" aria-invalid=\"false\" value=\"\" type=\"text\" name=\"telephone1\" \/><\/span>\n<\/p>\n<p>Num\u00e9ro de t\u00e9l\u00e9phone 2\n<\/p>\n<p><span class=\"wpcf7-form-control-wrap\" data-name=\"telephone2\"><input size=\"40\" maxlength=\"400\" class=\"wpcf7-form-control wpcf7-text\" aria-invalid=\"false\" value=\"\" type=\"text\" name=\"telephone2\" \/><\/span>\n<\/p>\n<p>Adresse email (obligatoire)\n<\/p>\n<p><span class=\"wpcf7-form-control-wrap\" data-name=\"email\"><input size=\"40\" maxlength=\"400\" class=\"wpcf7-form-control wpcf7-email wpcf7-validates-as-required wpcf7-text wpcf7-validates-as-email\" aria-required=\"true\" aria-invalid=\"false\" value=\"\" type=\"email\" name=\"email\" \/><\/span>\n<\/p>\n<p><span class=\"wpcf7-form-control-wrap\" data-name=\"politique-conf\"><span class=\"wpcf7-form-control wpcf7-acceptance\"><span class=\"wpcf7-list-item\"><label><input type=\"checkbox\" name=\"politique-conf\" value=\"1\" aria-invalid=\"false\" \/><span class=\"wpcf7-list-item-label\">J'ai lu et j'accepte les <a href=\"https:\/\/jeunessesmusicales.be\/politique-de-confidentialite-jm\/\">politiques de confidentialit\u00e9<\/a><\/span><\/label><\/span><\/span><\/span>\n<\/p>\n<p><input class=\"wpcf7-form-control wpcf7-submit has-spinner\" type=\"submit\" value=\"Envoyer\" \/>\n<\/p><div class=\"wpcf7-response-output\" aria-hidden=\"true\"><\/div>\n<\/form>\n<\/div>\n\n","protected":false},"excerpt":{"rendered":"<p>Sessions de mars \u00e0 juin 2026 Horaire: Coccinote (0-3 ans): de 9h30 \u00e0 10h30 COMPLET Coccinote (0-3 ans): de 10h30 &hellip; <a href=\"https:\/\/www.jeunessesmusicales.be\/namur\/ateliers\/sombreffe\/\" class=\"more-link\">Continue reading <span class=\"screen-reader-text\">Ateliers Sombreffe<\/span><\/a><\/p>\n","protected":false},"author":10,"featured_media":0,"parent":39,"menu_order":0,"comment_status":"closed","ping_status":"closed","template":"","meta":{"_acf_changed":false,"om_disable_all_campaigns":false,"_monsterinsights_skip_tracking":false,"_monsterinsights_sitenote_active":false,"_monsterinsights_sitenote_note":"","_monsterinsights_sitenote_category":0,"footnotes":""},"class_list":["post-1788","page","type-page","status-publish","hentry"],"acf":[],"aioseo_notices":[],"_links":{"self":[{"href":"https:\/\/www.jeunessesmusicales.be\/namur\/wp-json\/wp\/v2\/pages\/1788","targetHints":{"allow":["GET"]}}],"collection":[{"href":"https:\/\/www.jeunessesmusicales.be\/namur\/wp-json\/wp\/v2\/pages"}],"about":[{"href":"https:\/\/www.jeunessesmusicales.be\/namur\/wp-json\/wp\/v2\/types\/page"}],"author":[{"embeddable":true,"href":"https:\/\/www.jeunessesmusicales.be\/namur\/wp-json\/wp\/v2\/users\/10"}],"replies":[{"embeddable":true,"href":"https:\/\/www.jeunessesmusicales.be\/namur\/wp-json\/wp\/v2\/comments?post=1788"}],"version-history":[{"count":113,"href":"https:\/\/www.jeunessesmusicales.be\/namur\/wp-json\/wp\/v2\/pages\/1788\/revisions"}],"predecessor-version":[{"id":4387,"href":"https:\/\/www.jeunessesmusicales.be\/namur\/wp-json\/wp\/v2\/pages\/1788\/revisions\/4387"}],"up":[{"embeddable":true,"href":"https:\/\/www.jeunessesmusicales.be\/namur\/wp-json\/wp\/v2\/pages\/39"}],"wp:attachment":[{"href":"https:\/\/www.jeunessesmusicales.be\/namur\/wp-json\/wp\/v2\/media?parent=1788"}],"curies":[{"name":"wp","href":"https:\/\/api.w.org\/{rel}","templated":true}]}}