{"id":1536,"date":"2019-08-23T14:05:01","date_gmt":"2019-08-23T12:05:01","guid":{"rendered":"https:\/\/www.jeunessesmusicales.be\/walloniepicarde\/?page_id=1536"},"modified":"2019-08-23T14:05:01","modified_gmt":"2019-08-23T12:05:01","slug":"bon-de-commande-modules-ateliers","status":"publish","type":"page","link":"https:\/\/www.jeunessesmusicales.be\/walloniepicarde\/bon-de-commande-modules-ateliers\/","title":{"rendered":"Bon de commande : Modules ateliers"},"content":{"rendered":"\n<div class=\"wpcf7 no-js\" id=\"wpcf7-f1535-o1\" lang=\"fr-FR\" dir=\"ltr\" data-wpcf7-id=\"1535\">\n<div class=\"screen-reader-response\"><p role=\"status\" aria-live=\"polite\" aria-atomic=\"true\"><\/p> <ul><\/ul><\/div>\n<form action=\"\/walloniepicarde\/wp-json\/wp\/v2\/pages\/1536#wpcf7-f1535-o1\" method=\"post\" class=\"wpcf7-form init\" aria-label=\"Formulaire de contact\" novalidate=\"novalidate\" data-status=\"init\">\n<fieldset class=\"hidden-fields-container\"><input type=\"hidden\" name=\"_wpcf7\" value=\"1535\" \/><input type=\"hidden\" name=\"_wpcf7_version\" value=\"6.1.5\" \/><input type=\"hidden\" name=\"_wpcf7_locale\" value=\"fr_FR\" \/><input type=\"hidden\" name=\"_wpcf7_unit_tag\" value=\"wpcf7-f1535-o1\" \/><input type=\"hidden\" name=\"_wpcf7_container_post\" value=\"0\" \/><input type=\"hidden\" name=\"_wpcf7_posted_data_hash\" value=\"\" \/>\n<\/fieldset>\n<p><label> Nom de l'\u00e9tablissement (obligatoire)<br \/>\n<span class=\"wpcf7-form-control-wrap\" data-name=\"nomdeletablissement\"><input size=\"40\" maxlength=\"400\" class=\"wpcf7-form-control wpcf7-text wpcf7-validates-as-required\" aria-required=\"true\" aria-invalid=\"false\" value=\"\" type=\"text\" name=\"nomdeletablissement\" \/><\/span> <\/label>\n<\/p>\n<p><label> Nom de la direction (obligatoire)<br \/>\n<span class=\"wpcf7-form-control-wrap\" data-name=\"nomdeladirection\"><input size=\"40\" maxlength=\"400\" class=\"wpcf7-form-control wpcf7-text wpcf7-validates-as-required\" aria-required=\"true\" aria-invalid=\"false\" value=\"\" type=\"text\" name=\"nomdeladirection\" \/><\/span> <\/label>\n<\/p>\n<p><label> Nom de la personne de contact (obligatoire)<br \/>\n<span class=\"wpcf7-form-control-wrap\" data-name=\"Nomdelapersonnedecontact\"><input size=\"40\" maxlength=\"400\" class=\"wpcf7-form-control wpcf7-text wpcf7-validates-as-required\" aria-required=\"true\" aria-invalid=\"false\" value=\"\" type=\"text\" name=\"Nomdelapersonnedecontact\" \/><\/span> <\/label>\n<\/p>\n<p><label> T\u00e9l\u00e9phone (obligatoire)<br \/>\n<span class=\"wpcf7-form-control-wrap\" data-name=\"Numrodetlphone\"><input size=\"40\" maxlength=\"400\" class=\"wpcf7-form-control wpcf7-text wpcf7-validates-as-required\" aria-required=\"true\" aria-invalid=\"false\" value=\"\" type=\"text\" name=\"Numrodetlphone\" \/><\/span> <\/label>\n<\/p>\n<p><label> Adresse mail (obligatoire)<br \/>\n<span class=\"wpcf7-form-control-wrap\" data-name=\"adressemail\"><input size=\"40\" maxlength=\"400\" class=\"wpcf7-form-control wpcf7-email wpcf7-validates-as-required wpcf7-text wpcf7-validates-as-email\" aria-required=\"true\" aria-invalid=\"false\" value=\"\" type=\"email\" name=\"adressemail\" \/><\/span> <\/label>\n<\/p>\n<p><label> Adresse postale de l'\u00e9cole (obligatoire)<br \/>\n<span class=\"wpcf7-form-control-wrap\" data-name=\"Adresse\"><input size=\"40\" maxlength=\"400\" class=\"wpcf7-form-control wpcf7-text wpcf7-validates-as-required\" aria-required=\"true\" aria-invalid=\"false\" value=\"\" type=\"text\" name=\"Adresse\" \/><\/span> <\/label>\n<\/p>\n<p><label> Code postal (obligatoire)<br \/>\n<span class=\"wpcf7-form-control-wrap\" data-name=\"Codepostal\"><input size=\"40\" maxlength=\"400\" class=\"wpcf7-form-control wpcf7-text wpcf7-validates-as-required\" aria-required=\"true\" aria-invalid=\"false\" value=\"\" type=\"text\" name=\"Codepostal\" \/><\/span> <\/label>\n<\/p>\n<p><label> Ville (obligatoire)<br \/>\n<span class=\"wpcf7-form-control-wrap\" data-name=\"Ville\"><input size=\"40\" maxlength=\"400\" class=\"wpcf7-form-control wpcf7-text wpcf7-validates-as-required\" aria-required=\"true\" aria-invalid=\"false\" value=\"\" type=\"text\" name=\"Ville\" \/><\/span> <\/label>\n<\/p>\n<p><label> Horaire \u00e9cole :<br \/>\nMatin :<br \/>\nde <span class=\"wpcf7-form-control-wrap\" data-name=\"horairecolematinde\"><input size=\"40\" maxlength=\"400\" class=\"wpcf7-form-control wpcf7-text\" aria-invalid=\"false\" value=\"\" type=\"text\" name=\"horairecolematinde\" \/><\/span><br \/>\n\u00e0 <span class=\"wpcf7-form-control-wrap\" data-name=\"horairecolematin\"><input size=\"40\" maxlength=\"400\" class=\"wpcf7-form-control wpcf7-text\" aria-invalid=\"false\" value=\"\" type=\"text\" name=\"horairecolematin\" \/><\/span><br \/>\nApr\u00e8s-midi :<br \/>\nde <span class=\"wpcf7-form-control-wrap\" data-name=\"horairecoleaprsmidide\"><input size=\"40\" maxlength=\"400\" class=\"wpcf7-form-control wpcf7-text\" aria-invalid=\"false\" value=\"\" type=\"text\" name=\"horairecoleaprsmidide\" \/><\/span><br \/>\n\u00e0 <span class=\"wpcf7-form-control-wrap\" data-name=\"horairecoleaprsmidi\"><input size=\"40\" maxlength=\"400\" class=\"wpcf7-form-control wpcf7-text\" aria-invalid=\"false\" value=\"\" type=\"text\" name=\"horairecoleaprsmidi\" \/><\/span><br \/>\n<\/label><label> Jours de cong\u00e9 propres \u00e0 l'\u00e9tablissement (conf\u00e9rence, f\u00eate scolaire,...) :<br \/>\n<span class=\"wpcf7-form-control-wrap\" data-name=\"joursdecong\"><input size=\"40\" maxlength=\"400\" class=\"wpcf7-form-control wpcf7-text\" aria-invalid=\"false\" value=\"\" type=\"text\" name=\"joursdecong\" \/><\/span><br \/>\n<\/label><label> Jours \u00e0 \u00e9viter :<br \/>\n<span class=\"wpcf7-form-control-wrap\" data-name=\"joursviter\"><input size=\"40\" maxlength=\"400\" class=\"wpcf7-form-control wpcf7-text\" aria-invalid=\"false\" value=\"\" type=\"text\" name=\"joursviter\" \/><\/span><br \/>\nPour r\u00e9server un module il faut un minimum de deux classes participantes donc deux modules et un maximum de 25 enfants par classe. Vous pouvez choisir ces modules sous r\u00e9serve d'acceptation.<br \/>\n<\/label><label>Choix du Module Classe 1 (obligatoire)<br \/>\nAnn\u00e9e de la classe (M1 \u00e0 P6)<br \/>\n<span class=\"wpcf7-form-control-wrap\" data-name=\"Annedelaclasse1\"><input size=\"40\" maxlength=\"400\" class=\"wpcf7-form-control wpcf7-text wpcf7-validates-as-required\" aria-required=\"true\" aria-invalid=\"false\" value=\"\" type=\"text\" name=\"Annedelaclasse1\" \/><\/span><br \/>\nNombre d'\u00e9l\u00e8ves dans la classe<br \/>\n<span class=\"wpcf7-form-control-wrap\" data-name=\"Nombredlveclasse1\"><input size=\"40\" maxlength=\"400\" class=\"wpcf7-form-control wpcf7-text wpcf7-validates-as-required\" aria-required=\"true\" aria-invalid=\"false\" value=\"\" type=\"text\" name=\"Nombredlveclasse1\" \/><\/span><br \/>\n[checkbox Choixdumoduleclasse1 label_first use_label_element exclusive \n\"MODULE 1 : \u00c9veil musical (Acc \u00e0 P6)\" \n\"MODULE 2 : Histoire \u00e0 bruiter (M1 \u00e0 M3)\" \n\"MODULE 3 : L'\u00e9cologie (M1 \u00e0 P2)\" \n\"MODULE 4 : \u00c9motions (M1 \u00e0 P2)\" \n\"MODULE 5 : M\u00e9lodies des mots (M3 \u00e0 P2)\" \n\"MODULE 6 : Tour du monde (M1 \u00e0 P6)\" \n\"MODULE 7 : Vibrez avec la danse (M1 \u00e0 P6)\"\n\"MODULE 8 : Rythmes en \u00e9veil (M2 \u00e0 P6)\"\n\"MODULE 9 : Vers de nouvelles m\u00e9lodies (P1 \u00e0 P6)\" \n\"MODULE 10 : Styles de musiques (P1 \u00e0 P6)\" \n\"MODULE 11 : F\u00eate scolaire (M1 \u00e0 P6)\" \n\n<label>Choix du Module Classe 2 (obligatoire)\nAnn\u00e9e de la classe (M1 \u00e0 P6)\n[text* Annedelaclasse2]<br \/>\nNombre d'\u00e9l\u00e8ves dans la classe :<br \/>\n<span class=\"wpcf7-form-control-wrap\" data-name=\"Nombredlveclasse2\"><input size=\"40\" maxlength=\"400\" class=\"wpcf7-form-control wpcf7-text wpcf7-validates-as-required\" aria-required=\"true\" aria-invalid=\"false\" value=\"\" type=\"text\" name=\"Nombredlveclasse2\" \/><\/span><br \/>\n[checkbox Choixdumoduleclasse2 label_first use_label_element exclusive \n\"MODULE 1 : \u00c9veil musical (Acc \u00e0 P6)\" \n\"MODULE 2 : Histoire \u00e0 bruiter (M1 \u00e0 M3)\" \n\"MODULE 3 : L'\u00e9cologie (M1 \u00e0 P2)\" \n\"MODULE 4 : \u00c9motions (M1 \u00e0 P2)\" \n\"MODULE 5 : M\u00e9lodies des mots (M3 \u00e0 P2)\" \n\"MODULE 6 : Tour du monde (M1 \u00e0 P6)\" \n\"MODULE 7 : Vibrez avec la danse (M1 \u00e0 P6)\"\n\"MODULE 8 : Rythmes en \u00e9veil (M2 \u00e0 P6)\"\n\"MODULE 9 : Vers de nouvelles m\u00e9lodies (P1 \u00e0 P6)\" \n\"MODULE 10 : Styles de musiques (P1 \u00e0 P6)\" \n\"MODULE 11 : F\u00eate scolaire (M1 \u00e0 P6)\" \n\n<label>Choix du Module Classe 3\nAnn\u00e9e de la classe (M1 \u00e0 P6)\n[text Annedelaclasse3]<br \/>\nNombre d'\u00e9l\u00e8ves dans la classe :<br \/>\n<span class=\"wpcf7-form-control-wrap\" data-name=\"Nombredlveclasse3\"><input size=\"40\" maxlength=\"400\" class=\"wpcf7-form-control wpcf7-text\" aria-invalid=\"false\" value=\"\" type=\"text\" name=\"Nombredlveclasse3\" \/><\/span><br \/>\n[checkbox Choixdumoduleclasse3 label_first use_label_element exclusive \n\"MODULE 1 : \u00c9veil musical (Acc \u00e0 P6)\" \n\"MODULE 2 : Histoire \u00e0 bruiter (M1 \u00e0 M3)\" \n\"MODULE 3 : L'\u00e9cologie (M1 \u00e0 P2)\" \n\"MODULE 4 : \u00c9motions (M1 \u00e0 P2)\" \n\"MODULE 5 : M\u00e9lodies des mots (M3 \u00e0 P2)\" \n\"MODULE 6 : Tour du monde (M1 \u00e0 P6)\" \n\"MODULE 7 : Vibrez avec la danse (M1 \u00e0 P6)\"\n\"MODULE 8 : Rythmes en \u00e9veil (M2 \u00e0 P6)\"\n\"MODULE 9 : Vers de nouvelles m\u00e9lodies (P1 \u00e0 P6)\" \n\"MODULE 10 : Styles de musiques (P1 \u00e0 P6)\" \n\"MODULE 11 : F\u00eate scolaire (M1 \u00e0 P6)\" \n\n<label>Choix du Module Classe 4\nAnn\u00e9e de la classe (M1 \u00e0 P6)\n[text Annedelaclasse4]<br \/>\nNombre d'\u00e9l\u00e8ves dans la classe :<br \/>\n<span class=\"wpcf7-form-control-wrap\" data-name=\"Nombredlveclasse4\"><input size=\"40\" maxlength=\"400\" class=\"wpcf7-form-control wpcf7-text\" aria-invalid=\"false\" value=\"\" type=\"text\" name=\"Nombredlveclasse4\" \/><\/span><br \/>\n[checkbox Choixdumoduleclasse4 label_first use_label_element exclusive \n\"MODULE 1 : \u00c9veil musical (Acc \u00e0 P6)\" \n\"MODULE 2 : Histoire \u00e0 bruiter (M1 \u00e0 M3)\" \n\"MODULE 3 : L'\u00e9cologie (M1 \u00e0 P2)\" \n\"MODULE 4 : \u00c9motions (M1 \u00e0 P2)\" \n\"MODULE 5 : M\u00e9lodies des mots (M3 \u00e0 P2)\" \n\"MODULE 6 : Tour du monde (M1 \u00e0 P6)\" \n\"MODULE 7 : Vibrez avec la danse (M1 \u00e0 P6)\"\n\"MODULE 8 : Rythmes en \u00e9veil (M2 \u00e0 P6)\"\n\"MODULE 9 : Vers de nouvelles m\u00e9lodies (P1 \u00e0 P6)\" \n\"MODULE 10 : Styles de musiques (P1 \u00e0 P6)\" \n\"MODULE 11 : F\u00eate scolaire (M1 \u00e0 P6)\" \n\nSouhaitez-vous des modules suppl\u00e9mentaires ?\n[checkbox* modulessupplmentaires label_first use_label_element \"Oui\" \"Non\"]<br \/>\nRemarques :<br \/>\n<span class=\"wpcf7-form-control-wrap\" data-name=\"Remarque\"><textarea cols=\"40\" rows=\"10\" maxlength=\"2000\" class=\"wpcf7-form-control wpcf7-textarea\" aria-invalid=\"false\" name=\"Remarque\"><\/textarea><\/span><br \/>\n<input class=\"wpcf7-form-control wpcf7-submit has-spinner\" type=\"submit\" value=\"Envoyer\" \/><\/label>\n<\/p><div class=\"wpcf7-response-output\" aria-hidden=\"true\"><\/div>\n<\/form>\n<\/div>\n\n","protected":false},"excerpt":{"rendered":"","protected":false},"author":15,"featured_media":0,"parent":0,"menu_order":0,"comment_status":"closed","ping_status":"closed","template":"","meta":{"_acf_changed":false,"footnotes":""},"class_list":["post-1536","page","type-page","status-publish","hentry"],"acf":[],"_links":{"self":[{"href":"https:\/\/www.jeunessesmusicales.be\/walloniepicarde\/wp-json\/wp\/v2\/pages\/1536","targetHints":{"allow":["GET"]}}],"collection":[{"href":"https:\/\/www.jeunessesmusicales.be\/walloniepicarde\/wp-json\/wp\/v2\/pages"}],"about":[{"href":"https:\/\/www.jeunessesmusicales.be\/walloniepicarde\/wp-json\/wp\/v2\/types\/page"}],"author":[{"embeddable":true,"href":"https:\/\/www.jeunessesmusicales.be\/walloniepicarde\/wp-json\/wp\/v2\/users\/15"}],"replies":[{"embeddable":true,"href":"https:\/\/www.jeunessesmusicales.be\/walloniepicarde\/wp-json\/wp\/v2\/comments?post=1536"}],"version-history":[{"count":2,"href":"https:\/\/www.jeunessesmusicales.be\/walloniepicarde\/wp-json\/wp\/v2\/pages\/1536\/revisions"}],"predecessor-version":[{"id":1540,"href":"https:\/\/www.jeunessesmusicales.be\/walloniepicarde\/wp-json\/wp\/v2\/pages\/1536\/revisions\/1540"}],"wp:attachment":[{"href":"https:\/\/www.jeunessesmusicales.be\/walloniepicarde\/wp-json\/wp\/v2\/media?parent=1536"}],"curies":[{"name":"wp","href":"https:\/\/api.w.org\/{rel}","templated":true}]}}