{"id":40,"date":"2015-11-03T14:43:57","date_gmt":"2015-11-03T13:43:57","guid":{"rendered":"http:\/\/www.jeunessesmusicales.be\/walloniepicarde\/?page_id=40"},"modified":"2025-07-10T12:31:57","modified_gmt":"2025-07-10T10:31:57","slug":"activites-tous-publics","status":"publish","type":"page","link":"https:\/\/www.jeunessesmusicales.be\/walloniepicarde\/activites-tous-publics\/","title":{"rendered":"Activit\u00e9s tous publics"},"content":{"rendered":"<div class=\"page\" title=\"Page 2\">\n<div class=\"section\">\n<div class=\"layoutArea\">\n<div class=\"column\">\n<p style=\"text-align: center;\">Une nouvelle saison s\u2019ouvre \u00e0 vous !<\/p>\n<p style=\"text-align: center;\">Laissez-vous surprendre par nos stages de vacances aux nouvelles th\u00e9matiques, nos ateliers musicaux hebdomadaires et nos spectacles.<\/p>\n<p style=\"text-align: center;\">\u201cL\u2019Orchestre \u00e0 la Port\u00e9e des enfants\u201d s\u2019invite en Wallonie picarde avec l\u2019oeuvre du \u201cPeter-Pan\u201d \u00e0 d\u00e9couvrir en famille.<\/p>\n<p style=\"text-align: center;\">Pour sa seizi\u00e8me \u00e9dition, au sein des centres culturels de la r\u00e9gion, le Wapi Kids Festival vous convie \u00e0 7 apr\u00e8s-midi r\u00e9cr\u00e9atives ponctu\u00e9es d\u2019animations musicales pour les enfants, culturelles pour les parents, d\u2019un go\u00fbter et d\u2019un spectacle !<\/p>\n<p style=\"text-align: center;\">Rejoignez-nous dans une ambiance festive, conviviale et familiale pour f\u00eater la musique, sans laquelle, comme disait si bien Nietzsche, la vie serait une erreur, une fatigue, un exil.<\/p>\n<p style=\"text-align: center;\">Nous sommes heureux de partager avec vous un programme ludique, p\u00e9dagogique, avec autant de plaisir pour petits et grands.<\/p>\n<p style=\"text-align: center;\">L\u2019\u00e9quipe des Jeunesses Musicales de Wallonie picarde.<\/p>\n<\/div>\n<\/div>\n<\/div>\n<\/div>\n<p style=\"text-align: center;\"><a href=\"https:\/\/www.jeunessesmusicales.be\/walloniepicarde\/wp-content\/uploads\/sites\/9\/2025\/07\/Programme_2526.pdf\">Consultez notre brochure en ligne<\/a><\/p>\n","protected":false},"excerpt":{"rendered":"<p>Une nouvelle saison s\u2019ouvre \u00e0 vous ! Laissez-vous surprendre par nos stages de vacances aux nouvelles th\u00e9matiques, nos ateliers musicaux &hellip; <a href=\"https:\/\/www.jeunessesmusicales.be\/walloniepicarde\/activites-tous-publics\/\" class=\"more-link\">Continue reading <span class=\"screen-reader-text\">Activit\u00e9s tous publics<\/span><\/a><\/p>\n","protected":false},"author":3,"featured_media":0,"parent":0,"menu_order":0,"comment_status":"closed","ping_status":"closed","template":"","meta":{"_acf_changed":false,"footnotes":""},"class_list":["post-40","page","type-page","status-publish","hentry"],"acf":[],"_links":{"self":[{"href":"https:\/\/www.jeunessesmusicales.be\/walloniepicarde\/wp-json\/wp\/v2\/pages\/40","targetHints":{"allow":["GET"]}}],"collection":[{"href":"https:\/\/www.jeunessesmusicales.be\/walloniepicarde\/wp-json\/wp\/v2\/pages"}],"about":[{"href":"https:\/\/www.jeunessesmusicales.be\/walloniepicarde\/wp-json\/wp\/v2\/types\/page"}],"author":[{"embeddable":true,"href":"https:\/\/www.jeunessesmusicales.be\/walloniepicarde\/wp-json\/wp\/v2\/users\/3"}],"replies":[{"embeddable":true,"href":"https:\/\/www.jeunessesmusicales.be\/walloniepicarde\/wp-json\/wp\/v2\/comments?post=40"}],"version-history":[{"count":6,"href":"https:\/\/www.jeunessesmusicales.be\/walloniepicarde\/wp-json\/wp\/v2\/pages\/40\/revisions"}],"predecessor-version":[{"id":2910,"href":"https:\/\/www.jeunessesmusicales.be\/walloniepicarde\/wp-json\/wp\/v2\/pages\/40\/revisions\/2910"}],"wp:attachment":[{"href":"https:\/\/www.jeunessesmusicales.be\/walloniepicarde\/wp-json\/wp\/v2\/media?parent=40"}],"curies":[{"name":"wp","href":"https:\/\/api.w.org\/{rel}","templated":true}]}}